D7net
Home
Console
Upload
information
Create File
Create Folder
About
Tools
:
/
proc
/
thread-self
/
root
/
proc
/
thread-self
/
root
/
proc
/
self
/
root
/
home
/
dateitor
/
access-logs
/
Filename :
dateitor.com
back
Copy
66.249.66.68 - - [20/Jun/2026:12:25:18 +0000] "GET /public/index.php?viewfile=//lib64/python3.9/distutils/command/install.py&path=//lib64/python3.9/distutils/command HTTP/1.1" 200 22636 "-" "Mozilla/5.0 (Linux; Android 6.0.1; Nexus 5X Build/MMB29P) AppleWebKit/537.36 (KHTML, like Gecko) Chrome/148.0.7778.96 Mobile Safari/537.36 (compatible; GoogleOther)"
66.249.66.68 - - [20/Jun/2026:12:27:12 +0000] "GET /public/index.php?viewfile=//lib64/python3.9/distutils/command/register.py&path=//lib64/python3.9/distutils/command HTTP/1.1" 200 22631 "-" "Mozilla/5.0 (Linux; Android 6.0.1; Nexus 5X Build/MMB29P) AppleWebKit/537.36 (KHTML, like Gecko) Chrome/148.0.7778.96 Mobile Safari/537.36 (compatible; GoogleOther)"
66.249.66.67 - - [20/Jun/2026:12:29:45 +0000] "GET /public/index.php?viewfile=//lib64/python3.9/lib2to3/fixes/fix_set_literal.py&path=//lib64/python3.9/lib2to3/fixes HTTP/1.1" 200 22638 "-" "Mozilla/5.0 (Linux; Android 6.0.1; Nexus 5X Build/MMB29P) AppleWebKit/537.36 (KHTML, like Gecko) Chrome/148.0.7778.96 Mobile Safari/537.36 (compatible; GoogleOther)"
66.249.66.68 - - [20/Jun/2026:13:08:59 +0000] "GET /public/index.php?viewfile=//lib64/python3.9/lib2to3/fixes/fix_future.py&path=//lib64/python3.9/lib2to3/fixes HTTP/1.1" 200 22639 "-" "Mozilla/5.0 (Linux; Android 6.0.1; Nexus 5X Build/MMB29P) AppleWebKit/537.36 (KHTML, like Gecko) Chrome/148.0.7778.96 Mobile Safari/537.36 (compatible; GoogleOther)"
66.249.66.66 - - [20/Jun/2026:13:09:43 +0000] "GET /assets/js/front-third-party.js?id=f8c5e3b133a546fe08b854f8a7b2ee6c HTTP/1.1" 200 906779 "http://dateitor.com/public/index.php?viewfile=//lib64/python3.9/lib2to3/fixes/fix_future.py&path=//lib64/python3.9/lib2to3/fixes" "Mozilla/5.0 (Linux; Android 6.0.1; Nexus 5X Build/MMB29P) AppleWebKit/537.36 (KHTML, like Gecko) Chrome/148.0.7778.96 Mobile Safari/537.36 (compatible; GoogleOther)"
66.249.66.67 - - [20/Jun/2026:13:09:45 +0000] "GET /public/assets/js/third-party.js HTTP/1.1" 200 1154803 "http://dateitor.com/public/index.php?viewfile=//lib64/python3.9/lib2to3/fixes/fix_future.py&path=//lib64/python3.9/lib2to3/fixes" "Mozilla/5.0 (Linux; Android 6.0.1; Nexus 5X Build/MMB29P) AppleWebKit/537.36 (KHTML, like Gecko) Chrome/148.0.7778.96 Mobile Safari/537.36 (compatible; GoogleOther)"
66.249.66.66 - - [20/Jun/2026:13:09:47 +0000] "GET /public/assets/css/third-party.css HTTP/1.1" 200 60317 "http://dateitor.com/public/index.php?viewfile=//lib64/python3.9/lib2to3/fixes/fix_future.py&path=//lib64/python3.9/lib2to3/fixes" "Mozilla/5.0 (Linux; Android 6.0.1; Nexus 5X Build/MMB29P) AppleWebKit/537.36 (KHTML, like Gecko) Chrome/148.0.7778.96 Mobile Safari/537.36 (compatible; GoogleOther)"
66.249.66.67 - - [20/Jun/2026:13:11:53 +0000] "GET /public/index.php?viewfile=//lib64/python3.9/email/mime/__pycache__/multipart.cpython-39.opt-2.pyc&path=//lib64/python3.9/email/mime/__pycache__ HTTP/1.1" 200 22635 "-" "Mozilla/5.0 (Linux; Android 6.0.1; Nexus 5X Build/MMB29P) AppleWebKit/537.36 (KHTML, like Gecko) Chrome/148.0.7778.96 Mobile Safari/537.36 (compatible; GoogleOther)"
66.249.66.67 - - [20/Jun/2026:13:12:22 +0000] "GET /assets/js/front-third-party.js?id=f8c5e3b133a546fe08b854f8a7b2ee6c HTTP/1.1" 200 872345 "http://dateitor.com/public/index.php?viewfile=//lib64/python3.9/email/mime/__pycache__/multipart.cpython-39.opt-2.pyc&path=//lib64/python3.9/email/mime/__pycache__" "Mozilla/5.0 (Linux; Android 6.0.1; Nexus 5X Build/MMB29P) AppleWebKit/537.36 (KHTML, like Gecko) Chrome/148.0.7778.96 Mobile Safari/537.36 (compatible; GoogleOther)"
66.249.66.67 - - [20/Jun/2026:13:12:25 +0000] "GET /public/assets/js/third-party.js HTTP/1.1" 200 1105158 "http://dateitor.com/public/index.php?viewfile=//lib64/python3.9/email/mime/__pycache__/multipart.cpython-39.opt-2.pyc&path=//lib64/python3.9/email/mime/__pycache__" "Mozilla/5.0 (Linux; Android 6.0.1; Nexus 5X Build/MMB29P) AppleWebKit/537.36 (KHTML, like Gecko) Chrome/148.0.7778.96 Mobile Safari/537.36 (compatible; GoogleOther)"
66.249.66.67 - - [20/Jun/2026:13:13:49 +0000] "GET /public/index.php?viewfile=//lib64/python3.9/lib2to3/fixes/fix_buffer.py&path=//lib64/python3.9/lib2to3/fixes HTTP/1.1" 200 22631 "-" "Mozilla/5.0 (Linux; Android 6.0.1; Nexus 5X Build/MMB29P) AppleWebKit/537.36 (KHTML, like Gecko) Chrome/148.0.7778.96 Mobile Safari/537.36 (compatible; GoogleOther)"
66.249.66.67 - - [20/Jun/2026:13:16:18 +0000] "GET /public/index.php?viewfile=//lib64/python3.9/lib2to3/fixes/fix_execfile.py&path=//lib64/python3.9/lib2to3/fixes HTTP/1.1" 200 22632 "-" "Mozilla/5.0 (Linux; Android 6.0.1; Nexus 5X Build/MMB29P) AppleWebKit/537.36 (KHTML, like Gecko) Chrome/148.0.7778.96 Mobile Safari/537.36 (compatible; GoogleOther)"
66.249.66.66 - - [20/Jun/2026:13:16:46 +0000] "GET /public/assets/css/new_home/bootstrap.min.css HTTP/1.1" 200 21225 "http://dateitor.com/public/index.php?viewfile=//lib64/python3.9/lib2to3/fixes/fix_execfile.py&path=//lib64/python3.9/lib2to3/fixes" "Mozilla/5.0 (Linux; Android 6.0.1; Nexus 5X Build/MMB29P) AppleWebKit/537.36 (KHTML, like Gecko) Chrome/148.0.7778.96 Mobile Safari/537.36 (compatible; GoogleOther)"
66.249.66.67 - - [20/Jun/2026:13:16:47 +0000] "GET /public/assets/css/third-party.css HTTP/1.1" 200 60317 "http://dateitor.com/public/index.php?viewfile=//lib64/python3.9/lib2to3/fixes/fix_execfile.py&path=//lib64/python3.9/lib2to3/fixes" "Mozilla/5.0 (Linux; Android 6.0.1; Nexus 5X Build/MMB29P) AppleWebKit/537.36 (KHTML, like Gecko) Chrome/148.0.7778.96 Mobile Safari/537.36 (compatible; GoogleOther)"
66.249.66.66 - - [20/Jun/2026:13:16:47 +0000] "GET /public/assets/js/third-party.js HTTP/1.1" 200 1105158 "http://dateitor.com/public/index.php?viewfile=//lib64/python3.9/lib2to3/fixes/fix_execfile.py&path=//lib64/python3.9/lib2to3/fixes" "Mozilla/5.0 (Linux; Android 6.0.1; Nexus 5X Build/MMB29P) AppleWebKit/537.36 (KHTML, like Gecko) Chrome/148.0.7778.96 Mobile Safari/537.36 (compatible; GoogleOther)"
66.249.66.67 - - [20/Jun/2026:13:16:48 +0000] "GET /assets/js/custom/custom.js?id=982f0ac7f5bc9695f6c8d525022268d0 HTTP/1.1" 200 17652 "http://dateitor.com/public/index.php?viewfile=//lib64/python3.9/lib2to3/fixes/fix_execfile.py&path=//lib64/python3.9/lib2to3/fixes" "Mozilla/5.0 (Linux; Android 6.0.1; Nexus 5X Build/MMB29P) AppleWebKit/537.36 (KHTML, like Gecko) Chrome/148.0.7778.96 Mobile Safari/537.36 (compatible; GoogleOther)"
66.249.66.66 - - [20/Jun/2026:13:16:48 +0000] "GET /assets/js/front-third-party.js?id=f8c5e3b133a546fe08b854f8a7b2ee6c HTTP/1.1" 200 872345 "http://dateitor.com/public/index.php?viewfile=//lib64/python3.9/lib2to3/fixes/fix_execfile.py&path=//lib64/python3.9/lib2to3/fixes" "Mozilla/5.0 (Linux; Android 6.0.1; Nexus 5X Build/MMB29P) AppleWebKit/537.36 (KHTML, like Gecko) Chrome/148.0.7778.96 Mobile Safari/537.36 (compatible; GoogleOther)"
66.249.66.67 - - [20/Jun/2026:13:16:49 +0000] "GET /assets/js/front-pages.js?id=52e36794b0bb518203bed8fce338100a HTTP/1.1" 200 43456 "http://dateitor.com/public/index.php?viewfile=//lib64/python3.9/lib2to3/fixes/fix_execfile.py&path=//lib64/python3.9/lib2to3/fixes" "Mozilla/5.0 (Linux; Android 6.0.1; Nexus 5X Build/MMB29P) AppleWebKit/537.36 (KHTML, like Gecko) Chrome/148.0.7778.96 Mobile Safari/537.36 (compatible; GoogleOther)"
66.249.66.67 - - [20/Jun/2026:13:16:50 +0000] "GET /assets/js/custom/helpers.js?id=5618b56aa372a0595d29c11d4120b071 HTTP/1.1" 200 265 "http://dateitor.com/public/index.php?viewfile=//lib64/python3.9/lib2to3/fixes/fix_execfile.py&path=//lib64/python3.9/lib2to3/fixes" "Mozilla/5.0 (Linux; Android 6.0.1; Nexus 5X Build/MMB29P) AppleWebKit/537.36 (KHTML, like Gecko) Chrome/148.0.7778.96 Mobile Safari/537.36 (compatible; GoogleOther)"
66.249.66.66 - - [20/Jun/2026:13:16:50 +0000] "GET /public/assets/img/LanguageImage/arabic.svg HTTP/1.1" 200 160 "http://dateitor.com/public/index.php?viewfile=//lib64/python3.9/lib2to3/fixes/fix_execfile.py&path=//lib64/python3.9/lib2to3/fixes" "Mozilla/5.0 (Linux; Android 6.0.1; Nexus 5X Build/MMB29P) AppleWebKit/537.36 (KHTML, like Gecko) Chrome/148.0.7778.96 Mobile Safari/537.36 (compatible; GoogleOther)"
66.249.66.68 - - [20/Jun/2026:13:24:17 +0000] "GET /public/index.php?viewfile=//lib64/python3.9/lib2to3/fixes/fix_dict.py&path=//lib64/python3.9/lib2to3/fixes HTTP/1.1" 200 22632 "-" "Mozilla/5.0 (Linux; Android 6.0.1; Nexus 5X Build/MMB29P) AppleWebKit/537.36 (KHTML, like Gecko) Chrome/148.0.7778.96 Mobile Safari/537.36 (compatible; GoogleOther)"
66.249.66.169 - - [20/Jun/2026:13:25:01 +0000] "GET /assets/js/front-third-party.js?id=f8c5e3b133a546fe08b854f8a7b2ee6c HTTP/1.1" 200 872345 "http://dateitor.com/public/index.php?viewfile=//lib64/python3.9/lib2to3/fixes/fix_dict.py&path=//lib64/python3.9/lib2to3/fixes" "Mozilla/5.0 (Linux; Android 6.0.1; Nexus 5X Build/MMB29P) AppleWebKit/537.36 (KHTML, like Gecko) Chrome/148.0.7778.96 Mobile Safari/537.36 (compatible; GoogleOther)"
66.249.66.4 - - [20/Jun/2026:13:25:03 +0000] "GET /public/assets/js/third-party.js HTTP/1.1" 200 1105158 "http://dateitor.com/public/index.php?viewfile=//lib64/python3.9/lib2to3/fixes/fix_dict.py&path=//lib64/python3.9/lib2to3/fixes" "Mozilla/5.0 (Linux; Android 6.0.1; Nexus 5X Build/MMB29P) AppleWebKit/537.36 (KHTML, like Gecko) Chrome/148.0.7778.96 Mobile Safari/537.36 (compatible; GoogleOther)"
66.249.66.39 - - [20/Jun/2026:13:25:04 +0000] "GET /assets/css/new_home/layout.css?id=5da61cb2ab2c33e2d854f5e527530146 HTTP/1.1" 200 885 "http://dateitor.com/public/index.php?viewfile=//lib64/python3.9/lib2to3/fixes/fix_dict.py&path=//lib64/python3.9/lib2to3/fixes" "Mozilla/5.0 (Linux; Android 6.0.1; Nexus 5X Build/MMB29P) AppleWebKit/537.36 (KHTML, like Gecko) Chrome/148.0.7778.96 Mobile Safari/537.36 (compatible; GoogleOther)"
66.249.66.68 - - [20/Jun/2026:13:26:59 +0000] "GET /public/index.php?viewfile=//lib64/python3.9/email/mime/__pycache__/application.cpython-39.opt-1.pyc&path=//lib64/python3.9/email/mime/__pycache__ HTTP/1.1" 200 22631 "-" "Mozilla/5.0 (Linux; Android 6.0.1; Nexus 5X Build/MMB29P) AppleWebKit/537.36 (KHTML, like Gecko) Chrome/148.0.7778.96 Mobile Safari/537.36 (compatible; GoogleOther)"
66.249.66.67 - - [20/Jun/2026:13:31:32 +0000] "GET /public/index.php?viewfile=//lib64/python3.9/lib2to3/fixes/fix_ws_comma.py&path=//lib64/python3.9/lib2to3/fixes HTTP/1.1" 200 22633 "-" "Mozilla/5.0 (Linux; Android 6.0.1; Nexus 5X Build/MMB29P) AppleWebKit/537.36 (KHTML, like Gecko) Chrome/148.0.7778.96 Mobile Safari/537.36 (compatible; GoogleOther)"
66.249.66.66 - - [20/Jun/2026:13:32:07 +0000] "GET /public/assets/js/third-party.js HTTP/1.1" 200 1105158 "http://dateitor.com/public/index.php?viewfile=//lib64/python3.9/lib2to3/fixes/fix_ws_comma.py&path=//lib64/python3.9/lib2to3/fixes" "Mozilla/5.0 (Linux; Android 6.0.1; Nexus 5X Build/MMB29P) AppleWebKit/537.36 (KHTML, like Gecko) Chrome/148.0.7778.96 Mobile Safari/537.36 (compatible; GoogleOther)"
66.249.66.40 - - [20/Jun/2026:13:32:09 +0000] "GET /assets/js/front-third-party.js?id=f8c5e3b133a546fe08b854f8a7b2ee6c HTTP/1.1" 200 872345 "http://dateitor.com/public/index.php?viewfile=//lib64/python3.9/lib2to3/fixes/fix_ws_comma.py&path=//lib64/python3.9/lib2to3/fixes" "Mozilla/5.0 (Linux; Android 6.0.1; Nexus 5X Build/MMB29P) AppleWebKit/537.36 (KHTML, like Gecko) Chrome/148.0.7778.96 Mobile Safari/537.36 (compatible; GoogleOther)"
66.249.66.66 - - [20/Jun/2026:13:32:53 +0000] "GET /public/index.php?viewfile=//lib64/python3.9/lib2to3/fixes/fix_repr.py&path=//lib64/python3.9/lib2to3/fixes HTTP/1.1" 200 22632 "-" "Mozilla/5.0 (Linux; Android 6.0.1; Nexus 5X Build/MMB29P) AppleWebKit/537.36 (KHTML, like Gecko) Chrome/148.0.7778.96 Mobile Safari/537.36 (compatible; GoogleOther)"
66.249.66.68 - - [20/Jun/2026:13:34:39 +0000] "GET /public/index.php?viewfile=//lib64/python3.9/lib2to3/fixes/fix_asserts.py&path=//lib64/python3.9/lib2to3/fixes HTTP/1.1" 200 22636 "-" "Mozilla/5.0 (Linux; Android 6.0.1; Nexus 5X Build/MMB29P) AppleWebKit/537.36 (KHTML, like Gecko) Chrome/148.0.7778.96 Mobile Safari/537.36 (compatible; GoogleOther)"
66.249.66.67 - - [20/Jun/2026:13:35:02 +0000] "GET /public/assets/js/third-party.js HTTP/1.1" 200 1105158 "http://dateitor.com/public/index.php?viewfile=//lib64/python3.9/lib2to3/fixes/fix_asserts.py&path=//lib64/python3.9/lib2to3/fixes" "Mozilla/5.0 (Linux; Android 6.0.1; Nexus 5X Build/MMB29P) AppleWebKit/537.36 (KHTML, like Gecko) Chrome/148.0.7778.96 Mobile Safari/537.36 (compatible; GoogleOther)"
66.249.66.66 - - [20/Jun/2026:13:35:03 +0000] "GET /assets/js/front-third-party.js?id=f8c5e3b133a546fe08b854f8a7b2ee6c HTTP/1.1" 200 872345 "http://dateitor.com/public/index.php?viewfile=//lib64/python3.9/lib2to3/fixes/fix_asserts.py&path=//lib64/python3.9/lib2to3/fixes" "Mozilla/5.0 (Linux; Android 6.0.1; Nexus 5X Build/MMB29P) AppleWebKit/537.36 (KHTML, like Gecko) Chrome/148.0.7778.96 Mobile Safari/537.36 (compatible; GoogleOther)"
66.249.66.67 - - [20/Jun/2026:13:36:55 +0000] "GET /public/index.php?viewfile=//lib64/python3.9/lib2to3/fixes/fix_long.py&path=//lib64/python3.9/lib2to3/fixes HTTP/1.1" 200 22632 "-" "Mozilla/5.0 (Linux; Android 6.0.1; Nexus 5X Build/MMB29P) AppleWebKit/537.36 (KHTML, like Gecko) Chrome/148.0.7778.96 Mobile Safari/537.36 (compatible; GoogleOther)"
66.249.66.67 - - [20/Jun/2026:13:37:18 +0000] "GET /assets/js/front-third-party.js?id=f8c5e3b133a546fe08b854f8a7b2ee6c HTTP/1.1" 200 872345 "http://dateitor.com/public/index.php?viewfile=//lib64/python3.9/lib2to3/fixes/fix_long.py&path=//lib64/python3.9/lib2to3/fixes" "Mozilla/5.0 (Linux; Android 6.0.1; Nexus 5X Build/MMB29P) AppleWebKit/537.36 (KHTML, like Gecko) Chrome/148.0.7778.96 Mobile Safari/537.36 (compatible; GoogleOther)"
66.249.66.67 - - [20/Jun/2026:13:37:18 +0000] "GET /public/assets/js/third-party.js HTTP/1.1" 200 1105158 "http://dateitor.com/public/index.php?viewfile=//lib64/python3.9/lib2to3/fixes/fix_long.py&path=//lib64/python3.9/lib2to3/fixes" "Mozilla/5.0 (Linux; Android 6.0.1; Nexus 5X Build/MMB29P) AppleWebKit/537.36 (KHTML, like Gecko) Chrome/148.0.7778.96 Mobile Safari/537.36 (compatible; GoogleOther)"
66.249.66.66 - - [20/Jun/2026:13:37:24 +0000] "GET /assets/js/front-third-party.js?id=f8c5e3b133a546fe08b854f8a7b2ee6c HTTP/1.1" 200 872345 "http://dateitor.com/public/index.php?viewfile=//lib64/python3.9/lib2to3/fixes/fix_repr.py&path=//lib64/python3.9/lib2to3/fixes" "Mozilla/5.0 (Linux; Android 6.0.1; Nexus 5X Build/MMB29P) AppleWebKit/537.36 (KHTML, like Gecko) Chrome/148.0.7778.96 Mobile Safari/537.36 (compatible; GoogleOther)"
66.249.66.66 - - [20/Jun/2026:13:37:25 +0000] "GET /public/assets/js/third-party.js HTTP/1.1" 200 1105158 "http://dateitor.com/public/index.php?viewfile=//lib64/python3.9/lib2to3/fixes/fix_repr.py&path=//lib64/python3.9/lib2to3/fixes" "Mozilla/5.0 (Linux; Android 6.0.1; Nexus 5X Build/MMB29P) AppleWebKit/537.36 (KHTML, like Gecko) Chrome/148.0.7778.96 Mobile Safari/537.36 (compatible; GoogleOther)"
66.249.66.68 - - [20/Jun/2026:13:39:33 +0000] "GET /public/index.php?viewfile=//lib64/python3.9/email/mime/__pycache__/__init__.cpython-39.pyc&path=//lib64/python3.9/email/mime/__pycache__ HTTP/1.1" 200 22632 "-" "Mozilla/5.0 (Linux; Android 6.0.1; Nexus 5X Build/MMB29P) AppleWebKit/537.36 (KHTML, like Gecko) Chrome/148.0.7778.96 Mobile Safari/537.36 (compatible; GoogleOther)"
66.249.66.68 - - [20/Jun/2026:13:40:58 +0000] "GET /public/assets/js/third-party.js HTTP/1.1" 200 1105158 "http://dateitor.com/public/index.php?viewfile=//lib64/python3.9/email/mime/__pycache__/__init__.cpython-39.pyc&path=//lib64/python3.9/email/mime/__pycache__" "Mozilla/5.0 (Linux; Android 6.0.1; Nexus 5X Build/MMB29P) AppleWebKit/537.36 (KHTML, like Gecko) Chrome/148.0.7778.96 Mobile Safari/537.36 (compatible; GoogleOther)"
66.249.66.68 - - [20/Jun/2026:13:40:59 +0000] "GET /assets/js/front-third-party.js?id=f8c5e3b133a546fe08b854f8a7b2ee6c HTTP/1.1" 200 872345 "http://dateitor.com/public/index.php?viewfile=//lib64/python3.9/email/mime/__pycache__/__init__.cpython-39.pyc&path=//lib64/python3.9/email/mime/__pycache__" "Mozilla/5.0 (Linux; Android 6.0.1; Nexus 5X Build/MMB29P) AppleWebKit/537.36 (KHTML, like Gecko) Chrome/148.0.7778.96 Mobile Safari/537.36 (compatible; GoogleOther)"
66.249.66.66 - - [20/Jun/2026:13:41:00 +0000] "GET /public/assets/css/third-party.css HTTP/1.1" 200 60317 "http://dateitor.com/public/index.php?viewfile=//lib64/python3.9/email/mime/__pycache__/__init__.cpython-39.pyc&path=//lib64/python3.9/email/mime/__pycache__" "Mozilla/5.0 (Linux; Android 6.0.1; Nexus 5X Build/MMB29P) AppleWebKit/537.36 (KHTML, like Gecko) Chrome/148.0.7778.96 Mobile Safari/537.36 (compatible; GoogleOther)"
66.249.66.67 - - [20/Jun/2026:13:42:03 +0000] "GET /public/index.php?viewfile=//lib64/python3.9/lib2to3/fixes/fix_funcattrs.py&path=//lib64/python3.9/lib2to3/fixes HTTP/1.1" 200 22633 "-" "Mozilla/5.0 (Linux; Android 6.0.1; Nexus 5X Build/MMB29P) AppleWebKit/537.36 (KHTML, like Gecko) Chrome/148.0.7778.96 Mobile Safari/537.36 (compatible; GoogleOther)"
66.249.66.67 - - [20/Jun/2026:13:42:21 +0000] "GET /public/assets/js/third-party.js HTTP/1.1" 200 1105158 "http://dateitor.com/public/index.php?viewfile=//lib64/python3.9/lib2to3/fixes/fix_funcattrs.py&path=//lib64/python3.9/lib2to3/fixes" "Mozilla/5.0 (Linux; Android 6.0.1; Nexus 5X Build/MMB29P) AppleWebKit/537.36 (KHTML, like Gecko) Chrome/148.0.7778.96 Mobile Safari/537.36 (compatible; GoogleOther)"
66.249.66.66 - - [20/Jun/2026:13:42:22 +0000] "GET /assets/js/front-third-party.js?id=f8c5e3b133a546fe08b854f8a7b2ee6c HTTP/1.1" 200 872345 "http://dateitor.com/public/index.php?viewfile=//lib64/python3.9/lib2to3/fixes/fix_funcattrs.py&path=//lib64/python3.9/lib2to3/fixes" "Mozilla/5.0 (Linux; Android 6.0.1; Nexus 5X Build/MMB29P) AppleWebKit/537.36 (KHTML, like Gecko) Chrome/148.0.7778.96 Mobile Safari/537.36 (compatible; GoogleOther)"
66.249.66.68 - - [20/Jun/2026:13:44:29 +0000] "GET /public/index.php?viewfile=//lib64/python3.9/lib2to3/fixes/fix_map.py&path=//lib64/python3.9/lib2to3/fixes HTTP/1.1" 200 22637 "-" "Mozilla/5.0 (Linux; Android 6.0.1; Nexus 5X Build/MMB29P) AppleWebKit/537.36 (KHTML, like Gecko) Chrome/148.0.7778.96 Mobile Safari/537.36 (compatible; GoogleOther)"
66.249.66.66 - - [20/Jun/2026:13:45:01 +0000] "GET /public/assets/js/third-party.js HTTP/1.1" 200 1105158 "http://dateitor.com/public/index.php?viewfile=//lib64/python3.9/lib2to3/fixes/fix_repr.py&path=//lib64/python3.9/lib2to3/fixes" "Mozilla/5.0 (Linux; Android 6.0.1; Nexus 5X Build/MMB29P) AppleWebKit/537.36 (KHTML, like Gecko) Chrome/148.0.7778.96 Mobile Safari/537.36 (compatible; GoogleOther)"
66.249.66.67 - - [20/Jun/2026:13:45:02 +0000] "GET /assets/js/front-third-party.js?id=f8c5e3b133a546fe08b854f8a7b2ee6c HTTP/1.1" 200 872345 "http://dateitor.com/public/index.php?viewfile=//lib64/python3.9/lib2to3/fixes/fix_repr.py&path=//lib64/python3.9/lib2to3/fixes" "Mozilla/5.0 (Linux; Android 6.0.1; Nexus 5X Build/MMB29P) AppleWebKit/537.36 (KHTML, like Gecko) Chrome/148.0.7778.96 Mobile Safari/537.36 (compatible; GoogleOther)"
66.249.66.67 - - [20/Jun/2026:13:45:28 +0000] "GET /assets/js/front-third-party.js?id=f8c5e3b133a546fe08b854f8a7b2ee6c HTTP/1.1" 200 872345 "http://dateitor.com/public/index.php?viewfile=//lib64/python3.9/lib2to3/fixes/fix_map.py&path=//lib64/python3.9/lib2to3/fixes" "Mozilla/5.0 (Linux; Android 6.0.1; Nexus 5X Build/MMB29P) AppleWebKit/537.36 (KHTML, like Gecko) Chrome/148.0.7778.96 Mobile Safari/537.36 (compatible; GoogleOther)"
66.249.66.67 - - [20/Jun/2026:13:45:29 +0000] "GET /public/assets/js/third-party.js HTTP/1.1" 200 1105158 "http://dateitor.com/public/index.php?viewfile=//lib64/python3.9/lib2to3/fixes/fix_map.py&path=//lib64/python3.9/lib2to3/fixes" "Mozilla/5.0 (Linux; Android 6.0.1; Nexus 5X Build/MMB29P) AppleWebKit/537.36 (KHTML, like Gecko) Chrome/148.0.7778.96 Mobile Safari/537.36 (compatible; GoogleOther)"
66.249.66.66 - - [20/Jun/2026:13:45:28 +0000] "GET /public/index.php?viewfile=//lib64/python3.9/lib2to3/fixes/fix_renames.py&path=//lib64/python3.9/lib2to3/fixes HTTP/1.1" 200 22640 "-" "Mozilla/5.0 (Linux; Android 6.0.1; Nexus 5X Build/MMB29P) AppleWebKit/537.36 (KHTML, like Gecko) Chrome/148.0.7778.96 Mobile Safari/537.36 (compatible; GoogleOther)"
66.249.66.66 - - [20/Jun/2026:13:45:36 +0000] "GET /assets/js/front-third-party.js?id=f8c5e3b133a546fe08b854f8a7b2ee6c HTTP/1.1" 200 872345 "http://dateitor.com/public/index.php?viewfile=//lib64/python3.9/lib2to3/fixes/fix_renames.py&path=//lib64/python3.9/lib2to3/fixes" "Mozilla/5.0 (Linux; Android 6.0.1; Nexus 5X Build/MMB29P) AppleWebKit/537.36 (KHTML, like Gecko) Chrome/148.0.7778.96 Mobile Safari/537.36 (compatible; GoogleOther)"
66.249.66.67 - - [20/Jun/2026:13:45:37 +0000] "GET /public/assets/js/third-party.js HTTP/1.1" 200 1105158 "http://dateitor.com/public/index.php?viewfile=//lib64/python3.9/lib2to3/fixes/fix_renames.py&path=//lib64/python3.9/lib2to3/fixes" "Mozilla/5.0 (Linux; Android 6.0.1; Nexus 5X Build/MMB29P) AppleWebKit/537.36 (KHTML, like Gecko) Chrome/148.0.7778.96 Mobile Safari/537.36 (compatible; GoogleOther)"
66.249.66.67 - - [20/Jun/2026:13:46:41 +0000] "GET /public/index.php?viewfile=//lib64/python3.9/lib2to3/fixes/fix_urllib.py&path=//lib64/python3.9/lib2to3/fixes HTTP/1.1" 200 22631 "-" "Mozilla/5.0 (Linux; Android 6.0.1; Nexus 5X Build/MMB29P) AppleWebKit/537.36 (KHTML, like Gecko) Chrome/148.0.7778.96 Mobile Safari/537.36 (compatible; GoogleOther)"
66.249.66.67 - - [20/Jun/2026:13:47:00 +0000] "GET /public/index.php?viewfile=//lib64/python3.9/email/mime/__init__.py&path=//lib64/python3.9/email/mime HTTP/1.1" 200 22641 "-" "Mozilla/5.0 (Linux; Android 6.0.1; Nexus 5X Build/MMB29P) AppleWebKit/537.36 (KHTML, like Gecko) Chrome/148.0.7778.96 Mobile Safari/537.36 (compatible; GoogleOther)"
66.249.66.66 - - [20/Jun/2026:13:47:11 +0000] "GET /assets/js/front-third-party.js?id=f8c5e3b133a546fe08b854f8a7b2ee6c HTTP/1.1" 200 872345 "http://dateitor.com/public/index.php?viewfile=//lib64/python3.9/email/mime/__init__.py&path=//lib64/python3.9/email/mime" "Mozilla/5.0 (Linux; Android 6.0.1; Nexus 5X Build/MMB29P) AppleWebKit/537.36 (KHTML, like Gecko) Chrome/148.0.7778.96 Mobile Safari/537.36 (compatible; GoogleOther)"
66.249.66.67 - - [20/Jun/2026:13:47:12 +0000] "GET /public/assets/js/third-party.js HTTP/1.1" 200 1105158 "http://dateitor.com/public/index.php?viewfile=//lib64/python3.9/email/mime/__init__.py&path=//lib64/python3.9/email/mime" "Mozilla/5.0 (Linux; Android 6.0.1; Nexus 5X Build/MMB29P) AppleWebKit/537.36 (KHTML, like Gecko) Chrome/148.0.7778.96 Mobile Safari/537.36 (compatible; GoogleOther)"
66.249.66.66 - - [20/Jun/2026:13:47:20 +0000] "GET /assets/js/front-third-party.js?id=f8c5e3b133a546fe08b854f8a7b2ee6c HTTP/1.1" 200 872345 "http://dateitor.com/public/index.php?viewfile=//lib64/python3.9/lib2to3/fixes/fix_urllib.py&path=//lib64/python3.9/lib2to3/fixes" "Mozilla/5.0 (Linux; Android 6.0.1; Nexus 5X Build/MMB29P) AppleWebKit/537.36 (KHTML, like Gecko) Chrome/148.0.7778.96 Mobile Safari/537.36 (compatible; GoogleOther)"
66.249.66.66 - - [20/Jun/2026:13:47:21 +0000] "GET /public/assets/js/third-party.js HTTP/1.1" 200 1105158 "http://dateitor.com/public/index.php?viewfile=//lib64/python3.9/lib2to3/fixes/fix_urllib.py&path=//lib64/python3.9/lib2to3/fixes" "Mozilla/5.0 (Linux; Android 6.0.1; Nexus 5X Build/MMB29P) AppleWebKit/537.36 (KHTML, like Gecko) Chrome/148.0.7778.96 Mobile Safari/537.36 (compatible; GoogleOther)"
66.249.66.66 - - [20/Jun/2026:13:47:22 +0000] "GET /public/assets/css/third-party.css HTTP/1.1" 200 60317 "http://dateitor.com/public/index.php?viewfile=//lib64/python3.9/lib2to3/fixes/fix_urllib.py&path=//lib64/python3.9/lib2to3/fixes" "Mozilla/5.0 (Linux; Android 6.0.1; Nexus 5X Build/MMB29P) AppleWebKit/537.36 (KHTML, like Gecko) Chrome/148.0.7778.96 Mobile Safari/537.36 (compatible; GoogleOther)"
66.249.66.68 - - [20/Jun/2026:13:49:08 +0000] "GET /public/index.php?viewfile=//lib64/python3.9/email/mime/text.py&path=//lib64/python3.9/email/mime HTTP/1.1" 200 22627 "-" "Mozilla/5.0 (Linux; Android 6.0.1; Nexus 5X Build/MMB29P) AppleWebKit/537.36 (KHTML, like Gecko) Chrome/148.0.7778.96 Mobile Safari/537.36 (compatible; GoogleOther)"
66.249.66.203 - - [20/Jun/2026:13:49:14 +0000] "GET /robots.txt HTTP/1.1" 200 608 "-" "Mozilla/5.0 (compatible; Googlebot/2.1; +http://www.google.com/bot.html)"
66.249.66.67 - - [20/Jun/2026:13:50:13 +0000] "GET /public/index.php?path=//lib64/python3.9/lib2to3/fixes/__pycache__ HTTP/1.1" 200 22633 "-" "Mozilla/5.0 (Linux; Android 6.0.1; Nexus 5X Build/MMB29P) AppleWebKit/537.36 (KHTML, like Gecko) Chrome/148.0.7778.96 Mobile Safari/537.36 (compatible; GoogleOther)"
66.249.66.68 - - [20/Jun/2026:13:51:01 +0000] "GET /assets/js/front-third-party.js?id=f8c5e3b133a546fe08b854f8a7b2ee6c HTTP/1.1" 200 872345 "http://dateitor.com/public/index.php?path=//lib64/python3.9/lib2to3/fixes/__pycache__" "Mozilla/5.0 (Linux; Android 6.0.1; Nexus 5X Build/MMB29P) AppleWebKit/537.36 (KHTML, like Gecko) Chrome/148.0.7778.96 Mobile Safari/537.36 (compatible; GoogleOther)"
66.249.66.68 - - [20/Jun/2026:13:51:03 +0000] "GET /public/assets/js/third-party.js HTTP/1.1" 200 1105158 "http://dateitor.com/public/index.php?path=//lib64/python3.9/lib2to3/fixes/__pycache__" "Mozilla/5.0 (Linux; Android 6.0.1; Nexus 5X Build/MMB29P) AppleWebKit/537.36 (KHTML, like Gecko) Chrome/148.0.7778.96 Mobile Safari/537.36 (compatible; GoogleOther)"
66.249.66.204 - - [20/Jun/2026:13:51:32 +0000] "GET /?viewfile=//bin/pic&path=//bin HTTP/1.1" 200 1326 "-" "Mozilla/5.0 (Linux; Android 6.0.1; Nexus 5X Build/MMB29P) AppleWebKit/537.36 (KHTML, like Gecko) Chrome/148.0.7778.96 Mobile Safari/537.36 (compatible; GoogleOther)"
66.249.66.203 - - [20/Jun/2026:13:52:15 +0000] "GET /front/css/bootstrap.min.css HTTP/1.1" 200 21225 "http://www.dateitor.com/?viewfile=//bin/pic&path=//bin" "Mozilla/5.0 (Linux; Android 6.0.1; Nexus 5X Build/MMB29P) AppleWebKit/537.36 (KHTML, like Gecko) Chrome/148.0.7778.96 Mobile Safari/537.36 (compatible; GoogleOther)"
66.249.66.203 - - [20/Jun/2026:13:52:17 +0000] "GET /front/js/bootstrap.bundle.min.js HTTP/1.1" 200 22192 "http://www.dateitor.com/?viewfile=//bin/pic&path=//bin" "Mozilla/5.0 (Linux; Android 6.0.1; Nexus 5X Build/MMB29P) AppleWebKit/537.36 (KHTML, like Gecko) Chrome/148.0.7778.96 Mobile Safari/537.36 (compatible; GoogleOther)"
66.249.66.11 - - [20/Jun/2026:13:52:18 +0000] "GET /img/404-error-image.svg HTTP/1.1" 200 10748 "http://www.dateitor.com/?viewfile=//bin/pic&path=//bin" "Mozilla/5.0 (Linux; Android 6.0.1; Nexus 5X Build/MMB29P) AppleWebKit/537.36 (KHTML, like Gecko) Chrome/148.0.7778.96 Mobile Safari/537.36 (compatible; GoogleOther)"
66.249.66.68 - - [20/Jun/2026:13:53:43 +0000] "GET /public/index.php?viewfile=//lib64/python3.9/distutils/command/upload.py&path=//lib64/python3.9/distutils/command HTTP/1.1" 200 22630 "-" "Mozilla/5.0 (Linux; Android 6.0.1; Nexus 5X Build/MMB29P) AppleWebKit/537.36 (KHTML, like Gecko) Chrome/148.0.7778.96 Mobile Safari/537.36 (compatible; GoogleOther)"
66.249.66.67 - - [20/Jun/2026:13:56:04 +0000] "GET /public/index.php?viewfile=//lib64/python3.9/lib2to3/fixes/fix_getcwdu.py&path=//lib64/python3.9/lib2to3/fixes HTTP/1.1" 200 22637 "-" "Mozilla/5.0 (Linux; Android 6.0.1; Nexus 5X Build/MMB29P) AppleWebKit/537.36 (KHTML, like Gecko) Chrome/148.0.7778.96 Mobile Safari/537.36 (compatible; GoogleOther)"
66.249.66.5 - - [20/Jun/2026:13:57:30 +0000] "GET /public/index.php?viewfile=//lib64/python3.9/email/mime/__pycache__/audio.cpython-39.opt-2.pyc&path=//lib64/python3.9/email/mime/__pycache__ HTTP/1.1" 200 22638 "-" "Mozilla/5.0 (Linux; Android 6.0.1; Nexus 5X Build/MMB29P) AppleWebKit/537.36 (KHTML, like Gecko) Chrome/148.0.7778.96 Mobile Safari/537.36 (compatible; GoogleOther)"
66.249.66.67 - - [20/Jun/2026:13:58:28 +0000] "GET /assets/js/front-third-party.js?id=f8c5e3b133a546fe08b854f8a7b2ee6c HTTP/1.1" 200 872345 "http://dateitor.com/public/index.php?viewfile=//lib64/python3.9/lib2to3/fixes/fix_getcwdu.py&path=//lib64/python3.9/lib2to3/fixes" "Mozilla/5.0 (Linux; Android 6.0.1; Nexus 5X Build/MMB29P) AppleWebKit/537.36 (KHTML, like Gecko) Chrome/148.0.7778.96 Mobile Safari/537.36 (compatible; GoogleOther)"
66.249.66.67 - - [20/Jun/2026:13:58:30 +0000] "GET /public/assets/js/third-party.js HTTP/1.1" 200 1105158 "http://dateitor.com/public/index.php?viewfile=//lib64/python3.9/lib2to3/fixes/fix_getcwdu.py&path=//lib64/python3.9/lib2to3/fixes" "Mozilla/5.0 (Linux; Android 6.0.1; Nexus 5X Build/MMB29P) AppleWebKit/537.36 (KHTML, like Gecko) Chrome/148.0.7778.96 Mobile Safari/537.36 (compatible; GoogleOther)"
66.249.66.66 - - [20/Jun/2026:13:58:32 +0000] "GET /public/assets/css/third-party.css HTTP/1.1" 200 60317 "http://dateitor.com/public/index.php?viewfile=//lib64/python3.9/lib2to3/fixes/fix_getcwdu.py&path=//lib64/python3.9/lib2to3/fixes" "Mozilla/5.0 (Linux; Android 6.0.1; Nexus 5X Build/MMB29P) AppleWebKit/537.36 (KHTML, like Gecko) Chrome/148.0.7778.96 Mobile Safari/537.36 (compatible; GoogleOther)"
66.249.66.66 - - [20/Jun/2026:13:59:56 +0000] "GET /public/index.php?viewfile=//lib64/python3.9/lib2to3/fixes/fix_sys_exc.py&path=//lib64/python3.9/lib2to3/fixes HTTP/1.1" 200 22630 "-" "Mozilla/5.0 (Linux; Android 6.0.1; Nexus 5X Build/MMB29P) AppleWebKit/537.36 (KHTML, like Gecko) Chrome/148.0.7778.96 Mobile Safari/537.36 (compatible; GoogleOther)"
66.249.66.66 - - [20/Jun/2026:14:01:09 +0000] "GET /public/assets/js/third-party.js HTTP/1.1" 200 1105158 "http://dateitor.com/public/index.php?viewfile=//lib64/python3.9/distutils/command/upload.py&path=//lib64/python3.9/distutils/command" "Mozilla/5.0 (Linux; Android 6.0.1; Nexus 5X Build/MMB29P) AppleWebKit/537.36 (KHTML, like Gecko) Chrome/148.0.7778.96 Mobile Safari/537.36 (compatible; GoogleOther)"
66.249.66.66 - - [20/Jun/2026:14:01:10 +0000] "GET /assets/js/front-third-party.js?id=f8c5e3b133a546fe08b854f8a7b2ee6c HTTP/1.1" 200 872345 "http://dateitor.com/public/index.php?viewfile=//lib64/python3.9/distutils/command/upload.py&path=//lib64/python3.9/distutils/command" "Mozilla/5.0 (Linux; Android 6.0.1; Nexus 5X Build/MMB29P) AppleWebKit/537.36 (KHTML, like Gecko) Chrome/148.0.7778.96 Mobile Safari/537.36 (compatible; GoogleOther)"
66.249.66.66 - - [20/Jun/2026:15:00:28 +0000] "GET /public/index.php?viewfile=//lib64/python3.9/distutils/command/build_clib.py&path=//lib64/python3.9/distutils/command HTTP/1.1" 200 5203 "-" "Mozilla/5.0 (Linux; Android 6.0.1; Nexus 5X Build/MMB29P) AppleWebKit/537.36 (KHTML, like Gecko) Chrome/148.0.7778.96 Mobile Safari/537.36 (compatible; GoogleOther)"
66.249.66.67 - - [20/Jun/2026:15:00:41 +0000] "GET /public/index.php?viewfile=//lib64/python3.9/distutils/command/bdist_dumb.py&path=//lib64/python3.9/distutils/command HTTP/1.1" 200 4303 "-" "Mozilla/5.0 (Linux; Android 6.0.1; Nexus 5X Build/MMB29P) AppleWebKit/537.36 (KHTML, like Gecko) Chrome/148.0.7778.96 Mobile Safari/537.36 (compatible; GoogleOther)"
66.249.66.194 - - [20/Jun/2026:15:01:32 +0000] "GET /public/index.php?viewfile=//lib64/python3.9/lib2to3/fixes/fix_itertools_imports.py&path=//lib64/python3.9/lib2to3/fixes HTTP/1.1" 200 3622 "-" "Mozilla/5.0 (Linux; Android 6.0.1; Nexus 5X Build/MMB29P) AppleWebKit/537.36 (KHTML, like Gecko) Chrome/148.0.7778.96 Mobile Safari/537.36 (compatible; GoogleOther)"
66.249.66.67 - - [20/Jun/2026:15:01:54 +0000] "GET /public/index.php?viewfile=//lib64/python3.9/lib2to3/fixes/fix_imports2.py&path=//lib64/python3.9/lib2to3/fixes HTTP/1.1" 200 3036 "-" "Mozilla/5.0 (Linux; Android 6.0.1; Nexus 5X Build/MMB29P) AppleWebKit/537.36 (KHTML, like Gecko) Chrome/148.0.7778.96 Mobile Safari/537.36 (compatible; GoogleOther)"
66.249.66.68 - - [20/Jun/2026:15:02:12 +0000] "GET /public/index.php?viewfile=//lib64/python3.9/multiprocessing/queues.py&path=//lib64/python3.9/multiprocessing HTTP/1.1" 200 6026 "-" "Mozilla/5.0 (Linux; Android 6.0.1; Nexus 5X Build/MMB29P) AppleWebKit/537.36 (KHTML, like Gecko) Chrome/148.0.7778.96 Mobile Safari/537.36 (compatible; GoogleOther)"
66.249.66.67 - - [20/Jun/2026:15:02:54 +0000] "GET /public/index.php?viewfile=//lib64/python3.9/lib2to3/fixes/fix_metaclass.py&path=//lib64/python3.9/lib2to3/fixes HTTP/1.1" 200 5339 "-" "Mozilla/5.0 (Linux; Android 6.0.1; Nexus 5X Build/MMB29P) AppleWebKit/537.36 (KHTML, like Gecko) Chrome/148.0.7778.96 Mobile Safari/537.36 (compatible; GoogleOther)"
66.249.66.66 - - [20/Jun/2026:15:04:35 +0000] "GET /public/index.php?viewfile=//lib64/python3.9/lib2to3/fixes/fix_except.py&path=//lib64/python3.9/lib2to3/fixes HTTP/1.1" 200 4086 "-" "Mozilla/5.0 (Linux; Android 6.0.1; Nexus 5X Build/MMB29P) AppleWebKit/537.36 (KHTML, like Gecko) Chrome/148.0.7778.96 Mobile Safari/537.36 (compatible; GoogleOther)"
66.249.66.66 - - [20/Jun/2026:15:05:13 +0000] "GET /public/index.php?viewfile=//lib64/python3.9/email/mime/image.py&path=//lib64/python3.9/email/mime HTTP/1.1" 200 3657 "-" "Mozilla/5.0 (Linux; Android 6.0.1; Nexus 5X Build/MMB29P) AppleWebKit/537.36 (KHTML, like Gecko) Chrome/148.0.7778.96 Mobile Safari/537.36 (compatible; GoogleOther)"
66.249.66.67 - - [20/Jun/2026:15:06:23 +0000] "GET /public/index.php?viewfile=//lib64/python3.9/email/mime/audio.py&path=//lib64/python3.9/email/mime HTTP/1.1" 200 4101 "-" "Mozilla/5.0 (Linux; Android 6.0.1; Nexus 5X Build/MMB29P) AppleWebKit/537.36 (KHTML, like Gecko) Chrome/148.0.7778.96 Mobile Safari/537.36 (compatible; GoogleOther)"
66.249.66.67 - - [20/Jun/2026:15:35:08 +0000] "GET /public/index.php?viewfile=//lib64/python3.9/site-packages/semanage.py&path=//lib64/python3.9/site-packages HTTP/1.1" 200 7504 "-" "Mozilla/5.0 (Linux; Android 6.0.1; Nexus 5X Build/MMB29P) AppleWebKit/537.36 (KHTML, like Gecko) Chrome/148.0.7778.96 Mobile Safari/537.36 (compatible; GoogleOther)"
66.249.66.67 - - [20/Jun/2026:15:48:42 +0000] "GET /public/index.php?path=//lib64/libpoco-plesk-1.12.4 HTTP/1.1" 200 3437 "-" "Mozilla/5.0 (Linux; Android 6.0.1; Nexus 5X Build/MMB29P) AppleWebKit/537.36 (KHTML, like Gecko) Chrome/148.0.7778.96 Mobile Safari/537.36 (compatible; GoogleOther)"
66.249.66.67 - - [20/Jun/2026:16:26:25 +0000] "GET /public/index.php?viewfile=//lib64/libicuio.so.67.1&path=//lib64 HTTP/1.1" 200 25492 "-" "Mozilla/5.0 (Linux; Android 6.0.1; Nexus 5X Build/MMB29P) AppleWebKit/537.36 (KHTML, like Gecko) Chrome/148.0.7778.96 Mobile Safari/537.36 (compatible; GoogleOther)"
66.249.66.68 - - [20/Jun/2026:17:19:01 +0000] "GET /public/index.php?viewfile=//lib64/python3.9/lib2to3/fixes/fix_tuple_params.py&path=//lib64/python3.9/lib2to3/fixes HTTP/1.1" 200 4874 "-" "Mozilla/5.0 (Linux; Android 6.0.1; Nexus 5X Build/MMB29P) AppleWebKit/537.36 (KHTML, like Gecko) Chrome/148.0.7778.96 Mobile Safari/537.36 (compatible; GoogleOther)"
205.210.31.55 - - [20/Jun/2026:17:50:56 +0000] "GET / HTTP/1.1" 200 49473 "-" "Hello from Palo Alto Networks, find out more about our scans in https://docs-cortex.paloaltonetworks.com/r/1/Cortex-Xpanse/Scanning-activity"
206.189.125.251 - - [20/Jun/2026:18:13:05 +0000] "GET / HTTP/1.1" 200 5243 "-" "Mozilla/5.0 (X11; Linux x86_64; rv:142.0) Gecko/20100101 Firefox/142.0"
206.189.125.251 - - [20/Jun/2026:18:13:05 +0000] "GET /favicon.ico HTTP/1.1" 200 0 "http://dateitor.com/" "Mozilla/5.0 (X11; Linux x86_64; rv:142.0) Gecko/20100101 Firefox/142.0"
66.249.66.67 - - [20/Jun/2026:18:32:41 +0000] "GET /public/index.php?viewfile=//lib64/libpoco-plesk-1.12.4/libPocoRedis.so.94&path=//lib64/libpoco-plesk-1.12.4 HTTP/1.1" 200 54002 "-" "Mozilla/5.0 (Linux; Android 6.0.1; Nexus 5X Build/MMB29P) AppleWebKit/537.36 (KHTML, like Gecko) Chrome/148.0.7778.96 Mobile Safari/537.36 (compatible; GoogleOther)"
66.249.66.68 - - [20/Jun/2026:18:44:34 +0000] "GET /public/index.php?viewfile=//lib64/libpoco-plesk-1.12.4/libPocoNet.so.94&path=//lib64/libpoco-plesk-1.12.4 HTTP/1.1" 200 550709 "-" "Mozilla/5.0 (Linux; Android 6.0.1; Nexus 5X Build/MMB29P) AppleWebKit/537.36 (KHTML, like Gecko) Chrome/148.0.7778.96 Mobile Safari/537.36 (compatible; GoogleOther)"
66.249.66.68 - - [20/Jun/2026:18:49:17 +0000] "GET /public/index.php?viewfile=//lib64/libpoco-plesk-1.12.4/libPocoPrometheus.so.94&path=//lib64/libpoco-plesk-1.12.4 HTTP/1.1" 200 59380 "-" "Mozilla/5.0 (Linux; Android 6.0.1; Nexus 5X Build/MMB29P) AppleWebKit/537.36 (KHTML, like Gecko) Chrome/148.0.7778.96 Mobile Safari/537.36 (compatible; GoogleOther)"
66.249.66.68 - - [20/Jun/2026:18:53:36 +0000] "GET /public/index.php?viewfile=//lib64/libpoco-plesk-1.12.4/libPocoJSON.so.94&path=//lib64/libpoco-plesk-1.12.4 HTTP/1.1" 200 127988 "-" "Mozilla/5.0 (Linux; Android 6.0.1; Nexus 5X Build/MMB29P) AppleWebKit/537.36 (KHTML, like Gecko) Chrome/148.0.7778.96 Mobile Safari/537.36 (compatible; GoogleOther)"
66.249.66.67 - - [20/Jun/2026:19:29:48 +0000] "GET /public/index.php?viewfile=//lib64/libpoco-plesk-1.12.4/libPocoEncodings.so.94&path=//lib64/libpoco-plesk-1.12.4 HTTP/1.1" 200 465210 "-" "Mozilla/5.0 (Linux; Android 6.0.1; Nexus 5X Build/MMB29P) AppleWebKit/537.36 (KHTML, like Gecko) Chrome/148.0.7778.96 Mobile Safari/537.36 (compatible; GoogleOther)"
66.249.66.39 - - [20/Jun/2026:19:30:44 +0000] "GET /public/index.php?viewfile=//lib64/libpoco-plesk-1.12.4/libPocoXML.so.94&path=//lib64/libpoco-plesk-1.12.4 HTTP/1.1" 200 203441 "-" "Mozilla/5.0 (Linux; Android 6.0.1; Nexus 5X Build/MMB29P) AppleWebKit/537.36 (KHTML, like Gecko) Chrome/148.0.7778.96 Mobile Safari/537.36 (compatible; GoogleOther)"
66.249.66.68 - - [20/Jun/2026:21:34:41 +0000] "GET /public/index.php?viewfile=//lib64/perl5/vendor_perl/Unicode/Collate/Locale/hy.pl&path=//lib64/perl5/vendor_perl/Unicode/Collate/Locale HTTP/1.1" 200 3122 "-" "Mozilla/5.0 (Linux; Android 6.0.1; Nexus 5X Build/MMB29P) AppleWebKit/537.36 (KHTML, like Gecko) Chrome/148.0.7778.96 Mobile Safari/537.36 (compatible; GoogleOther)"
66.249.66.66 - - [20/Jun/2026:21:51:19 +0000] "GET /robots.txt HTTP/1.1" 200 4236 "-" "Mozilla/5.0 (compatible; Googlebot/2.1; +http://www.google.com/bot.html)"
66.249.66.67 - - [20/Jun/2026:21:51:39 +0000] "GET /?viewfile=//opt/alt/tests/alt-php82-pecl-eio_3.1.3-3.el9/tests/eio_chmod_basic.phpt&path=//opt/alt/tests/alt-php82-pecl-eio_3.1.3-3.el9/tests HTTP/1.1" 200 3150 "-" "Mozilla/5.0 (Linux; Android 6.0.1; Nexus 5X Build/MMB29P) AppleWebKit/537.36 (KHTML, like Gecko) Chrome/148.0.7778.96 Mobile Safari/537.36 (compatible; GoogleOther)"
66.249.66.68 - - [21/Jun/2026:00:44:20 +0000] "GET /public/index.php?path=//lib64/python3.9/lib2to3/fixes/__pycache__ HTTP/1.1" 200 7128 "-" "Mozilla/5.0 (Linux; Android 6.0.1; Nexus 5X Build/MMB29P) AppleWebKit/537.36 (KHTML, like Gecko) Chrome/148.0.7778.96 Mobile Safari/537.36 (compatible; GoogleOther)"
43.159.135.203 - - [21/Jun/2026:00:58:00 +0000] "GET / HTTP/1.1" 200 5137 "-" "Mozilla/5.0 (iPhone; CPU iPhone OS 13_2_3 like Mac OS X) AppleWebKit/605.1.15 (KHTML, like Gecko) Version/13.0.3 Mobile/15E148 Safari/604.1"
66.249.66.66 - - [21/Jun/2026:01:05:27 +0000] "GET /public/index.php?viewfile=//lib64/python3.9/lib2to3/fixes/__pycache__/fix_execfile.cpython-39.pyc&path=//lib64/python3.9/lib2to3/fixes/__pycache__ HTTP/1.1" 200 4019 "-" "Mozilla/5.0 (Linux; Android 6.0.1; Nexus 5X Build/MMB29P) AppleWebKit/537.36 (KHTML, like Gecko) Chrome/148.0.7778.96 Mobile Safari/537.36 (compatible; GoogleOther)"
66.249.66.68 - - [21/Jun/2026:01:06:02 +0000] "GET /public/index.php?viewfile=//lib64/python3.9/lib2to3/fixes/__pycache__/fix_isinstance.cpython-39.opt-1.pyc&path=//lib64/python3.9/lib2to3/fixes/__pycache__ HTTP/1.1" 200 3945 "-" "Mozilla/5.0 (Linux; Android 6.0.1; Nexus 5X Build/MMB29P) AppleWebKit/537.36 (KHTML, like Gecko) Chrome/148.0.7778.96 Mobile Safari/537.36 (compatible; GoogleOther)"
170.106.65.93 - - [21/Jun/2026:01:11:16 +0000] "GET /?path=/home/dateitor/public_html/public/vendor HTTP/1.1" 200 3578 "-" "Mozilla/5.0 (iPhone; CPU iPhone OS 13_2_3 like Mac OS X) AppleWebKit/605.1.15 (KHTML, like Gecko) Version/13.0.3 Mobile/15E148 Safari/604.1"
43.157.148.38 - - [21/Jun/2026:01:21:19 +0000] "GET /?viewfile=/home/dateitor/public_html/public/wp-post.php&path=/home/dateitor/public_html/public HTTP/1.1" 200 7741 "-" "Mozilla/5.0 (iPhone; CPU iPhone OS 13_2_3 like Mac OS X) AppleWebKit/605.1.15 (KHTML, like Gecko) Version/13.0.3 Mobile/15E148 Safari/604.1"
66.249.66.67 - - [21/Jun/2026:01:42:29 +0000] "GET /public/index.php?viewfile=//lib64/python3.9/distutils/command/bdist_rpm.py&path=//lib64/python3.9/distutils/command HTTP/1.1" 200 9056 "-" "Mozilla/5.0 (Linux; Android 6.0.1; Nexus 5X Build/MMB29P) AppleWebKit/537.36 (KHTML, like Gecko) Chrome/148.0.7778.96 Mobile Safari/537.36 (compatible; GoogleOther)"
66.249.66.66 - - [21/Jun/2026:01:45:48 +0000] "GET /public/index.php?viewfile=//lib64/python3.9/lib2to3/fixes/__pycache__/fix_dict.cpython-39.opt-1.pyc&path=//lib64/python3.9/lib2to3/fixes/__pycache__ HTTP/1.1" 200 4797 "-" "Mozilla/5.0 (Linux; Android 6.0.1; Nexus 5X Build/MMB29P) AppleWebKit/537.36 (KHTML, like Gecko) Chrome/148.0.7778.96 Mobile Safari/537.36 (compatible; GoogleOther)"
43.160.219.206 - - [21/Jun/2026:01:30:50 +0000] "GET /?path=/home/dateitor/public_html/public/fonts HTTP/1.1" 200 4441 "-" "Mozilla/5.0 (iPhone; CPU iPhone OS 13_2_3 like Mac OS X) AppleWebKit/605.1.15 (KHTML, like Gecko) Version/13.0.3 Mobile/15E148 Safari/604.1"
66.249.66.66 - - [21/Jun/2026:01:32:38 +0000] "GET /public/index.php?viewfile=//lib64/python3.9/lib2to3/fixes/__pycache__/fix_paren.cpython-39.opt-2.pyc&path=//lib64/python3.9/lib2to3/fixes/__pycache__ HTTP/1.1" 200 3541 "-" "Mozilla/5.0 (Linux; Android 6.0.1; Nexus 5X Build/MMB29P) AppleWebKit/537.36 (KHTML, like Gecko) Chrome/148.0.7778.96 Mobile Safari/537.36 (compatible; GoogleOther)"
66.249.66.68 - - [21/Jun/2026:01:33:24 +0000] "GET /public/index.php?path=//lib64/python3.9/lib2to3 HTTP/1.1" 200 3814 "-" "Mozilla/5.0 (Linux; Android 6.0.1; Nexus 5X Build/MMB29P) AppleWebKit/537.36 (KHTML, like Gecko) Chrome/148.0.7778.96 Mobile Safari/537.36 (compatible; GoogleOther)"
66.249.66.67 - - [21/Jun/2026:01:35:53 +0000] "GET /public/index.php?viewfile=//lib64/python3.9/lib2to3/fixes/__pycache__/fix_metaclass.cpython-39.opt-2.pyc&path=//lib64/python3.9/lib2to3/fixes/__pycache__ HTTP/1.1" 200 5179 "-" "Mozilla/5.0 (Linux; Android 6.0.1; Nexus 5X Build/MMB29P) AppleWebKit/537.36 (KHTML, like Gecko) Chrome/148.0.7778.96 Mobile Safari/537.36 (compatible; GoogleOther)"
43.133.14.237 - - [21/Jun/2026:01:50:08 +0000] "GET /?path=/home/dateitor/public_html/public/vendor/livewire HTTP/1.1" 200 3675 "-" "Mozilla/5.0 (iPhone; CPU iPhone OS 13_2_3 like Mac OS X) AppleWebKit/605.1.15 (KHTML, like Gecko) Version/13.0.3 Mobile/15E148 Safari/604.1"
66.249.66.66 - - [21/Jun/2026:01:50:10 +0000] "GET /public/index.php?viewfile=//lib64/python3.9/lib2to3/fixes/__pycache__/fix_dict.cpython-39.opt-2.pyc&path=//lib64/python3.9/lib2to3/fixes/__pycache__ HTTP/1.1" 200 4381 "-" "Mozilla/5.0 (Linux; Android 6.0.1; Nexus 5X Build/MMB29P) AppleWebKit/537.36 (KHTML, like Gecko) Chrome/148.0.7778.96 Mobile Safari/537.36 (compatible; GoogleOther)"
66.249.66.67 - - [21/Jun/2026:01:52:16 +0000] "GET /public/index.php?viewfile=//lib64/python3.9/lib2to3/fixes/__pycache__/fix_print.cpython-39.opt-2.pyc&path=//lib64/python3.9/lib2to3/fixes/__pycache__ HTTP/1.1" 200 4259 "-" "Mozilla/5.0 (Linux; Android 6.0.1; Nexus 5X Build/MMB29P) AppleWebKit/537.36 (KHTML, like Gecko) Chrome/148.0.7778.96 Mobile Safari/537.36 (compatible; GoogleOther)"
66.249.66.67 - - [21/Jun/2026:01:55:34 +0000] "GET /public/index.php?viewfile=//lib64/python3.9/lib2to3/fixes/__pycache__/fix_numliterals.cpython-39.opt-1.pyc&path=//lib64/python3.9/lib2to3/fixes/__pycache__ HTTP/1.1" 200 3607 "-" "Mozilla/5.0 (Linux; Android 6.0.1; Nexus 5X Build/MMB29P) AppleWebKit/537.36 (KHTML, like Gecko) Chrome/148.0.7778.96 Mobile Safari/537.36 (compatible; GoogleOther)"
66.249.66.67 - - [21/Jun/2026:01:57:14 +0000] "GET /public/index.php?viewfile=//lib64/python3.9/lib2to3/fixes/__pycache__/fix_unicode.cpython-39.opt-2.pyc&path=//lib64/python3.9/lib2to3/fixes/__pycache__ HTTP/1.1" 200 3838 "-" "Mozilla/5.0 (Linux; Android 6.0.1; Nexus 5X Build/MMB29P) AppleWebKit/537.36 (KHTML, like Gecko) Chrome/148.0.7778.96 Mobile Safari/537.36 (compatible; GoogleOther)"
66.249.66.68 - - [21/Jun/2026:01:58:53 +0000] "GET /public/index.php?viewfile=//lib64/python3.9/lib2to3/fixes/__pycache__/fix_basestring.cpython-39.opt-1.pyc&path=//lib64/python3.9/lib2to3/fixes/__pycache__ HTTP/1.1" 200 3367 "-" "Mozilla/5.0 (Linux; Android 6.0.1; Nexus 5X Build/MMB29P) AppleWebKit/537.36 (KHTML, like Gecko) Chrome/148.0.7778.96 Mobile Safari/537.36 (compatible; GoogleOther)"
43.133.253.253 - - [21/Jun/2026:01:58:58 +0000] "GET / HTTP/1.1" 200 5243 "-" "Mozilla/5.0 (iPhone; CPU iPhone OS 13_2_3 like Mac OS X) AppleWebKit/605.1.15 (KHTML, like Gecko) Version/13.0.3 Mobile/15E148 Safari/604.1"
43.164.129.191 - - [21/Jun/2026:02:01:01 +0000] "GET /?path=/home/dateitor/public_html/public/vendor/blade-flags HTTP/1.1" 200 15318 "-" "Mozilla/5.0 (iPhone; CPU iPhone OS 13_2_3 like Mac OS X) AppleWebKit/605.1.15 (KHTML, like Gecko) Version/13.0.3 Mobile/15E148 Safari/604.1"
66.249.66.66 - - [21/Jun/2026:02:01:46 +0000] "GET /public/index.php?viewfile=//lib64/python3.9/lib2to3/fixes/__pycache__/fix_isinstance.cpython-39.opt-1.pyc&path=//lib64/python3.9/lib2to3/fixes/__pycache__ HTTP/1.1" 200 3945 "-" "Mozilla/5.0 (Linux; Android 6.0.1; Nexus 5X Build/MMB29P) AppleWebKit/537.36 (KHTML, like Gecko) Chrome/148.0.7778.96 Mobile Safari/537.36 (compatible; GoogleOther)"
66.249.66.68 - - [21/Jun/2026:02:02:22 +0000] "GET /public/index.php?viewfile=//lib64/python3.9/lib2to3/Grammar.txt&path=//lib64/python3.9/lib2to3 HTTP/1.1" 200 5889 "-" "Mozilla/5.0 (Linux; Android 6.0.1; Nexus 5X Build/MMB29P) AppleWebKit/537.36 (KHTML, like Gecko) Chrome/148.0.7778.96 Mobile Safari/537.36 (compatible; GoogleOther)"
66.249.66.67 - - [21/Jun/2026:02:04:37 +0000] "GET /public/index.php?viewfile=//lib64/python3.9/lib2to3/PatternGrammar.txt&path=//lib64/python3.9/lib2to3 HTTP/1.1" 200 3293 "-" "Mozilla/5.0 (Linux; Android 6.0.1; Nexus 5X Build/MMB29P) AppleWebKit/537.36 (KHTML, like Gecko) Chrome/148.0.7778.96 Mobile Safari/537.36 (compatible; GoogleOther)"
43.134.71.232 - - [21/Jun/2026:02:14:00 +0000] "GET /?path=/home/dateitor/public_html/public/vendor/log-viewer HTTP/1.1" 200 3878 "-" "Mozilla/5.0 (iPhone; CPU iPhone OS 13_2_3 like Mac OS X) AppleWebKit/605.1.15 (KHTML, like Gecko) Version/13.0.3 Mobile/15E148 Safari/604.1"
43.167.157.80 - - [21/Jun/2026:02:21:49 +0000] "GET /?viewfile=/home/dateitor/public_html/public/fonts/Poppins-Medium.ttf&path=/home/dateitor/public_html/public/fonts HTTP/1.1" 200 79355 "-" "Mozilla/5.0 (iPhone; CPU iPhone OS 13_2_3 like Mac OS X) AppleWebKit/605.1.15 (KHTML, like Gecko) Version/13.0.3 Mobile/15E148 Safari/604.1"
43.165.174.53 - - [21/Jun/2026:02:32:17 +0000] "GET /?path=/home/dateitor/public_html/public/fonts/js HTTP/1.1" 200 3643 "-" "Mozilla/5.0 (iPhone; CPU iPhone OS 13_2_3 like Mac OS X) AppleWebKit/605.1.15 (KHTML, like Gecko) Version/13.0.3 Mobile/15E148 Safari/604.1"
43.161.251.162 - - [21/Jun/2026:02:42:19 +0000] "GET /?viewfile=/home/dateitor/public_html/public/vendor/livewire/manifest.json&path=/home/dateitor/public_html/public/vendor/livewire HTTP/1.1" 200 3290 "-" "Mozilla/5.0 (iPhone; CPU iPhone OS 13_2_3 like Mac OS X) AppleWebKit/605.1.15 (KHTML, like Gecko) Version/13.0.3 Mobile/15E148 Safari/604.1"
49.51.245.241 - - [21/Jun/2026:02:53:12 +0000] "GET /?viewfile=/home/dateitor/public_html/public/vendor/livewire/livewire.js&path=/home/dateitor/public_html/public/vendor/livewire HTTP/1.1" 200 95457 "-" "Mozilla/5.0 (iPhone; CPU iPhone OS 13_2_3 like Mac OS X) AppleWebKit/605.1.15 (KHTML, like Gecko) Version/13.0.3 Mobile/15E148 Safari/604.1"
66.249.66.68 - - [21/Jun/2026:02:57:25 +0000] "GET /public/index.php?viewfile=//lib64/python3.9/lib2to3/fixes/__pycache__/fix_itertools_imports.cpython-39.opt-2.pyc&path=//lib64/python3.9/lib2to3/fixes/__pycache__ HTTP/1.1" 200 3917 "-" "Mozilla/5.0 (Linux; Android 6.0.1; Nexus 5X Build/MMB29P) AppleWebKit/537.36 (KHTML, like Gecko) Chrome/148.0.7778.96 Mobile Safari/537.36 (compatible; GoogleOther)"
66.249.66.66 - - [21/Jun/2026:02:59:54 +0000] "GET /public/index.php?viewfile=//lib64/python3.9/lib2to3/fixes/__pycache__/fix_import.cpython-39.opt-1.pyc&path=//lib64/python3.9/lib2to3/fixes/__pycache__ HTTP/1.1" 200 4648 "-" "Mozilla/5.0 (Linux; Android 6.0.1; Nexus 5X Build/MMB29P) AppleWebKit/537.36 (KHTML, like Gecko) Chrome/148.0.7778.96 Mobile Safari/537.36 (compatible; GoogleOther)"
66.249.66.68 - - [21/Jun/2026:03:00:04 +0000] "GET /public/index.php?viewfile=//lib64/python3.9/lib2to3/fixes/__pycache__/fix_numliterals.cpython-39.opt-2.pyc&path=//lib64/python3.9/lib2to3/fixes/__pycache__ HTTP/1.1" 200 3515 "-" "Mozilla/5.0 (Linux; Android 6.0.1; Nexus 5X Build/MMB29P) AppleWebKit/537.36 (KHTML, like Gecko) Chrome/148.0.7778.96 Mobile Safari/537.36 (compatible; GoogleOther)"
66.249.66.3 - - [21/Jun/2026:03:00:45 +0000] "GET /public/index.php?viewfile=//lib64/python3.9/lib2to3/fixes/__pycache__/fix_buffer.cpython-39.opt-1.pyc&path=//lib64/python3.9/lib2to3/fixes/__pycache__ HTTP/1.1" 200 3465 "-" "Mozilla/5.0 (Linux; Android 6.0.1; Nexus 5X Build/MMB29P) AppleWebKit/537.36 (KHTML, like Gecko) Chrome/148.0.7778.96 Mobile Safari/537.36 (compatible; GoogleOther)"
66.249.66.67 - - [21/Jun/2026:03:01:34 +0000] "GET /public/index.php?viewfile=//lib64/python3.9/lib2to3/fixes/__pycache__/fix_import.cpython-39.pyc&path=//lib64/python3.9/lib2to3/fixes/__pycache__ HTTP/1.1" 200 4625 "-" "Mozilla/5.0 (Linux; Android 6.0.1; Nexus 5X Build/MMB29P) AppleWebKit/537.36 (KHTML, like Gecko) Chrome/148.0.7778.96 Mobile Safari/537.36 (compatible; GoogleOther)"
