66.249.66.5 - - [17/Jun/2026:15:49:30 +0000] "GET /public/index.php?viewfile=//lib64/python3.9/distutils/__pycache__/file_util.cpython-39.opt-2.pyc&path=//lib64/python3.9/distutils/__pycache__ HTTP/1.1" 200 5047 "-" "Mozilla/5.0 (Linux; Android 6.0.1; Nexus 5X Build/MMB29P) AppleWebKit/537.36 (KHTML, like Gecko) Chrome/148.0.7778.96 Mobile Safari/537.36 (compatible; GoogleOther)"
66.249.66.195 - - [17/Jun/2026:15:50:24 +0000] "GET /public/index.php?viewfile=//lib64/python3.9/selectors.py&path=//lib64/python3.9 HTTP/1.1" 200 7559 "-" "Mozilla/5.0 (Linux; Android 6.0.1; Nexus 5X Build/MMB29P) AppleWebKit/537.36 (KHTML, like Gecko) Chrome/148.0.7778.96 Mobile Safari/537.36 (compatible; GoogleOther)"
66.249.66.66 - - [17/Jun/2026:15:50:36 +0000] "GET /public/index.php?viewfile=//lib64/python3.9/distutils/__pycache__/fancy_getopt.cpython-39.opt-1.pyc&path=//lib64/python3.9/distutils/__pycache__ HTTP/1.1" 200 8227 "-" "Mozilla/5.0 (Linux; Android 6.0.1; Nexus 5X Build/MMB29P) AppleWebKit/537.36 (KHTML, like Gecko) Chrome/148.0.7778.96 Mobile Safari/537.36 (compatible; GoogleOther)"
66.249.66.68 - - [17/Jun/2026:15:52:22 +0000] "GET /public/index.php?viewfile=//lib64/python3.9/timeit.py&path=//lib64/python3.9 HTTP/1.1" 200 7617 "-" "Mozilla/5.0 (Linux; Android 6.0.1; Nexus 5X Build/MMB29P) AppleWebKit/537.36 (KHTML, like Gecko) Chrome/148.0.7778.96 Mobile Safari/537.36 (compatible; GoogleOther)"
66.249.66.66 - - [17/Jun/2026:15:52:50 +0000] "GET /public/index.php?viewfile=//lib64/python3.9/ensurepip/__pycache__/__main__.cpython-39.opt-1.pyc&path=//lib64/python3.9/ensurepip/__pycache__ HTTP/1.1" 200 3036 "-" "Mozilla/5.0 (Linux; Android 6.0.1; Nexus 5X Build/MMB29P) AppleWebKit/537.36 (KHTML, like Gecko) Chrome/148.0.7778.96 Mobile Safari/537.36 (compatible; GoogleOther)"
66.249.66.66 - - [17/Jun/2026:15:53:25 +0000] "GET /public/index.php?viewfile=//lib64/python3.9/json/__pycache__/decoder.cpython-39.pyc&path=//lib64/python3.9/json/__pycache__ HTTP/1.1" 200 7615 "-" "Mozilla/5.0 (Linux; Android 6.0.1; Nexus 5X Build/MMB29P) AppleWebKit/537.36 (KHTML, like Gecko) Chrome/148.0.7778.96 Mobile Safari/537.36 (compatible; GoogleOther)"
66.249.66.66 - - [17/Jun/2026:15:55:09 +0000] "GET /public/index.php?viewfile=//lib64/python3.9/ensurepip/__pycache__/__init__.cpython-39.opt-1.pyc&path=//lib64/python3.9/ensurepip/__pycache__ HTTP/1.1" 200 6118 "-" "Mozilla/5.0 (Linux; Android 6.0.1; Nexus 5X Build/MMB29P) AppleWebKit/537.36 (KHTML, like Gecko) Chrome/148.0.7778.96 Mobile Safari/537.36 (compatible; GoogleOther)"
66.249.66.67 - - [17/Jun/2026:15:55:30 +0000] "GET /public/index.php?path=//lib64/python3.9/xml/parsers HTTP/1.1" 200 3275 "-" "Mozilla/5.0 (Linux; Android 6.0.1; Nexus 5X Build/MMB29P) AppleWebKit/537.36 (KHTML, like Gecko) Chrome/148.0.7778.96 Mobile Safari/537.36 (compatible; GoogleOther)"
66.249.66.67 - - [17/Jun/2026:15:55:30 +0000] "GET /public/index.php?viewfile=//lib64/python3.9/distutils/__pycache__/log.cpython-39.pyc&path=//lib64/python3.9/distutils/__pycache__ HTTP/1.1" 200 4041 "-" "Mozilla/5.0 (Linux; Android 6.0.1; Nexus 5X Build/MMB29P) AppleWebKit/537.36 (KHTML, like Gecko) Chrome/148.0.7778.96 Mobile Safari/537.36 (compatible; GoogleOther)"
66.249.66.5 - - [17/Jun/2026:15:56:30 +0000] "GET /public/index.php?viewfile=//lib64/python3.9/json/__pycache__/tool.cpython-39.opt-1.pyc&path=//lib64/python3.9/json/__pycache__ HTTP/1.1" 200 4704 "-" "Mozilla/5.0 (Linux; Android 6.0.1; Nexus 5X Build/MMB29P) AppleWebKit/537.36 (KHTML, like Gecko) Chrome/148.0.7778.96 Mobile Safari/537.36 (compatible; GoogleOther)"
66.249.66.168 - - [17/Jun/2026:15:56:36 +0000] "GET /public/index.php?viewfile=//lib64/python3.9/json/__pycache__/encoder.cpython-39.pyc&path=//lib64/python3.9/json/__pycache__ HTTP/1.1" 200 8023 "-" "Mozilla/5.0 (Linux; Android 6.0.1; Nexus 5X Build/MMB29P) AppleWebKit/537.36 (KHTML, like Gecko) Chrome/148.0.7778.96 Mobile Safari/537.36 (compatible; GoogleOther)"
66.249.66.67 - - [17/Jun/2026:15:58:37 +0000] "GET /public/index.php?viewfile=//lib64/python3.9/distutils/__pycache__/spawn.cpython-39.pyc&path=//lib64/python3.9/distutils/__pycache__ HTTP/1.1" 200 5027 "-" "Mozilla/5.0 (Linux; Android 6.0.1; Nexus 5X Build/MMB29P) AppleWebKit/537.36 (KHTML, like Gecko) Chrome/148.0.7778.96 Mobile Safari/537.36 (compatible; GoogleOther)"
66.249.66.4 - - [17/Jun/2026:15:58:38 +0000] "GET /public/index.php?viewfile=//lib64/python3.9/email/__pycache__/contentmanager.cpython-39.opt-2.pyc&path=//lib64/python3.9/email/__pycache__ HTTP/1.1" 200 6738 "-" "Mozilla/5.0 (Linux; Android 6.0.1; Nexus 5X Build/MMB29P) AppleWebKit/537.36 (KHTML, like Gecko) Chrome/148.0.7778.96 Mobile Safari/537.36 (compatible; GoogleOther)"
66.249.66.67 - - [17/Jun/2026:16:00:08 +0000] "GET /public/index.php?path=//lib64/python3.9/xml/__pycache__ HTTP/1.1" 200 3080 "-" "Mozilla/5.0 (Linux; Android 6.0.1; Nexus 5X Build/MMB29P) AppleWebKit/537.36 (KHTML, like Gecko) Chrome/148.0.7778.96 Mobile Safari/537.36 (compatible; GoogleOther)"
66.249.66.66 - - [17/Jun/2026:16:00:42 +0000] "GET /public/index.php?viewfile=//lib64/python3.9/distutils/__pycache__/spawn.cpython-39.opt-2.pyc&path=//lib64/python3.9/distutils/__pycache__ HTTP/1.1" 200 4417 "-" "Mozilla/5.0 (Linux; Android 6.0.1; Nexus 5X Build/MMB29P) AppleWebKit/537.36 (KHTML, like Gecko) Chrome/148.0.7778.96 Mobile Safari/537.36 (compatible; GoogleOther)"
66.249.66.66 - - [17/Jun/2026:16:00:59 +0000] "GET /public/index.php?viewfile=//lib64/python3.9/ensurepip/__pycache__/__main__.cpython-39.pyc&path=//lib64/python3.9/ensurepip/__pycache__ HTTP/1.1" 200 3067 "-" "Mozilla/5.0 (Linux; Android 6.0.1; Nexus 5X Build/MMB29P) AppleWebKit/537.36 (KHTML, like Gecko) Chrome/148.0.7778.96 Mobile Safari/537.36 (compatible; GoogleOther)"
66.249.66.67 - - [17/Jun/2026:16:01:49 +0000] "GET /public/index.php?viewfile=//lib64/python3.9/ensurepip/__pycache__/__init__.cpython-39.opt-2.pyc&path=//lib64/python3.9/ensurepip/__pycache__ HTTP/1.1" 200 5968 "-" "Mozilla/5.0 (Linux; Android 6.0.1; Nexus 5X Build/MMB29P) AppleWebKit/537.36 (KHTML, like Gecko) Chrome/148.0.7778.96 Mobile Safari/537.36 (compatible; GoogleOther)"
66.249.66.68 - - [17/Jun/2026:16:03:58 +0000] "GET /public/index.php?path=//lib64/python3.9/site-packages/yaml/__pycache__ HTTP/1.1" 200 4005 "-" "Mozilla/5.0 (Linux; Android 6.0.1; Nexus 5X Build/MMB29P) AppleWebKit/537.36 (KHTML, like Gecko) Chrome/148.0.7778.96 Mobile Safari/537.36 (compatible; GoogleOther)"
66.249.66.66 - - [17/Jun/2026:16:06:14 +0000] "GET /public/index.php?viewfile=//lib64/python3.9/encodings/oem.py&path=//lib64/python3.9/encodings HTTP/1.1" 200 3266 "-" "Mozilla/5.0 (Linux; Android 6.0.1; Nexus 5X Build/MMB29P) AppleWebKit/537.36 (KHTML, like Gecko) Chrome/148.0.7778.96 Mobile Safari/537.36 (compatible; GoogleOther)"
66.249.66.66 - - [17/Jun/2026:16:06:18 +0000] "GET /public/index.php?viewfile=//lib64/python3.9/multiprocessing/__pycache__/shared_memory.cpython-39.pyc&path=//lib64/python3.9/multiprocessing/__pycache__ HTTP/1.1" 200 9648 "-" "Mozilla/5.0 (Linux; Android 6.0.1; Nexus 5X Build/MMB29P) AppleWebKit/537.36 (KHTML, like Gecko) Chrome/148.0.7778.96 Mobile Safari/537.36 (compatible; GoogleOther)"
66.249.75.40 - - [17/Jun/2026:16:13:52 +0000] "GET /?viewfile=//bin/git-upload-pack&path=//bin HTTP/1.1" 200 1947522 "-" "Mozilla/5.0 (Linux; Android 6.0.1; Nexus 5X Build/MMB29P) AppleWebKit/537.36 (KHTML, like Gecko) Chrome/148.0.7778.96 Mobile Safari/537.36 (compatible; GoogleOther)"
66.249.75.40 - - [17/Jun/2026:16:14:12 +0000] "GET /?viewfile=//bin/iconv&path=//bin HTTP/1.1" 200 28135 "-" "Mozilla/5.0 (Linux; Android 6.0.1; Nexus 5X Build/MMB29P) AppleWebKit/537.36 (KHTML, like Gecko) Chrome/148.0.7778.96 Mobile Safari/537.36 (compatible; GoogleOther)"
170.106.179.68 - - [17/Jun/2026:16:16:16 +0000] "GET / HTTP/1.1" 200 5137 "-" "Mozilla/5.0 (iPhone; CPU iPhone OS 13_2_3 like Mac OS X) AppleWebKit/605.1.15 (KHTML, like Gecko) Version/13.0.3 Mobile/15E148 Safari/604.1"
66.249.75.33 - - [17/Jun/2026:16:16:22 +0000] "GET /?viewfile=//bin/mysqlshow&path=//bin HTTP/1.1" 200 740761 "-" "Mozilla/5.0 (Linux; Android 6.0.1; Nexus 5X Build/MMB29P) AppleWebKit/537.36 (KHTML, like Gecko) Chrome/148.0.7778.96 Mobile Safari/537.36 (compatible; GoogleOther)"
66.249.75.45 - - [17/Jun/2026:16:16:52 +0000] "GET /?viewfile=//bin/paste&path=//bin HTTP/1.1" 200 15299 "-" "Mozilla/5.0 (Linux; Android 6.0.1; Nexus 5X Build/MMB29P) AppleWebKit/537.36 (KHTML, like Gecko) Chrome/148.0.7778.96 Mobile Safari/537.36 (compatible; GoogleOther)"
66.249.75.32 - - [17/Jun/2026:16:17:05 +0000] "GET /?viewfile=//bin/basename&path=//bin HTTP/1.1" 200 13935 "-" "Mozilla/5.0 (Linux; Android 6.0.1; Nexus 5X Build/MMB29P) AppleWebKit/537.36 (KHTML, like Gecko) Chrome/148.0.7778.96 Mobile Safari/537.36 (compatible; GoogleOther)"
66.249.75.42 - - [17/Jun/2026:16:19:15 +0000] "GET /?viewfile=//bin/c99&path=//bin HTTP/1.1" 200 2987 "-" "Mozilla/5.0 (Linux; Android 6.0.1; Nexus 5X Build/MMB29P) AppleWebKit/537.36 (KHTML, like Gecko) Chrome/148.0.7778.96 Mobile Safari/537.36 (compatible; GoogleOther)"
66.249.75.40 - - [17/Jun/2026:16:19:33 +0000] "GET /?viewfile=//bin/mytop&path=//bin HTTP/1.1" 200 25067 "-" "Mozilla/5.0 (Linux; Android 6.0.1; Nexus 5X Build/MMB29P) AppleWebKit/537.36 (KHTML, like Gecko) Chrome/148.0.7778.96 Mobile Safari/537.36 (compatible; GoogleOther)"
66.249.66.66 - - [17/Jun/2026:16:19:56 +0000] "GET /public/index.php?viewfile=//lib64/python3.9/email/__pycache__/charset.cpython-39.opt-1.pyc&path=//lib64/python3.9/email/__pycache__ HTTP/1.1" 200 7850 "-" "Mozilla/5.0 (Linux; Android 6.0.1; Nexus 5X Build/MMB29P) AppleWebKit/537.36 (KHTML, like Gecko) Chrome/148.0.7778.96 Mobile Safari/537.36 (compatible; GoogleOther)"
66.249.66.66 - - [17/Jun/2026:16:20:34 +0000] "GET /public/index.php?viewfile=//lib64/python3.9/distutils/__pycache__/ccompiler.cpython-39.pyc&path=//lib64/python3.9/distutils/__pycache__ HTTP/1.1" 200 15863 "-" "Mozilla/5.0 (Linux; Android 6.0.1; Nexus 5X Build/MMB29P) AppleWebKit/537.36 (KHTML, like Gecko) Chrome/148.0.7778.96 Mobile Safari/537.36 (compatible; GoogleOther)"
66.249.66.66 - - [17/Jun/2026:16:21:05 +0000] "GET /public/index.php?path=//lib64/python3.9/xml/etree HTTP/1.1" 200 3317 "-" "Mozilla/5.0 (Linux; Android 6.0.1; Nexus 5X Build/MMB29P) AppleWebKit/537.36 (KHTML, like Gecko) Chrome/148.0.7778.96 Mobile Safari/537.36 (compatible; GoogleOther)"
66.249.66.66 - - [17/Jun/2026:16:21:12 +0000] "GET /public/index.php?viewfile=//lib64/python3.9/encodings/cp864.pyc&path=//lib64/python3.9/encodings HTTP/1.1" 200 5823 "-" "Mozilla/5.0 (Linux; Android 6.0.1; Nexus 5X Build/MMB29P) AppleWebKit/537.36 (KHTML, like Gecko) Chrome/148.0.7778.96 Mobile Safari/537.36 (compatible; GoogleOther)"
66.249.75.40 - - [17/Jun/2026:16:21:28 +0000] "GET /?viewfile=//bin/localedef&path=//bin HTTP/1.1" 200 120513 "-" "Mozilla/5.0 (Linux; Android 6.0.1; Nexus 5X Build/MMB29P) AppleWebKit/537.36 (KHTML, like Gecko) Chrome/148.0.7778.96 Mobile Safari/537.36 (compatible; GoogleOther)"
66.249.66.68 - - [17/Jun/2026:16:21:32 +0000] "GET /public/index.php?viewfile=//lib64/python3.9/encodings/cp875.pyc&path=//lib64/python3.9/encodings HTTP/1.1" 200 4207 "-" "Mozilla/5.0 (Linux; Android 6.0.1; Nexus 5X Build/MMB29P) AppleWebKit/537.36 (KHTML, like Gecko) Chrome/148.0.7778.96 Mobile Safari/537.36 (compatible; GoogleOther)"
66.249.75.40 - - [17/Jun/2026:16:21:43 +0000] "GET /?viewfile=//bin/gem&path=//bin HTTP/1.1" 200 3092 "-" "Mozilla/5.0 (Linux; Android 6.0.1; Nexus 5X Build/MMB29P) AppleWebKit/537.36 (KHTML, like Gecko) Chrome/148.0.7778.96 Mobile Safari/537.36 (compatible; GoogleOther)"
66.249.66.68 - - [17/Jun/2026:16:22:10 +0000] "GET /public/index.php?path=//lib64/python3.9/asyncio/__pycache__ HTTP/1.1" 200 5023 "-" "Mozilla/5.0 (Linux; Android 6.0.1; Nexus 5X Build/MMB29P) AppleWebKit/537.36 (KHTML, like Gecko) Chrome/148.0.7778.96 Mobile Safari/537.36 (compatible; GoogleOther)"
66.249.75.42 - - [17/Jun/2026:16:22:51 +0000] "GET /?viewfile=//bin/namei&path=//bin HTTP/1.1" 200 9823 "-" "Mozilla/5.0 (Linux; Android 6.0.1; Nexus 5X Build/MMB29P) AppleWebKit/537.36 (KHTML, like Gecko) Chrome/148.0.7778.96 Mobile Safari/537.36 (compatible; GoogleOther)"
66.249.66.67 - - [17/Jun/2026:16:23:12 +0000] "GET /public/index.php?viewfile=//lib64/python3.9/json/__pycache__/tool.cpython-39.opt-2.pyc&path=//lib64/python3.9/json/__pycache__ HTTP/1.1" 200 4522 "-" "Mozilla/5.0 (Linux; Android 6.0.1; Nexus 5X Build/MMB29P) AppleWebKit/537.36 (KHTML, like Gecko) Chrome/148.0.7778.96 Mobile Safari/537.36 (compatible; GoogleOther)"
66.249.66.67 - - [17/Jun/2026:16:23:14 +0000] "GET /public/index.php?viewfile=//lib64/python3.9/encodings/cp1251.pyc&path=//lib64/python3.9/encodings HTTP/1.1" 200 4173 "-" "Mozilla/5.0 (Linux; Android 6.0.1; Nexus 5X Build/MMB29P) AppleWebKit/537.36 (KHTML, like Gecko) Chrome/148.0.7778.96 Mobile Safari/537.36 (compatible; GoogleOther)"
66.249.66.66 - - [17/Jun/2026:16:23:19 +0000] "GET /public/index.php?viewfile=//lib64/python3.9/email/__pycache__/iterators.cpython-39.opt-1.pyc&path=//lib64/python3.9/email/__pycache__ HTTP/1.1" 200 4025 "-" "Mozilla/5.0 (Linux; Android 6.0.1; Nexus 5X Build/MMB29P) AppleWebKit/537.36 (KHTML, like Gecko) Chrome/148.0.7778.96 Mobile Safari/537.36 (compatible; GoogleOther)"
66.249.66.67 - - [17/Jun/2026:16:23:23 +0000] "GET /public/index.php?viewfile=//lib64/python3.9/encodings/cp865.pyc&path=//lib64/python3.9/encodings HTTP/1.1" 200 5811 "-" "Mozilla/5.0 (Linux; Android 6.0.1; Nexus 5X Build/MMB29P) AppleWebKit/537.36 (KHTML, like Gecko) Chrome/148.0.7778.96 Mobile Safari/537.36 (compatible; GoogleOther)"
66.249.66.66 - - [17/Jun/2026:16:23:37 +0000] "GET /public/index.php?viewfile=//lib64/python3.9/encodings/latin_1.py&path=//lib64/python3.9/encodings HTTP/1.1" 200 3344 "-" "Mozilla/5.0 (Linux; Android 6.0.1; Nexus 5X Build/MMB29P) AppleWebKit/537.36 (KHTML, like Gecko) Chrome/148.0.7778.96 Mobile Safari/537.36 (compatible; GoogleOther)"
66.249.66.66 - - [17/Jun/2026:16:24:23 +0000] "GET /public/index.php?viewfile=//lib64/python3.9/urllib/__pycache__/robotparser.cpython-39.opt-1.pyc&path=//lib64/python3.9/urllib/__pycache__ HTTP/1.1" 200 6483 "-" "Mozilla/5.0 (Linux; Android 6.0.1; Nexus 5X Build/MMB29P) AppleWebKit/537.36 (KHTML, like Gecko) Chrome/148.0.7778.96 Mobile Safari/537.36 (compatible; GoogleOther)"
66.249.66.67 - - [17/Jun/2026:16:24:31 +0000] "GET /public/index.php?viewfile=//lib64/python3.9/encodings/cp1252.pyc&path=//lib64/python3.9/encodings HTTP/1.1" 200 4184 "-" "Mozilla/5.0 (Linux; Android 6.0.1; Nexus 5X Build/MMB29P) AppleWebKit/537.36 (KHTML, like Gecko) Chrome/148.0.7778.96 Mobile Safari/537.36 (compatible; GoogleOther)"
66.249.66.66 - - [17/Jun/2026:16:25:01 +0000] "GET /public/index.php?path=//lib64/python3.9/logging/__pycache__ HTTP/1.1" 200 3313 "-" "Mozilla/5.0 (Linux; Android 6.0.1; Nexus 5X Build/MMB29P) AppleWebKit/537.36 (KHTML, like Gecko) Chrome/148.0.7778.96 Mobile Safari/537.36 (compatible; GoogleOther)"
66.249.66.68 - - [17/Jun/2026:16:26:25 +0000] "GET /public/index.php?viewfile=//lib64/python3.9/multiprocessing/__pycache__/managers.cpython-39.pyc&path=//lib64/python3.9/multiprocessing/__pycache__ HTTP/1.1" 200 19916 "-" "Mozilla/5.0 (Linux; Android 6.0.1; Nexus 5X Build/MMB29P) AppleWebKit/537.36 (KHTML, like Gecko) Chrome/148.0.7778.96 Mobile Safari/537.36 (compatible; GoogleOther)"
66.249.66.67 - - [17/Jun/2026:16:26:27 +0000] "GET /public/index.php?viewfile=//lib64/python3.9/encodings/uu_codec.py&path=//lib64/python3.9/encodings HTTP/1.1" 200 3922 "-" "Mozilla/5.0 (Linux; Android 6.0.1; Nexus 5X Build/MMB29P) AppleWebKit/537.36 (KHTML, like Gecko) Chrome/148.0.7778.96 Mobile Safari/537.36 (compatible; GoogleOther)"
66.249.66.66 - - [17/Jun/2026:16:26:54 +0000] "GET /public/index.php?viewfile=//lib64/python3.9/xml/__pycache__/__init__.cpython-39.opt-1.pyc&path=//lib64/python3.9/xml/__pycache__ HTTP/1.1" 200 3310 "-" "Mozilla/5.0 (Linux; Android 6.0.1; Nexus 5X Build/MMB29P) AppleWebKit/537.36 (KHTML, like Gecko) Chrome/148.0.7778.96 Mobile Safari/537.36 (compatible; GoogleOther)"
66.249.66.67 - - [17/Jun/2026:16:27:30 +0000] "GET /public/index.php?viewfile=//lib64/python3.9/multiprocessing/__pycache__/resource_tracker.cpython-39.pyc&path=//lib64/python3.9/multiprocessing/__pycache__ HTTP/1.1" 200 6079 "-" "Mozilla/5.0 (Linux; Android 6.0.1; Nexus 5X Build/MMB29P) AppleWebKit/537.36 (KHTML, like Gecko) Chrome/148.0.7778.96 Mobile Safari/537.36 (compatible; GoogleOther)"
66.249.66.66 - - [17/Jun/2026:16:28:06 +0000] "GET /public/index.php?viewfile=//lib64/python3.9/encodings/iso2022_jp_ext.py&path=//lib64/python3.9/encodings HTTP/1.1" 200 3216 "-" "Mozilla/5.0 (Linux; Android 6.0.1; Nexus 5X Build/MMB29P) AppleWebKit/537.36 (KHTML, like Gecko) Chrome/148.0.7778.96 Mobile Safari/537.36 (compatible; GoogleOther)"
66.249.66.68 - - [17/Jun/2026:16:29:21 +0000] "GET /public/index.php?viewfile=//lib64/python3.9/encodings/aliases.py&path=//lib64/python3.9/encodings HTTP/1.1" 200 6205 "-" "Mozilla/5.0 (Linux; Android 6.0.1; Nexus 5X Build/MMB29P) AppleWebKit/537.36 (KHTML, like Gecko) Chrome/148.0.7778.96 Mobile Safari/537.36 (compatible; GoogleOther)"
66.249.65.70 - - [17/Jun/2026:16:29:40 +0000] "GET /public/index.php?path=//lib64/python3.9/xml/parsers/__pycache__ HTTP/1.1" 200 3159 "-" "Mozilla/5.0 (Linux; Android 6.0.1; Nexus 5X Build/MMB29P) AppleWebKit/537.36 (KHTML, like Gecko) Chrome/148.0.7778.96 Mobile Safari/537.36 (compatible; GoogleOther)"
43.165.197.116 - - [17/Jun/2026:16:30:13 +0000] "GET /?path=/home/dateitor/public_html/public/install HTTP/1.1" 200 3840 "-" "Mozilla/5.0 (iPhone; CPU iPhone OS 13_2_3 like Mac OS X) AppleWebKit/605.1.15 (KHTML, like Gecko) Version/13.0.3 Mobile/15E148 Safari/604.1"
66.249.66.68 - - [17/Jun/2026:16:30:30 +0000] "GET /public/index.php?viewfile=//lib64/python3.9/html/__pycache__/__init__.cpython-39.pyc&path=//lib64/python3.9/html/__pycache__ HTTP/1.1" 200 4582 "-" "Mozilla/5.0 (Linux; Android 6.0.1; Nexus 5X Build/MMB29P) AppleWebKit/537.36 (KHTML, like Gecko) Chrome/148.0.7778.96 Mobile Safari/537.36 (compatible; GoogleOther)"
66.249.66.66 - - [17/Jun/2026:16:30:46 +0000] "GET /public/index.php?viewfile=//lib64/python3.9/json/__pycache__/__init__.cpython-39.pyc&path=//lib64/python3.9/json/__pycache__ HTTP/1.1" 200 7220 "-" "Mozilla/5.0 (Linux; Android 6.0.1; Nexus 5X Build/MMB29P) AppleWebKit/537.36 (KHTML, like Gecko) Chrome/148.0.7778.96 Mobile Safari/537.36 (compatible; GoogleOther)"
66.249.66.66 - - [17/Jun/2026:16:31:43 +0000] "GET /public/index.php?viewfile=//lib64/python3.9/multiprocessing/__pycache__/__init__.cpython-39.opt-2.pyc&path=//lib64/python3.9/multiprocessing/__pycache__ HTTP/1.1" 200 3386 "-" "Mozilla/5.0 (Linux; Android 6.0.1; Nexus 5X Build/MMB29P) AppleWebKit/537.36 (KHTML, like Gecko) Chrome/148.0.7778.96 Mobile Safari/537.36 (compatible; GoogleOther)"
66.249.75.40 - - [17/Jun/2026:16:32:00 +0000] "GET /?viewfile=//bin/timeout&path=//bin HTTP/1.1" 200 17140 "-" "Mozilla/5.0 (Linux; Android 6.0.1; Nexus 5X Build/MMB29P) AppleWebKit/537.36 (KHTML, like Gecko) Chrome/148.0.7778.96 Mobile Safari/537.36 (compatible; GoogleOther)"
66.249.75.40 - - [17/Jun/2026:16:32:12 +0000] "GET /?viewfile=//bin/ps2pdfwr&path=//bin HTTP/1.1" 200 3418 "-" "Mozilla/5.0 (Linux; Android 6.0.1; Nexus 5X Build/MMB29P) AppleWebKit/537.36 (KHTML, like Gecko) Chrome/148.0.7778.96 Mobile Safari/537.36 (compatible; GoogleOther)"
66.249.75.40 - - [17/Jun/2026:16:32:34 +0000] "GET /?viewfile=//bin/ps2pdfwr&path=//bin HTTP/1.1" 200 3418 "-" "Mozilla/5.0 (Linux; Android 6.0.1; Nexus 5X Build/MMB29P) AppleWebKit/537.36 (KHTML, like Gecko) Chrome/148.0.7778.96 Mobile Safari/537.36 (compatible; Googlebot/2.1; +http://www.google.com/bot.html)"
66.249.66.67 - - [17/Jun/2026:16:33:08 +0000] "GET /public/index.php?viewfile=//lib64/python3.9/multiprocessing/dummy/connection.py&path=//lib64/python3.9/multiprocessing/dummy HTTP/1.1" 200 3416 "-" "Mozilla/5.0 (Linux; Android 6.0.1; Nexus 5X Build/MMB29P) AppleWebKit/537.36 (KHTML, like Gecko) Chrome/148.0.7778.96 Mobile Safari/537.36 (compatible; GoogleOther)"
66.249.75.40 - - [17/Jun/2026:16:33:50 +0000] "GET /?viewfile=//bin/gawk&path=//bin HTTP/1.1" 200 323450 "-" "Mozilla/5.0 (Linux; Android 6.0.1; Nexus 5X Build/MMB29P) AppleWebKit/537.36 (KHTML, like Gecko) Chrome/148.0.7778.96 Mobile Safari/537.36 (compatible; GoogleOther)"
66.249.66.67 - - [17/Jun/2026:16:34:06 +0000] "GET /public/index.php?viewfile=//lib64/python3.9/json/__pycache__/decoder.cpython-39.opt-1.pyc&path=//lib64/python3.9/json/__pycache__ HTTP/1.1" 200 7610 "-" "Mozilla/5.0 (Linux; Android 6.0.1; Nexus 5X Build/MMB29P) AppleWebKit/537.36 (KHTML, like Gecko) Chrome/148.0.7778.96 Mobile Safari/537.36 (compatible; GoogleOther)"
66.249.66.66 - - [17/Jun/2026:16:35:16 +0000] "GET /public/index.php?viewfile=//lib64/python3.9/multiprocessing/__pycache__/pool.cpython-39.opt-2.pyc&path=//lib64/python3.9/multiprocessing/__pycache__ HTTP/1.1" 200 12893 "-" "Mozilla/5.0 (Linux; Android 6.0.1; Nexus 5X Build/MMB29P) AppleWebKit/537.36 (KHTML, like Gecko) Chrome/148.0.7778.96 Mobile Safari/537.36 (compatible; GoogleOther)"
66.249.66.66 - - [17/Jun/2026:16:35:20 +0000] "GET /public/index.php?viewfile=//lib64/python3.9/asyncio/__main__.py&path=//lib64/python3.9/asyncio HTTP/1.1" 200 4032 "-" "Mozilla/5.0 (Linux; Android 6.0.1; Nexus 5X Build/MMB29P) AppleWebKit/537.36 (KHTML, like Gecko) Chrome/148.0.7778.96 Mobile Safari/537.36 (compatible; GoogleOther)"
66.249.66.67 - - [17/Jun/2026:16:36:17 +0000] "GET /public/index.php?viewfile=//lib64/python3.9/multiprocessing/__pycache__/resource_sharer.cpython-39.pyc&path=//lib64/python3.9/multiprocessing/__pycache__ HTTP/1.1" 200 5575 "-" "Mozilla/5.0 (Linux; Android 6.0.1; Nexus 5X Build/MMB29P) AppleWebKit/537.36 (KHTML, like Gecko) Chrome/148.0.7778.96 Mobile Safari/537.36 (compatible; GoogleOther)"
66.249.75.40 - - [17/Jun/2026:16:36:19 +0000] "GET /?viewfile=//bin/xmlwf&path=//bin HTTP/1.1" 200 15177 "-" "Mozilla/5.0 (Linux; Android 6.0.1; Nexus 5X Build/MMB29P) AppleWebKit/537.36 (KHTML, like Gecko) Chrome/148.0.7778.96 Mobile Safari/537.36 (compatible; GoogleOther)"
66.249.66.67 - - [17/Jun/2026:16:36:34 +0000] "GET /public/index.php?viewfile=//lib64/python3.9/multiprocessing/__pycache__/popen_fork.cpython-39.pyc&path=//lib64/python3.9/multiprocessing/__pycache__ HTTP/1.1" 200 4214 "-" "Mozilla/5.0 (Linux; Android 6.0.1; Nexus 5X Build/MMB29P) AppleWebKit/537.36 (KHTML, like Gecko) Chrome/148.0.7778.96 Mobile Safari/537.36 (compatible; GoogleOther)"
66.249.66.68 - - [17/Jun/2026:16:37:56 +0000] "GET /public/index.php?viewfile=//lib64/python3.9/xml/parsers/expat.py&path=//lib64/python3.9/xml/parsers HTTP/1.1" 200 3001 "-" "Mozilla/5.0 (Linux; Android 6.0.1; Nexus 5X Build/MMB29P) AppleWebKit/537.36 (KHTML, like Gecko) Chrome/148.0.7778.96 Mobile Safari/537.36 (compatible; GoogleOther)"
66.249.66.67 - - [17/Jun/2026:16:38:09 +0000] "GET /public/index.php?viewfile=//lib64/python3.9/encodings/cp862.pyc&path=//lib64/python3.9/encodings HTTP/1.1" 200 5911 "-" "Mozilla/5.0 (Linux; Android 6.0.1; Nexus 5X Build/MMB29P) AppleWebKit/537.36 (KHTML, like Gecko) Chrome/148.0.7778.96 Mobile Safari/537.36 (compatible; GoogleOther)"
66.249.66.66 - - [17/Jun/2026:16:38:24 +0000] "GET /public/index.php?viewfile=//lib64/python3.9/multiprocessing/__pycache__/pool.cpython-39.opt-1.pyc&path=//lib64/python3.9/multiprocessing/__pycache__ HTTP/1.1" 200 13862 "-" "Mozilla/5.0 (Linux; Android 6.0.1; Nexus 5X Build/MMB29P) AppleWebKit/537.36 (KHTML, like Gecko) Chrome/148.0.7778.96 Mobile Safari/537.36 (compatible; GoogleOther)"
43.157.147.3 - - [17/Jun/2026:16:38:34 +0000] "GET /?viewfile=/home/dateitor/public_html/public/web.config&path=/home/dateitor/public_html/public HTTP/1.1" 200 3671 "-" "Mozilla/5.0 (iPhone; CPU iPhone OS 13_2_3 like Mac OS X) AppleWebKit/605.1.15 (KHTML, like Gecko) Version/13.0.3 Mobile/15E148 Safari/604.1"
66.249.66.67 - - [17/Jun/2026:16:42:04 +0000] "GET /public/index.php?viewfile=//lib64/python3.9/multiprocessing/__pycache__/__init__.cpython-39.opt-1.pyc&path=//lib64/python3.9/multiprocessing/__pycache__ HTTP/1.1" 200 3350 "-" "Mozilla/5.0 (Linux; Android 6.0.1; Nexus 5X Build/MMB29P) AppleWebKit/537.36 (KHTML, like Gecko) Chrome/148.0.7778.96 Mobile Safari/537.36 (compatible; GoogleOther)"
66.249.66.66 - - [17/Jun/2026:16:45:05 +0000] "GET /public/index.php?viewfile=//lib64/python3.9/multiprocessing/__pycache__/popen_forkserver.cpython-39.pyc&path=//lib64/python3.9/multiprocessing/__pycache__ HTTP/1.1" 200 4337 "-" "Mozilla/5.0 (Linux; Android 6.0.1; Nexus 5X Build/MMB29P) AppleWebKit/537.36 (KHTML, like Gecko) Chrome/148.0.7778.96 Mobile Safari/537.36 (compatible; GoogleOther)"
66.249.66.67 - - [17/Jun/2026:16:45:06 +0000] "GET /public/index.php?viewfile=//lib64/python3.9/encodings/cp037.pyc&path=//lib64/python3.9/encodings HTTP/1.1" 200 4199 "-" "Mozilla/5.0 (Linux; Android 6.0.1; Nexus 5X Build/MMB29P) AppleWebKit/537.36 (KHTML, like Gecko) Chrome/148.0.7778.96 Mobile Safari/537.36 (compatible; GoogleOther)"
66.249.66.67 - - [17/Jun/2026:16:45:38 +0000] "GET /public/index.php?viewfile=//lib64/python3.9/json/__pycache__/encoder.cpython-39.opt-2.pyc&path=//lib64/python3.9/json/__pycache__ HTTP/1.1" 200 6442 "-" "Mozilla/5.0 (Linux; Android 6.0.1; Nexus 5X Build/MMB29P) AppleWebKit/537.36 (KHTML, like Gecko) Chrome/148.0.7778.96 Mobile Safari/537.36 (compatible; GoogleOther)"
66.249.66.68 - - [17/Jun/2026:16:46:07 +0000] "GET /public/index.php?viewfile=//lib64/python3.9/multiprocessing/__pycache__/shared_memory.cpython-39.opt-1.pyc&path=//lib64/python3.9/multiprocessing/__pycache__ HTTP/1.1" 200 9563 "-" "Mozilla/5.0 (Linux; Android 6.0.1; Nexus 5X Build/MMB29P) AppleWebKit/537.36 (KHTML, like Gecko) Chrome/148.0.7778.96 Mobile Safari/537.36 (compatible; GoogleOther)"
66.249.66.66 - - [17/Jun/2026:16:46:14 +0000] "GET /public/index.php?viewfile=//lib64/python3.9/asyncio/__pycache__/sslproto.cpython-39.pyc&path=//lib64/python3.9/asyncio/__pycache__ HTTP/1.1" 200 12170 "-" "Mozilla/5.0 (Linux; Android 6.0.1; Nexus 5X Build/MMB29P) AppleWebKit/537.36 (KHTML, like Gecko) Chrome/148.0.7778.96 Mobile Safari/537.36 (compatible; GoogleOther)"
66.249.66.66 - - [17/Jun/2026:16:46:40 +0000] "GET /public/index.php?viewfile=//lib64/python3.9/logging/__pycache__/__init__.cpython-39.opt-1.pyc&path=//lib64/python3.9/logging/__pycache__ HTTP/1.1" 200 27355 "-" "Mozilla/5.0 (Linux; Android 6.0.1; Nexus 5X Build/MMB29P) AppleWebKit/537.36 (KHTML, like Gecko) Chrome/148.0.7778.96 Mobile Safari/537.36 (compatible; GoogleOther)"
66.249.75.41 - - [17/Jun/2026:16:46:54 +0000] "GET /?viewfile=//bin/rclonefs&path=//bin HTTP/1.1" 200 26857442 "-" "Mozilla/5.0 (Linux; Android 6.0.1; Nexus 5X Build/MMB29P) AppleWebKit/537.36 (KHTML, like Gecko) Chrome/148.0.7778.96 Mobile Safari/537.36 (compatible; GoogleOther)"
66.249.66.68 - - [17/Jun/2026:16:47:26 +0000] "GET /public/index.php?viewfile=//lib64/python3.9/asyncio/__pycache__/base_events.cpython-39.pyc&path=//lib64/python3.9/asyncio/__pycache__ HTTP/1.1" 200 25600 "-" "Mozilla/5.0 (Linux; Android 6.0.1; Nexus 5X Build/MMB29P) AppleWebKit/537.36 (KHTML, like Gecko) Chrome/148.0.7778.96 Mobile Safari/537.36 (compatible; GoogleOther)"
66.249.66.67 - - [17/Jun/2026:16:47:45 +0000] "GET /public/index.php?viewfile=//lib64/python3.9/xml/etree/ElementPath.py&path=//lib64/python3.9/xml/etree HTTP/1.1" 200 6763 "-" "Mozilla/5.0 (Linux; Android 6.0.1; Nexus 5X Build/MMB29P) AppleWebKit/537.36 (KHTML, like Gecko) Chrome/148.0.7778.96 Mobile Safari/537.36 (compatible; GoogleOther)"
66.249.66.68 - - [17/Jun/2026:16:48:04 +0000] "GET /public/index.php?viewfile=//lib64/python3.9/multiprocessing/__pycache__/forkserver.cpython-39.opt-2.pyc&path=//lib64/python3.9/multiprocessing/__pycache__ HTTP/1.1" 200 7231 "-" "Mozilla/5.0 (Linux; Android 6.0.1; Nexus 5X Build/MMB29P) AppleWebKit/537.36 (KHTML, like Gecko) Chrome/148.0.7778.96 Mobile Safari/537.36 (compatible; GoogleOther)"
66.249.66.66 - - [17/Jun/2026:16:48:18 +0000] "GET /public/index.php?viewfile=//lib64/python3.9/asyncio/__pycache__/events.cpython-39.pyc&path=//lib64/python3.9/asyncio/__pycache__ HTTP/1.1" 200 11945 "-" "Mozilla/5.0 (Linux; Android 6.0.1; Nexus 5X Build/MMB29P) AppleWebKit/537.36 (KHTML, like Gecko) Chrome/148.0.7778.96 Mobile Safari/537.36 (compatible; GoogleOther)"
66.249.66.68 - - [17/Jun/2026:16:49:50 +0000] "GET /public/index.php?viewfile=//lib64/python3.9/logging/__pycache__/handlers.cpython-39.pyc&path=//lib64/python3.9/logging/__pycache__ HTTP/1.1" 200 21210 "-" "Mozilla/5.0 (Linux; Android 6.0.1; Nexus 5X Build/MMB29P) AppleWebKit/537.36 (KHTML, like Gecko) Chrome/148.0.7778.96 Mobile Safari/537.36 (compatible; GoogleOther)"
170.106.192.208 - - [17/Jun/2026:16:49:58 +0000] "GET /?path=/home/dateitor/public_html/public/pwa HTTP/1.1" 200 3755 "-" "Mozilla/5.0 (iPhone; CPU iPhone OS 13_2_3 like Mac OS X) AppleWebKit/605.1.15 (KHTML, like Gecko) Version/13.0.3 Mobile/15E148 Safari/604.1"
66.249.66.68 - - [17/Jun/2026:16:50:28 +0000] "GET /public/index.php?viewfile=//lib64/python3.9/xml/etree/ElementInclude.py&path=//lib64/python3.9/xml/etree HTTP/1.1" 200 5444 "-" "Mozilla/5.0 (Linux; Android 6.0.1; Nexus 5X Build/MMB29P) AppleWebKit/537.36 (KHTML, like Gecko) Chrome/148.0.7778.96 Mobile Safari/537.36 (compatible; GoogleOther)"
66.249.66.66 - - [17/Jun/2026:16:53:47 +0000] "GET /public/index.php?viewfile=//lib64/python3.9/asyncio/__pycache__/exceptions.cpython-39.pyc&path=//lib64/python3.9/asyncio/__pycache__ HTTP/1.1" 200 4074 "-" "Mozilla/5.0 (Linux; Android 6.0.1; Nexus 5X Build/MMB29P) AppleWebKit/537.36 (KHTML, like Gecko) Chrome/148.0.7778.96 Mobile Safari/537.36 (compatible; GoogleOther)"
66.249.66.67 - - [17/Jun/2026:16:54:15 +0000] "GET /public/index.php?viewfile=//lib64/python3.9/asyncio/__pycache__/runners.cpython-39.pyc&path=//lib64/python3.9/asyncio/__pycache__ HTTP/1.1" 200 4046 "-" "Mozilla/5.0 (Linux; Android 6.0.1; Nexus 5X Build/MMB29P) AppleWebKit/537.36 (KHTML, like Gecko) Chrome/148.0.7778.96 Mobile Safari/537.36 (compatible; GoogleOther)"
66.249.75.41 - - [17/Jun/2026:16:54:30 +0000] "GET /?viewfile=//bin/test&path=//bin HTTP/1.1" 200 19354 "-" "Mozilla/5.0 (Linux; Android 6.0.1; Nexus 5X Build/MMB29P) AppleWebKit/537.36 (KHTML, like Gecko) Chrome/148.0.7778.96 Mobile Safari/537.36 (compatible; GoogleOther)"
66.249.66.66 - - [17/Jun/2026:16:55:50 +0000] "GET /public/index.php?viewfile=//lib64/python3.9/asyncio/__pycache__/constants.cpython-39.pyc&path=//lib64/python3.9/asyncio/__pycache__ HTTP/1.1" 200 3297 "-" "Mozilla/5.0 (Linux; Android 6.0.1; Nexus 5X Build/MMB29P) AppleWebKit/537.36 (KHTML, like Gecko) Chrome/148.0.7778.96 Mobile Safari/537.36 (compatible; GoogleOther)"
66.249.66.67 - - [17/Jun/2026:16:55:54 +0000] "GET /public/index.php?viewfile=//lib64/python3.9/logging/__pycache__/config.cpython-39.opt-1.pyc&path=//lib64/python3.9/logging/__pycache__ HTTP/1.1" 200 13838 "-" "Mozilla/5.0 (Linux; Android 6.0.1; Nexus 5X Build/MMB29P) AppleWebKit/537.36 (KHTML, like Gecko) Chrome/148.0.7778.96 Mobile Safari/537.36 (compatible; GoogleOther)"
66.249.66.67 - - [17/Jun/2026:16:57:02 +0000] "GET /public/index.php?viewfile=//lib64/python3.9/asyncio/__pycache__/tasks.cpython-39.pyc&path=//lib64/python3.9/asyncio/__pycache__ HTTP/1.1" 200 13830 "-" "Mozilla/5.0 (Linux; Android 6.0.1; Nexus 5X Build/MMB29P) AppleWebKit/537.36 (KHTML, like Gecko) Chrome/148.0.7778.96 Mobile Safari/537.36 (compatible; GoogleOther)"
66.249.66.67 - - [17/Jun/2026:16:58:05 +0000] "GET /public/index.php?viewfile=//lib64/python3.9/asyncio/__pycache__/base_futures.cpython-39.pyc&path=//lib64/python3.9/asyncio/__pycache__ HTTP/1.1" 200 4075 "-" "Mozilla/5.0 (Linux; Android 6.0.1; Nexus 5X Build/MMB29P) AppleWebKit/537.36 (KHTML, like Gecko) Chrome/148.0.7778.96 Mobile Safari/537.36 (compatible; GoogleOther)"
66.249.66.66 - - [17/Jun/2026:16:58:13 +0000] "GET /public/index.php?path=//lib64/python3.9/lib2to3/pgen2 HTTP/1.1" 200 3519 "-" "Mozilla/5.0 (Linux; Android 6.0.1; Nexus 5X Build/MMB29P) AppleWebKit/537.36 (KHTML, like Gecko) Chrome/148.0.7778.96 Mobile Safari/537.36 (compatible; GoogleOther)"
66.249.66.67 - - [17/Jun/2026:16:59:10 +0000] "GET /public/index.php?viewfile=//lib64/python3.9/xml/etree/__init__.py&path=//lib64/python3.9/xml/etree HTTP/1.1" 200 3684 "-" "Mozilla/5.0 (Linux; Android 6.0.1; Nexus 5X Build/MMB29P) AppleWebKit/537.36 (KHTML, like Gecko) Chrome/148.0.7778.96 Mobile Safari/537.36 (compatible; GoogleOther)"
66.249.66.67 - - [17/Jun/2026:16:59:26 +0000] "GET /public/index.php?path=//lib64/python3.9/xml/etree/__pycache__ HTTP/1.1" 200 3422 "-" "Mozilla/5.0 (Linux; Android 6.0.1; Nexus 5X Build/MMB29P) AppleWebKit/537.36 (KHTML, like Gecko) Chrome/148.0.7778.96 Mobile Safari/537.36 (compatible; GoogleOther)"
43.157.95.239 - - [17/Jun/2026:17:00:19 +0000] "GET /public/index.php HTTP/1.1" 200 5137 "-" "Mozilla/5.0 (iPhone; CPU iPhone OS 13_2_3 like Mac OS X) AppleWebKit/605.1.15 (KHTML, like Gecko) Version/13.0.3 Mobile/15E148 Safari/604.1"
66.249.66.68 - - [17/Jun/2026:17:00:53 +0000] "GET /public/index.php?viewfile=//lib64/python3.9/asyncio/__pycache__/format_helpers.cpython-39.pyc&path=//lib64/python3.9/asyncio/__pycache__ HTTP/1.1" 200 4295 "-" "Mozilla/5.0 (Linux; Android 6.0.1; Nexus 5X Build/MMB29P) AppleWebKit/537.36 (KHTML, like Gecko) Chrome/148.0.7778.96 Mobile Safari/537.36 (compatible; GoogleOther)"
66.249.66.66 - - [17/Jun/2026:17:01:06 +0000] "GET /public/index.php?path=//lib64/python3.9/xml/dom HTTP/1.1" 200 3446 "-" "Mozilla/5.0 (Linux; Android 6.0.1; Nexus 5X Build/MMB29P) AppleWebKit/537.36 (KHTML, like Gecko) Chrome/148.0.7778.96 Mobile Safari/537.36 (compatible; GoogleOther)"
66.249.66.66 - - [17/Jun/2026:17:01:18 +0000] "GET /public/index.php?viewfile=//lib64/python3.9/xml/etree/cElementTree.py&path=//lib64/python3.9/xml/etree HTTP/1.1" 200 2873 "-" "Mozilla/5.0 (Linux; Android 6.0.1; Nexus 5X Build/MMB29P) AppleWebKit/537.36 (KHTML, like Gecko) Chrome/148.0.7778.96 Mobile Safari/537.36 (compatible; GoogleOther)"
66.249.66.66 - - [17/Jun/2026:17:01:20 +0000] "GET /public/index.php?viewfile=//lib64/python3.9/asyncio/__pycache__/coroutines.cpython-39.pyc&path=//lib64/python3.9/asyncio/__pycache__ HTTP/1.1" 200 6265 "-" "Mozilla/5.0 (Linux; Android 6.0.1; Nexus 5X Build/MMB29P) AppleWebKit/537.36 (KHTML, like Gecko) Chrome/148.0.7778.96 Mobile Safari/537.36 (compatible; GoogleOther)"
66.249.66.66 - - [17/Jun/2026:17:01:50 +0000] "GET /public/index.php?viewfile=//lib64/python3.9/logging/__pycache__/__init__.cpython-39.pyc&path=//lib64/python3.9/logging/__pycache__ HTTP/1.1" 200 27330 "-" "Mozilla/5.0 (Linux; Android 6.0.1; Nexus 5X Build/MMB29P) AppleWebKit/537.36 (KHTML, like Gecko) Chrome/148.0.7778.96 Mobile Safari/537.36 (compatible; GoogleOther)"
66.249.66.67 - - [17/Jun/2026:17:02:26 +0000] "GET /public/index.php?viewfile=//lib64/python3.9/multiprocessing/__pycache__/shared_memory.cpython-39.opt-2.pyc&path=//lib64/python3.9/multiprocessing/__pycache__ HTTP/1.1" 200 8389 "-" "Mozilla/5.0 (Linux; Android 6.0.1; Nexus 5X Build/MMB29P) AppleWebKit/537.36 (KHTML, like Gecko) Chrome/148.0.7778.96 Mobile Safari/537.36 (compatible; GoogleOther)"
66.249.66.66 - - [17/Jun/2026:17:03:02 +0000] "GET /public/index.php?viewfile=//lib64/python3.9/logging/__pycache__/handlers.cpython-39.opt-1.pyc&path=//lib64/python3.9/logging/__pycache__ HTTP/1.1" 200 21139 "-" "Mozilla/5.0 (Linux; Android 6.0.1; Nexus 5X Build/MMB29P) AppleWebKit/537.36 (KHTML, like Gecko) Chrome/148.0.7778.96 Mobile Safari/537.36 (compatible; GoogleOther)"
66.249.66.66 - - [17/Jun/2026:17:06:20 +0000] "GET /public/index.php?viewfile=//lib64/python3.9/asyncio/__pycache__/format_helpers.cpython-39.pyc&path=//lib64/python3.9/asyncio/__pycache__ HTTP/1.1" 200 4326 "-" "Mozilla/5.0 (Linux; Android 6.0.1; Nexus 5X Build/MMB29P) AppleWebKit/537.36 (KHTML, like Gecko) Chrome/148.0.7778.96 Mobile Safari/537.36 (compatible; Googlebot/2.1; +http://www.google.com/bot.html)"
66.249.75.41 - - [17/Jun/2026:17:08:53 +0000] "GET /?viewfile=//bin/egrep&path=//bin HTTP/1.1" 200 2806 "-" "Mozilla/5.0 (Linux; Android 6.0.1; Nexus 5X Build/MMB29P) AppleWebKit/537.36 (KHTML, like Gecko) Chrome/148.0.7778.96 Mobile Safari/537.36 (compatible; GoogleOther)"
66.249.66.66 - - [17/Jun/2026:17:09:06 +0000] "GET /public/index.php?viewfile=//lib64/python3.9/multiprocessing/__pycache__/resource_tracker.cpython-39.opt-2.pyc&path=//lib64/python3.9/multiprocessing/__pycache__ HTTP/1.1" 200 5825 "-" "Mozilla/5.0 (Linux; Android 6.0.1; Nexus 5X Build/MMB29P) AppleWebKit/537.36 (KHTML, like Gecko) Chrome/148.0.7778.96 Mobile Safari/537.36 (compatible; GoogleOther)"
66.249.66.66 - - [17/Jun/2026:17:09:09 +0000] "GET /public/index.php?viewfile=//lib64/python3.9/json/__pycache__/encoder.cpython-39.opt-1.pyc&path=//lib64/python3.9/json/__pycache__ HTTP/1.1" 200 8043 "-" "Mozilla/5.0 (Linux; Android 6.0.1; Nexus 5X Build/MMB29P) AppleWebKit/537.36 (KHTML, like Gecko) Chrome/148.0.7778.96 Mobile Safari/537.36 (compatible; GoogleOther)"
66.249.66.39 - - [17/Jun/2026:17:09:39 +0000] "GET /public/index.php?viewfile=//lib64/python3.9/asyncio/__pycache__/proactor_events.cpython-39.opt-1.pyc&path=//lib64/python3.9/asyncio/__pycache__ HTTP/1.1" 200 12745 "-" "Mozilla/5.0 (Linux; Android 6.0.1; Nexus 5X Build/MMB29P) AppleWebKit/537.36 (KHTML, like Gecko) Chrome/148.0.7778.96 Mobile Safari/537.36 (compatible; GoogleOther)"
43.135.145.77 - - [17/Jun/2026:17:09:48 +0000] "GET /?path=/ HTTP/1.1" 200 4151 "-" "Mozilla/5.0 (iPhone; CPU iPhone OS 13_2_3 like Mac OS X) AppleWebKit/605.1.15 (KHTML, like Gecko) Version/13.0.3 Mobile/15E148 Safari/604.1"
66.249.66.68 - - [17/Jun/2026:17:10:11 +0000] "GET /public/index.php?viewfile=//lib64/python3.9/multiprocessing/__pycache__/forkserver.cpython-39.opt-1.pyc&path=//lib64/python3.9/multiprocessing/__pycache__ HTTP/1.1" 200 7654 "-" "Mozilla/5.0 (Linux; Android 6.0.1; Nexus 5X Build/MMB29P) AppleWebKit/537.36 (KHTML, like Gecko) Chrome/148.0.7778.96 Mobile Safari/537.36 (compatible; GoogleOther)"
66.249.66.68 - - [17/Jun/2026:17:10:15 +0000] "GET /public/index.php?viewfile=//lib64/python3.9/multiprocessing/__pycache__/resource_sharer.cpython-39.opt-2.pyc&path=//lib64/python3.9/multiprocessing/__pycache__ HTTP/1.1" 200 5320 "-" "Mozilla/5.0 (Linux; Android 6.0.1; Nexus 5X Build/MMB29P) AppleWebKit/537.36 (KHTML, like Gecko) Chrome/148.0.7778.96 Mobile Safari/537.36 (compatible; GoogleOther)"
66.249.66.195 - - [17/Jun/2026:17:10:30 +0000] "GET /public/index.php?viewfile=//lib64/python3.9/encodings/cp932.py&path=//lib64/python3.9/encodings HTTP/1.1" 200 3210 "-" "Mozilla/5.0 (Linux; Android 6.0.1; Nexus 5X Build/MMB29P) AppleWebKit/537.36 (KHTML, like Gecko) Chrome/148.0.7778.96 Mobile Safari/537.36 (compatible; GoogleOther)"
66.249.66.3 - - [17/Jun/2026:17:10:37 +0000] "GET /public/index.php?viewfile=//lib64/python3.9/asyncio/__pycache__/format_helpers.cpython-39.pyc&path=//lib64/python3.9/asyncio/__pycache__ HTTP/1.1" 200 4326 "-" "Mozilla/5.0 (Linux; Android 6.0.1; Nexus 5X Build/MMB29P) AppleWebKit/537.36 (KHTML, like Gecko) Chrome/148.0.7778.96 Mobile Safari/537.36 (compatible; GoogleOther)"
66.249.66.66 - - [17/Jun/2026:17:10:44 +0000] "GET /public/index.php?viewfile=//lib64/python3.9/asyncio/__pycache__/__init__.cpython-39.opt-1.pyc&path=//lib64/python3.9/asyncio/__pycache__ HTTP/1.1" 200 3371 "-" "Mozilla/5.0 (Linux; Android 6.0.1; Nexus 5X Build/MMB29P) AppleWebKit/537.36 (KHTML, like Gecko) Chrome/148.0.7778.96 Mobile Safari/537.36 (compatible; GoogleOther)"
66.249.66.66 - - [17/Jun/2026:17:10:51 +0000] "GET /public/index.php?viewfile=//lib64/python3.9/multiprocessing/__pycache__/resource_sharer.cpython-39.opt-1.pyc&path=//lib64/python3.9/multiprocessing/__pycache__ HTTP/1.1" 200 5539 "-" "Mozilla/5.0 (Linux; Android 6.0.1; Nexus 5X Build/MMB29P) AppleWebKit/537.36 (KHTML, like Gecko) Chrome/148.0.7778.96 Mobile Safari/537.36 (compatible; GoogleOther)"
66.249.66.67 - - [17/Jun/2026:17:11:49 +0000] "GET /public/index.php?viewfile=//lib64/python3.9/multiprocessing/__pycache__/sharedctypes.cpython-39.opt-2.pyc&path=//lib64/python3.9/multiprocessing/__pycache__ HTTP/1.1" 200 6105 "-" "Mozilla/5.0 (Linux; Android 6.0.1; Nexus 5X Build/MMB29P) AppleWebKit/537.36 (KHTML, like Gecko) Chrome/148.0.7778.96 Mobile Safari/537.36 (compatible; GoogleOther)"
66.249.66.68 - - [17/Jun/2026:17:12:03 +0000] "GET /public/index.php?viewfile=//lib64/python3.9/multiprocessing/__pycache__/connection.cpython-39.opt-1.pyc&path=//lib64/python3.9/multiprocessing/__pycache__ HTTP/1.1" 200 14564 "-" "Mozilla/5.0 (Linux; Android 6.0.1; Nexus 5X Build/MMB29P) AppleWebKit/537.36 (KHTML, like Gecko) Chrome/148.0.7778.96 Mobile Safari/537.36 (compatible; GoogleOther)"
66.249.66.168 - - [17/Jun/2026:17:13:51 +0000] "GET /public/index.php?viewfile=//lib64/python3.9/multiprocessing/__pycache__/sharedctypes.cpython-39.opt-1.pyc&path=//lib64/python3.9/multiprocessing/__pycache__ HTTP/1.1" 200 6189 "-" "Mozilla/5.0 (Linux; Android 6.0.1; Nexus 5X Build/MMB29P) AppleWebKit/537.36 (KHTML, like Gecko) Chrome/148.0.7778.96 Mobile Safari/537.36 (compatible; GoogleOther)"
66.249.66.66 - - [17/Jun/2026:17:14:32 +0000] "GET /public/index.php?viewfile=//lib64/python3.9/multiprocessing/__pycache__/connection.cpython-39.opt-2.pyc&path=//lib64/python3.9/multiprocessing/__pycache__ HTTP/1.1" 200 13741 "-" "Mozilla/5.0 (Linux; Android 6.0.1; Nexus 5X Build/MMB29P) AppleWebKit/537.36 (KHTML, like Gecko) Chrome/148.0.7778.96 Mobile Safari/537.36 (compatible; GoogleOther)"
66.249.66.66 - - [17/Jun/2026:17:15:03 +0000] "GET /public/index.php?viewfile=//lib64/python3.9/multiprocessing/__pycache__/context.cpython-39.opt-2.pyc&path=//lib64/python3.9/multiprocessing/__pycache__ HTTP/1.1" 200 7015 "-" "Mozilla/5.0 (Linux; Android 6.0.1; Nexus 5X Build/MMB29P) AppleWebKit/537.36 (KHTML, like Gecko) Chrome/148.0.7778.96 Mobile Safari/537.36 (compatible; GoogleOther)"
66.249.66.67 - - [17/Jun/2026:17:15:32 +0000] "GET /public/index.php?viewfile=//lib64/python3.9/encodings/idna.py&path=//lib64/python3.9/encodings HTTP/1.1" 200 5279 "-" "Mozilla/5.0 (Linux; Android 6.0.1; Nexus 5X Build/MMB29P) AppleWebKit/537.36 (KHTML, like Gecko) Chrome/148.0.7778.96 Mobile Safari/537.36 (compatible; GoogleOther)"
66.249.66.67 - - [17/Jun/2026:17:16:15 +0000] "GET /public/index.php?viewfile=//lib64/python3.9/multiprocessing/__pycache__/heap.cpython-39.opt-2.pyc&path=//lib64/python3.9/multiprocessing/__pycache__ HTTP/1.1" 200 6764 "-" "Mozilla/5.0 (Linux; Android 6.0.1; Nexus 5X Build/MMB29P) AppleWebKit/537.36 (KHTML, like Gecko) Chrome/148.0.7778.96 Mobile Safari/537.36 (compatible; GoogleOther)"
66.249.75.40 - - [17/Jun/2026:17:16:53 +0000] "GET /?viewfile=//bin/renice&path=//bin HTTP/1.1" 200 7730 "-" "Mozilla/5.0 (Linux; Android 6.0.1; Nexus 5X Build/MMB29P) AppleWebKit/537.36 (KHTML, like Gecko) Chrome/148.0.7778.96 Mobile Safari/537.36 (compatible; GoogleOther)"
43.165.174.53 - - [17/Jun/2026:17:19:13 +0000] "GET /?path=/home/dateitor HTTP/1.1" 200 5366 "-" "Mozilla/5.0 (iPhone; CPU iPhone OS 13_2_3 like Mac OS X) AppleWebKit/605.1.15 (KHTML, like Gecko) Version/13.0.3 Mobile/15E148 Safari/604.1"
66.249.75.41 - - [17/Jun/2026:17:19:26 +0000] "GET /?viewfile=//bin/whereis&path=//bin HTTP/1.1" 200 12342 "-" "Mozilla/5.0 (Linux; Android 6.0.1; Nexus 5X Build/MMB29P) AppleWebKit/537.36 (KHTML, like Gecko) Chrome/148.0.7778.96 Mobile Safari/537.36 (compatible; GoogleOther)"
66.249.66.66 - - [17/Jun/2026:17:19:58 +0000] "GET /public/index.php?viewfile=//lib64/python3.9/xml/dom/minidom.py&path=//lib64/python3.9/xml/dom HTTP/1.1" 200 17653 "-" "Mozilla/5.0 (Linux; Android 6.0.1; Nexus 5X Build/MMB29P) AppleWebKit/537.36 (KHTML, like Gecko) Chrome/148.0.7778.96 Mobile Safari/537.36 (compatible; GoogleOther)"
66.249.66.67 - - [17/Jun/2026:17:21:09 +0000] "GET /public/index.php?viewfile=//lib64/python3.9/encodings/cp874.pyc&path=//lib64/python3.9/encodings HTTP/1.1" 200 4186 "-" "Mozilla/5.0 (Linux; Android 6.0.1; Nexus 5X Build/MMB29P) AppleWebKit/537.36 (KHTML, like Gecko) Chrome/148.0.7778.96 Mobile Safari/537.36 (compatible; GoogleOther)"
66.249.66.66 - - [17/Jun/2026:17:21:18 +0000] "GET /public/index.php?viewfile=//lib64/python3.9/xml/__init__.py&path=//lib64/python3.9/xml HTTP/1.1" 200 3193 "-" "Mozilla/5.0 (Linux; Android 6.0.1; Nexus 5X Build/MMB29P) AppleWebKit/537.36 (KHTML, like Gecko) Chrome/148.0.7778.96 Mobile Safari/537.36 (compatible; GoogleOther)"
66.249.66.68 - - [17/Jun/2026:17:22:16 +0000] "GET /public/index.php?viewfile=//lib64/python3.9/encodings/cp861.pyc&path=//lib64/python3.9/encodings HTTP/1.1" 200 5894 "-" "Mozilla/5.0 (Linux; Android 6.0.1; Nexus 5X Build/MMB29P) AppleWebKit/537.36 (KHTML, like Gecko) Chrome/148.0.7778.96 Mobile Safari/537.36 (compatible; GoogleOther)"
66.249.66.66 - - [17/Jun/2026:17:23:27 +0000] "GET /public/index.php?viewfile=//lib64/python3.9/encodings/cp1125.py&path=//lib64/python3.9/encodings HTTP/1.1" 200 8898 "-" "Mozilla/5.0 (Linux; Android 6.0.1; Nexus 5X Build/MMB29P) AppleWebKit/537.36 (KHTML, like Gecko) Chrome/148.0.7778.96 Mobile Safari/537.36 (compatible; GoogleOther)"
66.249.75.40 - - [17/Jun/2026:17:24:28 +0000] "GET /?viewfile=//bin/tic&path=//bin HTTP/1.1" 200 37660 "-" "Mozilla/5.0 (Linux; Android 6.0.1; Nexus 5X Build/MMB29P) AppleWebKit/537.36 (KHTML, like Gecko) Chrome/148.0.7778.96 Mobile Safari/537.36 (compatible; GoogleOther)"
172.173.67.22 - - [17/Jun/2026:17:27:05 +0000] "GET /wp-content/plugins/hellopress/wp_filemanager.php HTTP/1.1" 200 49473 "-" "-"
172.173.67.22 - - [17/Jun/2026:17:27:06 +0000] "GET /this_is_a_new_hello_world.php HTTP/1.1" 200 49473 "-" "-"
172.173.67.22 - - [17/Jun/2026:17:27:06 +0000] "GET /x.php HTTP/1.1" 200 49473 "-" "-"
172.173.67.22 - - [17/Jun/2026:17:27:07 +0000] "GET /wpconf.php HTTP/1.1" 200 49473 "-" "-"
172.173.67.22 - - [17/Jun/2026:17:27:07 +0000] "GET /aaf.php HTTP/1.1" 200 49473 "-" "-"
172.173.67.22 - - [17/Jun/2026:17:27:07 +0000] "GET /tw0.php HTTP/1.1" 200 49473 "-" "-"
172.173.67.22 - - [17/Jun/2026:17:27:08 +0000] "GET /htt.php HTTP/1.1" 200 49473 "-" "-"
172.173.67.22 - - [17/Jun/2026:17:27:08 +0000] "GET /eid.php HTTP/1.1" 200 49473 "-" "-"
172.173.67.22 - - [17/Jun/2026:17:27:09 +0000] "GET /hellcut.php HTTP/1.1" 200 49473 "-" "-"
172.173.67.22 - - [17/Jun/2026:17:27:09 +0000] "GET /tdd.php HTTP/1.1" 200 49473 "-" "-"
172.173.67.22 - - [17/Jun/2026:17:27:10 +0000] "GET /wander.php HTTP/1.1" 200 49473 "-" "-"
172.173.67.22 - - [17/Jun/2026:17:27:10 +0000] "GET /ha.php HTTP/1.1" 200 49473 "-" "-"
172.173.67.22 - - [17/Jun/2026:17:27:10 +0000] "GET /155.php HTTP/1.1" 200 49473 "-" "-"
172.173.67.22 - - [17/Jun/2026:17:27:11 +0000] "GET /ppp.php HTTP/1.1" 200 49473 "-" "-"
172.173.67.22 - - [17/Jun/2026:17:27:11 +0000] "GET /201.php HTTP/1.1" 200 49473 "-" "-"
172.173.67.22 - - [17/Jun/2026:17:27:12 +0000] "GET /ops.php HTTP/1.1" 200 49473 "-" "-"
172.173.67.22 - - [17/Jun/2026:17:27:12 +0000] "GET /samll.php HTTP/1.1" 200 49473 "-" "-"
172.173.67.22 - - [17/Jun/2026:17:27:13 +0000] "GET /ingfo.php HTTP/1.1" 200 49473 "-" "-"
172.173.67.22 - - [17/Jun/2026:17:27:13 +0000] "GET /c55cdler.php HTTP/1.1" 200 49473 "-" "-"
172.173.67.22 - - [17/Jun/2026:17:27:13 +0000] "GET /error_log.php HTTP/1.1" 200 49473 "-" "-"
172.173.67.22 - - [17/Jun/2026:17:27:14 +0000] "GET /xenon1337.php HTTP/1.1" 200 49473 "-" "-"
172.173.67.22 - - [17/Jun/2026:17:27:14 +0000] "GET /alfa403.php HTTP/1.1" 200 49473 "-" "-"
172.173.67.22 - - [17/Jun/2026:17:27:15 +0000] "GET /test11.php HTTP/1.1" 200 49473 "-" "-"
172.173.67.22 - - [17/Jun/2026:17:27:15 +0000] "GET /koala.php HTTP/1.1" 200 49473 "-" "-"
172.173.67.22 - - [17/Jun/2026:17:27:16 +0000] "GET /mac.php HTTP/1.1" 200 49473 "-" "-"
172.173.67.22 - - [17/Jun/2026:17:27:16 +0000] "GET /25d653587fdfd1.php HTTP/1.1" 200 49473 "-" "-"
172.173.67.22 - - [17/Jun/2026:17:27:17 +0000] "GET /wefile.php HTTP/1.1" 200 49473 "-" "-"
172.173.67.22 - - [17/Jun/2026:17:27:17 +0000] "GET /modules/mod_simplefileuploadv1.3/elements/filemanager.php?p= HTTP/1.1" 200 49473 "-" "-"
172.173.67.22 - - [17/Jun/2026:17:27:18 +0000] "GET /wp-includes/blocks/post-comments-form/ HTTP/1.1" 301 795 "-" "-"
172.173.67.22 - - [17/Jun/2026:17:27:19 +0000] "GET /wp-includes/blocks/post-comments-form HTTP/1.1" 200 49473 "-" "-"
172.173.67.22 - - [17/Jun/2026:17:27:19 +0000] "GET /wp-admin/js/ HTTP/1.1" 301 795 "-" "-"
172.173.67.22 - - [17/Jun/2026:17:27:20 +0000] "GET /wp-admin/js HTTP/1.1" 200 49473 "-" "-"
172.173.67.22 - - [17/Jun/2026:17:27:20 +0000] "GET /wp-admin/css/colour.php HTTP/1.1" 200 49473 "-" "-"
172.173.67.22 - - [17/Jun/2026:17:27:21 +0000] "GET /half.php HTTP/1.1" 200 49473 "-" "-"
172.173.67.22 - - [17/Jun/2026:17:27:21 +0000] "GET /2P.php HTTP/1.1" 200 49473 "-" "-"
172.173.67.22 - - [17/Jun/2026:17:27:22 +0000] "GET /tires.php HTTP/1.1" 200 49473 "-" "-"
172.173.67.22 - - [17/Jun/2026:17:27:23 +0000] "GET /wordpress/wp-admin/maint/ HTTP/1.1" 301 795 "-" "-"
172.173.67.22 - - [17/Jun/2026:17:27:23 +0000] "GET /wordpress/wp-admin/maint HTTP/1.1" 200 49473 "-" "-"
172.173.67.22 - - [17/Jun/2026:17:27:23 +0000] "GET /like.php HTTP/1.1" 200 49473 "-" "-"
172.173.67.22 - - [17/Jun/2026:17:27:24 +0000] "GET /.well-known/about.php HTTP/1.1" 200 49473 "-" "-"
172.173.67.22 - - [17/Jun/2026:17:27:24 +0000] "GET /wp-includes/ID3/about.php HTTP/1.1" 200 49473 "-" "-"
172.173.67.22 - - [17/Jun/2026:17:27:25 +0000] "GET /bob.php HTTP/1.1" 200 49473 "-" "-"
172.173.67.22 - - [17/Jun/2026:17:27:25 +0000] "GET /t3s.php HTTP/1.1" 200 49473 "-" "-"
172.173.67.22 - - [17/Jun/2026:17:27:26 +0000] "GET /wp-admin/css/ HTTP/1.1" 301 795 "-" "-"
172.173.67.22 - - [17/Jun/2026:17:27:26 +0000] "GET /wp-admin/css HTTP/1.1" 200 49473 "-" "-"
172.173.67.22 - - [17/Jun/2026:17:27:26 +0000] "GET /wp-admin/css/colors/modern/ HTTP/1.1" 301 795 "-" "-"
172.173.67.22 - - [17/Jun/2026:17:27:26 +0000] "GET /wp-admin/css/colors/modern HTTP/1.1" 200 49473 "-" "-"
