D7net
Home
Console
Upload
information
Create File
Create Folder
About
Tools
:
/
proc
/
thread-self
/
root
/
proc
/
3023066
/
cwd
/
access-logs
/
Filename :
dateitor.com
back
Copy
66.249.66.68 - - [17/Jun/2026:12:17:10 +0000] "GET /public/index.php?viewfile=//lib64/python3.9/opcode.py&path=//lib64/python3.9 HTTP/1.1" 200 4999 "-" "Mozilla/5.0 (Linux; Android 6.0.1; Nexus 5X Build/MMB29P) AppleWebKit/537.36 (KHTML, like Gecko) Chrome/148.0.7778.96 Mobile Safari/537.36 (compatible; GoogleOther)"
66.249.66.66 - - [17/Jun/2026:12:18:09 +0000] "GET /public/index.php?viewfile=//lib64/python3.9/operator.py&path=//lib64/python3.9 HTTP/1.1" 200 5914 "-" "Mozilla/5.0 (Linux; Android 6.0.1; Nexus 5X Build/MMB29P) AppleWebKit/537.36 (KHTML, like Gecko) Chrome/148.0.7778.96 Mobile Safari/537.36 (compatible; GoogleOther)"
66.249.66.67 - - [17/Jun/2026:12:20:27 +0000] "GET /public/index.php?viewfile=//lib64/python3.9/importlib/_bootstrap_external.py&path=//lib64/python3.9/importlib HTTP/1.1" 200 21722 "-" "Mozilla/5.0 (Linux; Android 6.0.1; Nexus 5X Build/MMB29P) AppleWebKit/537.36 (KHTML, like Gecko) Chrome/148.0.7778.96 Mobile Safari/537.36 (compatible; GoogleOther)"
66.249.66.66 - - [17/Jun/2026:12:20:33 +0000] "GET /public/index.php?viewfile=//lib64/python3.9/urllib/__pycache__/robotparser.cpython-39.pyc&path=//lib64/python3.9/urllib/__pycache__ HTTP/1.1" 200 6487 "-" "Mozilla/5.0 (Linux; Android 6.0.1; Nexus 5X Build/MMB29P) AppleWebKit/537.36 (KHTML, like Gecko) Chrome/148.0.7778.96 Mobile Safari/537.36 (compatible; GoogleOther)"
66.249.66.66 - - [17/Jun/2026:12:21:56 +0000] "GET /public/index.php?viewfile=//lib64/python3.9/http/__pycache__/client.cpython-39.opt-1.pyc&path=//lib64/python3.9/http/__pycache__ HTTP/1.1" 200 18501 "-" "Mozilla/5.0 (Linux; Android 6.0.1; Nexus 5X Build/MMB29P) AppleWebKit/537.36 (KHTML, like Gecko) Chrome/148.0.7778.96 Mobile Safari/537.36 (compatible; GoogleOther)"
66.249.66.67 - - [17/Jun/2026:12:23:06 +0000] "GET /public/index.php?path=//lib64/python3.9/collections HTTP/1.1" 200 3219 "-" "Mozilla/5.0 (Linux; Android 6.0.1; Nexus 5X Build/MMB29P) AppleWebKit/537.36 (KHTML, like Gecko) Chrome/148.0.7778.96 Mobile Safari/537.36 (compatible; GoogleOther)"
66.249.66.67 - - [17/Jun/2026:12:23:57 +0000] "GET /public/index.php?viewfile=//lib64/python3.9/sre_parse.py&path=//lib64/python3.9 HTTP/1.1" 200 11591 "-" "Mozilla/5.0 (Linux; Android 6.0.1; Nexus 5X Build/MMB29P) AppleWebKit/537.36 (KHTML, like Gecko) Chrome/148.0.7778.96 Mobile Safari/537.36 (compatible; GoogleOther)"
66.249.66.66 - - [17/Jun/2026:12:32:15 +0000] "GET /public/index.php?viewfile=//lib64/python3.9/importlib/_common.py&path=//lib64/python3.9/importlib HTTP/1.1" 200 3448 "-" "Mozilla/5.0 (Linux; Android 6.0.1; Nexus 5X Build/MMB29P) AppleWebKit/537.36 (KHTML, like Gecko) Chrome/148.0.7778.96 Mobile Safari/537.36 (compatible; GoogleOther)"
66.249.66.67 - - [17/Jun/2026:12:32:33 +0000] "GET /public/index.php?viewfile=//lib64/python3.9/shutil.py&path=//lib64/python3.9 HTTP/1.1" 200 17835 "-" "Mozilla/5.0 (Linux; Android 6.0.1; Nexus 5X Build/MMB29P) AppleWebKit/537.36 (KHTML, like Gecko) Chrome/148.0.7778.96 Mobile Safari/537.36 (compatible; GoogleOther)"
66.249.66.66 - - [17/Jun/2026:12:32:34 +0000] "GET /public/index.php?viewfile=//lib64/python3.9/pty.py&path=//lib64/python3.9 HTTP/1.1" 200 4463 "-" "Mozilla/5.0 (Linux; Android 6.0.1; Nexus 5X Build/MMB29P) AppleWebKit/537.36 (KHTML, like Gecko) Chrome/148.0.7778.96 Mobile Safari/537.36 (compatible; GoogleOther)"
66.249.66.66 - - [17/Jun/2026:12:34:26 +0000] "GET /public/index.php?viewfile=//lib64/python3.9/importlib/_bootstrap.py&path=//lib64/python3.9/importlib HTTP/1.1" 200 13550 "-" "Mozilla/5.0 (Linux; Android 6.0.1; Nexus 5X Build/MMB29P) AppleWebKit/537.36 (KHTML, like Gecko) Chrome/148.0.7778.96 Mobile Safari/537.36 (compatible; GoogleOther)"
66.249.66.66 - - [17/Jun/2026:12:35:18 +0000] "GET /public/index.php?viewfile=//lib64/python3.9/bdb.py&path=//lib64/python3.9 HTTP/1.1" 200 11218 "-" "Mozilla/5.0 (Linux; Android 6.0.1; Nexus 5X Build/MMB29P) AppleWebKit/537.36 (KHTML, like Gecko) Chrome/148.0.7778.96 Mobile Safari/537.36 (compatible; GoogleOther)"
66.249.66.66 - - [17/Jun/2026:12:35:32 +0000] "GET /public/index.php?viewfile=//lib64/python3.9/smtpd.py&path=//lib64/python3.9 HTTP/1.1" 200 12001 "-" "Mozilla/5.0 (Linux; Android 6.0.1; Nexus 5X Build/MMB29P) AppleWebKit/537.36 (KHTML, like Gecko) Chrome/148.0.7778.96 Mobile Safari/537.36 (compatible; GoogleOther)"
66.249.66.68 - - [17/Jun/2026:12:37:34 +0000] "GET /public/index.php?viewfile=//lib64/python3.9/configparser.py&path=//lib64/python3.9 HTTP/1.1" 200 16076 "-" "Mozilla/5.0 (Linux; Android 6.0.1; Nexus 5X Build/MMB29P) AppleWebKit/537.36 (KHTML, like Gecko) Chrome/148.0.7778.96 Mobile Safari/537.36 (compatible; GoogleOther)"
66.249.66.67 - - [17/Jun/2026:12:39:04 +0000] "GET /public/index.php?path=//lib64/python3.9/multiprocessing/dummy HTTP/1.1" 200 3247 "-" "Mozilla/5.0 (Linux; Android 6.0.1; Nexus 5X Build/MMB29P) AppleWebKit/537.36 (KHTML, like Gecko) Chrome/148.0.7778.96 Mobile Safari/537.36 (compatible; GoogleOther)"
66.249.66.66 - - [17/Jun/2026:12:40:32 +0000] "GET /public/index.php?viewfile=//lib64/python3.9/datetime.py&path=//lib64/python3.9 HTTP/1.1" 200 25452 "-" "Mozilla/5.0 (Linux; Android 6.0.1; Nexus 5X Build/MMB29P) AppleWebKit/537.36 (KHTML, like Gecko) Chrome/148.0.7778.96 Mobile Safari/537.36 (compatible; GoogleOther)"
66.249.66.68 - - [17/Jun/2026:12:42:07 +0000] "GET /public/index.php?viewfile=//lib64/python3.9/_py_abc.py&path=//lib64/python3.9 HTTP/1.1" 200 4757 "-" "Mozilla/5.0 (Linux; Android 6.0.1; Nexus 5X Build/MMB29P) AppleWebKit/537.36 (KHTML, like Gecko) Chrome/148.0.7778.96 Mobile Safari/537.36 (compatible; GoogleOther)"
66.249.66.66 - - [17/Jun/2026:12:43:02 +0000] "GET /public/index.php?viewfile=//lib64/python3.9/sndhdr.py&path=//lib64/python3.9 HTTP/1.1" 200 5377 "-" "Mozilla/5.0 (Linux; Android 6.0.1; Nexus 5X Build/MMB29P) AppleWebKit/537.36 (KHTML, like Gecko) Chrome/148.0.7778.96 Mobile Safari/537.36 (compatible; GoogleOther)"
66.249.66.66 - - [17/Jun/2026:12:47:17 +0000] "GET /public/index.php?viewfile=//lib64/python3.9/profile.py&path=//lib64/python3.9 HTTP/1.1" 200 10153 "-" "Mozilla/5.0 (Linux; Android 6.0.1; Nexus 5X Build/MMB29P) AppleWebKit/537.36 (KHTML, like Gecko) Chrome/148.0.7778.96 Mobile Safari/537.36 (compatible; GoogleOther)"
66.249.66.66 - - [17/Jun/2026:12:47:48 +0000] "GET /public/index.php?viewfile=//lib64/python3.9/__pycache__/getpass.cpython-39.opt-2.pyc&path=//lib64/python3.9/__pycache__ HTTP/1.1" 200 4860 "-" "Mozilla/5.0 (Linux; Android 6.0.1; Nexus 5X Build/MMB29P) AppleWebKit/537.36 (KHTML, like Gecko) Chrome/148.0.7778.96 Mobile Safari/537.36 (compatible; GoogleOther)"
66.249.66.66 - - [17/Jun/2026:12:47:50 +0000] "GET /public/index.php?viewfile=//lib64/python3.9/multiprocessing/__pycache__/process.cpython-39.opt-2.pyc&path=//lib64/python3.9/multiprocessing/__pycache__ HTTP/1.1" 200 7222 "-" "Mozilla/5.0 (Linux; Android 6.0.1; Nexus 5X Build/MMB29P) AppleWebKit/537.36 (KHTML, like Gecko) Chrome/148.0.7778.96 Mobile Safari/537.36 (compatible; GoogleOther)"
66.249.66.66 - - [17/Jun/2026:12:48:00 +0000] "GET /public/index.php?viewfile=//lib64/python3.9/importlib/__init__.py&path=//lib64/python3.9/importlib HTTP/1.1" 200 4841 "-" "Mozilla/5.0 (Linux; Android 6.0.1; Nexus 5X Build/MMB29P) AppleWebKit/537.36 (KHTML, like Gecko) Chrome/148.0.7778.96 Mobile Safari/537.36 (compatible; GoogleOther)"
66.249.66.66 - - [17/Jun/2026:12:48:06 +0000] "GET /public/index.php?viewfile=//lib64/python3.9/multiprocessing/__pycache__/sharedctypes.cpython-39.pyc&path=//lib64/python3.9/multiprocessing/__pycache__ HTTP/1.1" 200 6219 "-" "Mozilla/5.0 (Linux; Android 6.0.1; Nexus 5X Build/MMB29P) AppleWebKit/537.36 (KHTML, like Gecko) Chrome/148.0.7778.96 Mobile Safari/537.36 (compatible; GoogleOther)"
66.249.66.66 - - [17/Jun/2026:12:48:19 +0000] "GET /public/index.php?viewfile=//lib64/python3.9/email/__pycache__/parser.cpython-39.opt-1.pyc&path=//lib64/python3.9/email/__pycache__ HTTP/1.1" 200 4811 "-" "Mozilla/5.0 (Linux; Android 6.0.1; Nexus 5X Build/MMB29P) AppleWebKit/537.36 (KHTML, like Gecko) Chrome/148.0.7778.96 Mobile Safari/537.36 (compatible; GoogleOther)"
66.249.66.66 - - [17/Jun/2026:12:48:34 +0000] "GET /public/index.php?path=//lib64/python3.9/distutils HTTP/1.1" 200 4081 "-" "Mozilla/5.0 (Linux; Android 6.0.1; Nexus 5X Build/MMB29P) AppleWebKit/537.36 (KHTML, like Gecko) Chrome/148.0.7778.96 Mobile Safari/537.36 (compatible; GoogleOther)"
66.249.66.66 - - [17/Jun/2026:12:49:05 +0000] "GET /?viewfile=//opt/alt/tests/alt-php82-pecl-imagick_3.8.1-17.el9/tests/275_ImagickPixel_unitializedObjects.phpt&path=//opt/alt/tests/alt-php82-pecl-imagick_3.8.1-17.el9/tests HTTP/1.1" 200 3789 "-" "Mozilla/5.0 (Linux; Android 6.0.1; Nexus 5X Build/MMB29P) AppleWebKit/537.36 (KHTML, like Gecko) Chrome/148.0.7778.96 Mobile Safari/537.36 (compatible; GoogleOther)"
66.249.66.66 - - [17/Jun/2026:12:49:12 +0000] "GET /public/index.php?viewfile=//lib64/python3.9/multiprocessing/__pycache__/popen_forkserver.cpython-39.opt-1.pyc&path=//lib64/python3.9/multiprocessing/__pycache__ HTTP/1.1" 200 4376 "-" "Mozilla/5.0 (Linux; Android 6.0.1; Nexus 5X Build/MMB29P) AppleWebKit/537.36 (KHTML, like Gecko) Chrome/148.0.7778.96 Mobile Safari/537.36 (compatible; GoogleOther)"
66.249.66.66 - - [17/Jun/2026:12:49:20 +0000] "GET /public/index.php?viewfile=//lib64/python3.9/tarfile.py&path=//lib64/python3.9 HTTP/1.1" 200 31808 "-" "Mozilla/5.0 (Linux; Android 6.0.1; Nexus 5X Build/MMB29P) AppleWebKit/537.36 (KHTML, like Gecko) Chrome/148.0.7778.96 Mobile Safari/537.36 (compatible; GoogleOther)"
66.249.66.66 - - [17/Jun/2026:12:49:57 +0000] "GET /public/index.php?viewfile=//lib64/python3.9/hmac.py&path=//lib64/python3.9 HTTP/1.1" 200 5216 "-" "Mozilla/5.0 (Linux; Android 6.0.1; Nexus 5X Build/MMB29P) AppleWebKit/537.36 (KHTML, like Gecko) Chrome/148.0.7778.96 Mobile Safari/537.36 (compatible; GoogleOther)"
66.249.66.66 - - [17/Jun/2026:12:50:52 +0000] "GET /public/index.php?path=//lib64/perl5/vendor_perl/Text HTTP/1.1" 200 3061 "-" "Mozilla/5.0 (Linux; Android 6.0.1; Nexus 5X Build/MMB29P) AppleWebKit/537.36 (KHTML, like Gecko) Chrome/148.0.7778.96 Mobile Safari/537.36 (compatible; GoogleOther)"
66.249.66.67 - - [17/Jun/2026:12:51:18 +0000] "GET /public/index.php?viewfile=//lib64/python3.9/multiprocessing/__pycache__/managers.cpython-39.opt-1.pyc&path=//lib64/python3.9/multiprocessing/__pycache__ HTTP/1.1" 200 19813 "-" "Mozilla/5.0 (Linux; Android 6.0.1; Nexus 5X Build/MMB29P) AppleWebKit/537.36 (KHTML, like Gecko) Chrome/148.0.7778.96 Mobile Safari/537.36 (compatible; GoogleOther)"
66.249.66.66 - - [17/Jun/2026:12:51:25 +0000] "GET /public/index.php?viewfile=//lib64/python3.9/quopri.py&path=//lib64/python3.9 HTTP/1.1" 200 5301 "-" "Mozilla/5.0 (Linux; Android 6.0.1; Nexus 5X Build/MMB29P) AppleWebKit/537.36 (KHTML, like Gecko) Chrome/148.0.7778.96 Mobile Safari/537.36 (compatible; GoogleOther)"
66.249.66.68 - - [17/Jun/2026:12:52:01 +0000] "GET /public/index.php?viewfile=//lib64/python3.9/http/__pycache__/cookies.cpython-39.opt-1.pyc&path=//lib64/python3.9/http/__pycache__ HTTP/1.1" 200 9998 "-" "Mozilla/5.0 (Linux; Android 6.0.1; Nexus 5X Build/MMB29P) AppleWebKit/537.36 (KHTML, like Gecko) Chrome/148.0.7778.96 Mobile Safari/537.36 (compatible; GoogleOther)"
66.249.66.67 - - [17/Jun/2026:12:53:13 +0000] "GET /public/index.php?path=//lib64/python3.9/site-packages/yaml HTTP/1.1" 200 3872 "-" "Mozilla/5.0 (Linux; Android 6.0.1; Nexus 5X Build/MMB29P) AppleWebKit/537.36 (KHTML, like Gecko) Chrome/148.0.7778.96 Mobile Safari/537.36 (compatible; GoogleOther)"
66.249.66.67 - - [17/Jun/2026:12:53:21 +0000] "GET /public/index.php?viewfile=//lib64/python3.9/functools.py&path=//lib64/python3.9 HTTP/1.1" 200 13610 "-" "Mozilla/5.0 (Linux; Android 6.0.1; Nexus 5X Build/MMB29P) AppleWebKit/537.36 (KHTML, like Gecko) Chrome/148.0.7778.96 Mobile Safari/537.36 (compatible; GoogleOther)"
66.249.66.66 - - [17/Jun/2026:12:54:22 +0000] "GET /public/index.php?viewfile=//lib64/python3.9/multiprocessing/__pycache__/queues.cpython-39.pyc&path=//lib64/python3.9/multiprocessing/__pycache__ HTTP/1.1" 200 7677 "-" "Mozilla/5.0 (Linux; Android 6.0.1; Nexus 5X Build/MMB29P) AppleWebKit/537.36 (KHTML, like Gecko) Chrome/148.0.7778.96 Mobile Safari/537.36 (compatible; GoogleOther)"
66.249.66.66 - - [17/Jun/2026:12:54:42 +0000] "GET /public/index.php?viewfile=//lib64/python3.9/_weakrefset.py&path=//lib64/python3.9 HTTP/1.1" 200 4231 "-" "Mozilla/5.0 (Linux; Android 6.0.1; Nexus 5X Build/MMB29P) AppleWebKit/537.36 (KHTML, like Gecko) Chrome/148.0.7778.96 Mobile Safari/537.36 (compatible; GoogleOther)"
66.249.66.66 - - [17/Jun/2026:12:55:50 +0000] "GET /public/index.php?viewfile=//lib64/python3.9/pickletools.py&path=//lib64/python3.9 HTTP/1.1" 200 25944 "-" "Mozilla/5.0 (Linux; Android 6.0.1; Nexus 5X Build/MMB29P) AppleWebKit/537.36 (KHTML, like Gecko) Chrome/148.0.7778.96 Mobile Safari/537.36 (compatible; GoogleOther)"
66.249.66.66 - - [17/Jun/2026:12:57:28 +0000] "GET /public/index.php?viewfile=//lib64/python3.9/colorsys.py&path=//lib64/python3.9 HTTP/1.1" 200 4351 "-" "Mozilla/5.0 (Linux; Android 6.0.1; Nexus 5X Build/MMB29P) AppleWebKit/537.36 (KHTML, like Gecko) Chrome/148.0.7778.96 Mobile Safari/537.36 (compatible; GoogleOther)"
66.249.66.67 - - [17/Jun/2026:12:57:29 +0000] "GET /public/index.php?viewfile=//lib64/python3.9/email/__pycache__/headerregistry.cpython-39.opt-2.pyc&path=//lib64/python3.9/email/__pycache__ HTTP/1.1" 200 8943 "-" "Mozilla/5.0 (Linux; Android 6.0.1; Nexus 5X Build/MMB29P) AppleWebKit/537.36 (KHTML, like Gecko) Chrome/148.0.7778.96 Mobile Safari/537.36 (compatible; GoogleOther)"
66.249.66.66 - - [17/Jun/2026:12:57:58 +0000] "GET /?viewfile=//opt/alt/tests/alt-php82-pecl-imagick_3.8.1-17.el9/tests/bug_66098.phpt&path=//opt/alt/tests/alt-php82-pecl-imagick_3.8.1-17.el9/tests HTTP/1.1" 200 3093 "-" "Mozilla/5.0 (Linux; Android 6.0.1; Nexus 5X Build/MMB29P) AppleWebKit/537.36 (KHTML, like Gecko) Chrome/148.0.7778.96 Mobile Safari/537.36 (compatible; GoogleOther)"
66.249.66.68 - - [17/Jun/2026:12:58:43 +0000] "GET /public/index.php?viewfile=//lib64/python3.9/linecache.py&path=//lib64/python3.9 HTTP/1.1" 200 4590 "-" "Mozilla/5.0 (Linux; Android 6.0.1; Nexus 5X Build/MMB29P) AppleWebKit/537.36 (KHTML, like Gecko) Chrome/148.0.7778.96 Mobile Safari/537.36 (compatible; GoogleOther)"
66.249.66.68 - - [17/Jun/2026:13:00:03 +0000] "GET /public/index.php?viewfile=//lib64/python3.9/symtable.py&path=//lib64/python3.9 HTTP/1.1" 200 4901 "-" "Mozilla/5.0 (Linux; Android 6.0.1; Nexus 5X Build/MMB29P) AppleWebKit/537.36 (KHTML, like Gecko) Chrome/148.0.7778.96 Mobile Safari/537.36 (compatible; GoogleOther)"
66.249.66.67 - - [17/Jun/2026:13:00:15 +0000] "GET /public/index.php?viewfile=//lib64/python3.9/http/__pycache__/server.cpython-39.opt-2.pyc&path=//lib64/python3.9/http/__pycache__ HTTP/1.1" 200 15060 "-" "Mozilla/5.0 (Linux; Android 6.0.1; Nexus 5X Build/MMB29P) AppleWebKit/537.36 (KHTML, like Gecko) Chrome/148.0.7778.96 Mobile Safari/537.36 (compatible; GoogleOther)"
66.249.66.66 - - [17/Jun/2026:13:00:20 +0000] "GET /?viewfile=//opt/alt/tests/alt-php82-pecl-imagick_3.8.1-17.el9/tests/191_ImagickDraw_push_basic.phpt&path=//opt/alt/tests/alt-php82-pecl-imagick_3.8.1-17.el9/tests HTTP/1.1" 200 3362 "-" "Mozilla/5.0 (Linux; Android 6.0.1; Nexus 5X Build/MMB29P) AppleWebKit/537.36 (KHTML, like Gecko) Chrome/148.0.7778.96 Mobile Safari/537.36 (compatible; GoogleOther)"
66.249.66.67 - - [17/Jun/2026:13:01:23 +0000] "GET /public/index.php?viewfile=//lib64/python3.9/multiprocessing/__pycache__/connection.cpython-39.pyc&path=//lib64/python3.9/multiprocessing/__pycache__ HTTP/1.1" 200 14735 "-" "Mozilla/5.0 (Linux; Android 6.0.1; Nexus 5X Build/MMB29P) AppleWebKit/537.36 (KHTML, like Gecko) Chrome/148.0.7778.96 Mobile Safari/537.36 (compatible; GoogleOther)"
66.249.66.67 - - [17/Jun/2026:13:01:43 +0000] "GET /public/index.php?viewfile=//lib64/python3.9/runpy.py&path=//lib64/python3.9 HTTP/1.1" 200 7067 "-" "Mozilla/5.0 (Linux; Android 6.0.1; Nexus 5X Build/MMB29P) AppleWebKit/537.36 (KHTML, like Gecko) Chrome/148.0.7778.96 Mobile Safari/537.36 (compatible; GoogleOther)"
66.249.66.68 - - [17/Jun/2026:13:04:09 +0000] "GET /public/index.php?viewfile=//lib64/python3.9/fractions.py&path=//lib64/python3.9 HTTP/1.1" 200 9830 "-" "Mozilla/5.0 (Linux; Android 6.0.1; Nexus 5X Build/MMB29P) AppleWebKit/537.36 (KHTML, like Gecko) Chrome/148.0.7778.96 Mobile Safari/537.36 (compatible; GoogleOther)"
66.249.66.66 - - [17/Jun/2026:13:04:41 +0000] "GET /public/index.php?viewfile=//lib64/python3.9/shelve.py&path=//lib64/python3.9 HTTP/1.1" 200 5610 "-" "Mozilla/5.0 (Linux; Android 6.0.1; Nexus 5X Build/MMB29P) AppleWebKit/537.36 (KHTML, like Gecko) Chrome/148.0.7778.96 Mobile Safari/537.36 (compatible; GoogleOther)"
66.249.66.68 - - [17/Jun/2026:13:05:15 +0000] "GET /?viewfile=//opt/alt/tests/alt-php82-pecl-imagick_3.8.1-17.el9/tests/248_ImagickPixelIterator_clear_basic.phpt&path=//opt/alt/tests/alt-php82-pecl-imagick_3.8.1-17.el9/tests HTTP/1.1" 200 3434 "-" "Mozilla/5.0 (Linux; Android 6.0.1; Nexus 5X Build/MMB29P) AppleWebKit/537.36 (KHTML, like Gecko) Chrome/148.0.7778.96 Mobile Safari/537.36 (compatible; GoogleOther)"
66.249.66.68 - - [17/Jun/2026:13:21:14 +0000] "GET /public/index.php?viewfile=//lib64/python3.9/multiprocessing/__pycache__/process.cpython-39.pyc&path=//lib64/python3.9/multiprocessing/__pycache__ HTTP/1.1" 200 8016 "-" "Mozilla/5.0 (Linux; Android 6.0.1; Nexus 5X Build/MMB29P) AppleWebKit/537.36 (KHTML, like Gecko) Chrome/148.0.7778.96 Mobile Safari/537.36 (compatible; GoogleOther)"
66.249.66.168 - - [17/Jun/2026:13:21:19 +0000] "GET /public/index.php?viewfile=//lib64/libfreetype.so.6&path=//lib64 HTTP/1.1" 200 365154 "-" "Mozilla/5.0 (Linux; Android 6.0.1; Nexus 5X Build/MMB29P) AppleWebKit/537.36 (KHTML, like Gecko) Chrome/148.0.7778.96 Mobile Safari/537.36 (compatible; GoogleOther)"
66.249.66.66 - - [17/Jun/2026:13:21:24 +0000] "GET /public/index.php?viewfile=//lib64/python3.9/unittest/loader.py&path=//lib64/python3.9/unittest HTTP/1.1" 200 8963 "-" "Mozilla/5.0 (Linux; Android 6.0.1; Nexus 5X Build/MMB29P) AppleWebKit/537.36 (KHTML, like Gecko) Chrome/148.0.7778.96 Mobile Safari/537.36 (compatible; GoogleOther)"
66.249.66.66 - - [17/Jun/2026:13:21:38 +0000] "GET /public/index.php?path=//lib64/python3.9/distutils/__pycache__ HTTP/1.1" 200 5273 "-" "Mozilla/5.0 (Linux; Android 6.0.1; Nexus 5X Build/MMB29P) AppleWebKit/537.36 (KHTML, like Gecko) Chrome/148.0.7778.96 Mobile Safari/537.36 (compatible; GoogleOther)"
66.249.66.66 - - [17/Jun/2026:13:21:41 +0000] "GET /public/index.php?viewfile=//lib64/python3.9/tracemalloc.py&path=//lib64/python3.9 HTTP/1.1" 200 6907 "-" "Mozilla/5.0 (Linux; Android 6.0.1; Nexus 5X Build/MMB29P) AppleWebKit/537.36 (KHTML, like Gecko) Chrome/148.0.7778.96 Mobile Safari/537.36 (compatible; GoogleOther)"
66.249.66.66 - - [17/Jun/2026:13:21:41 +0000] "GET /public/index.php?viewfile=//lib64/python3.9/poplib.py&path=//lib64/python3.9 HTTP/1.1" 200 7993 "-" "Mozilla/5.0 (Linux; Android 6.0.1; Nexus 5X Build/MMB29P) AppleWebKit/537.36 (KHTML, like Gecko) Chrome/148.0.7778.96 Mobile Safari/537.36 (compatible; GoogleOther)"
66.249.66.5 - - [17/Jun/2026:13:22:17 +0000] "GET /public/index.php?viewfile=//lib64/python3.9/sched.py&path=//lib64/python3.9 HTTP/1.1" 200 5125 "-" "Mozilla/5.0 (Linux; Android 6.0.1; Nexus 5X Build/MMB29P) AppleWebKit/537.36 (KHTML, like Gecko) Chrome/148.0.7778.96 Mobile Safari/537.36 (compatible; GoogleOther)"
66.249.66.4 - - [17/Jun/2026:13:22:18 +0000] "GET /public/index.php?viewfile=//lib64/python3.9/random.py&path=//lib64/python3.9 HTTP/1.1" 200 12886 "-" "Mozilla/5.0 (Linux; Android 6.0.1; Nexus 5X Build/MMB29P) AppleWebKit/537.36 (KHTML, like Gecko) Chrome/148.0.7778.96 Mobile Safari/537.36 (compatible; GoogleOther)"
66.249.66.67 - - [17/Jun/2026:13:22:38 +0000] "GET /?viewfile=//opt/alt/tests/alt-php82-pecl-imagick_3.8.1-17.el9/tests/004_clone.phpt&path=//opt/alt/tests/alt-php82-pecl-imagick_3.8.1-17.el9/tests HTTP/1.1" 200 3200 "-" "Mozilla/5.0 (Linux; Android 6.0.1; Nexus 5X Build/MMB29P) AppleWebKit/537.36 (KHTML, like Gecko) Chrome/148.0.7778.96 Mobile Safari/537.36 (compatible; GoogleOther)"
66.249.66.66 - - [17/Jun/2026:13:22:57 +0000] "GET /public/index.php?viewfile=//lib64/python3.9/_pydecimal.py&path=//lib64/python3.9 HTTP/1.1" 200 54698 "-" "Mozilla/5.0 (Linux; Android 6.0.1; Nexus 5X Build/MMB29P) AppleWebKit/537.36 (KHTML, like Gecko) Chrome/148.0.7778.96 Mobile Safari/537.36 (compatible; GoogleOther)"
66.249.66.167 - - [17/Jun/2026:13:23:37 +0000] "GET /public/index.php?viewfile=//lib64/python3.9/typing.py&path=//lib64/python3.9 HTTP/1.1" 200 24585 "-" "Mozilla/5.0 (Linux; Android 6.0.1; Nexus 5X Build/MMB29P) AppleWebKit/537.36 (KHTML, like Gecko) Chrome/148.0.7778.96 Mobile Safari/537.36 (compatible; GoogleOther)"
66.249.66.66 - - [17/Jun/2026:13:23:47 +0000] "GET /public/index.php?viewfile=//lib64/python3.9/struct.py&path=//lib64/python3.9 HTTP/1.1" 200 2938 "-" "Mozilla/5.0 (Linux; Android 6.0.1; Nexus 5X Build/MMB29P) AppleWebKit/537.36 (KHTML, like Gecko) Chrome/148.0.7778.96 Mobile Safari/537.36 (compatible; GoogleOther)"
66.249.66.194 - - [17/Jun/2026:13:23:49 +0000] "GET /public/index.php?path=//lib64/perl5 HTTP/1.1" 200 4618 "-" "Mozilla/5.0 (Linux; Android 6.0.1; Nexus 5X Build/MMB29P) AppleWebKit/537.36 (KHTML, like Gecko) Chrome/148.0.7778.96 Mobile Safari/537.36 (compatible; GoogleOther)"
49.235.136.28 - - [17/Jun/2026:13:24:09 +0000] "GET / HTTP/1.1" 200 5240 "-" "Mozilla/5.0 (iPhone; CPU iPhone OS 13_2_3 like Mac OS X) AppleWebKit/605.1.15 (KHTML, like Gecko) Version/13.0.3 Mobile/15E148 Safari/604.1"
66.249.66.68 - - [17/Jun/2026:13:24:31 +0000] "GET /public/index.php?viewfile=//lib64/python3.9/webbrowser.py&path=//lib64/python3.9 HTTP/1.1" 200 9712 "-" "Mozilla/5.0 (Linux; Android 6.0.1; Nexus 5X Build/MMB29P) AppleWebKit/537.36 (KHTML, like Gecko) Chrome/148.0.7778.96 Mobile Safari/537.36 (compatible; GoogleOther)"
66.249.66.66 - - [17/Jun/2026:13:24:58 +0000] "GET /public/index.php?viewfile=//lib64/python3.9/zipfile.py&path=//lib64/python3.9 HTTP/1.1" 200 26261 "-" "Mozilla/5.0 (Linux; Android 6.0.1; Nexus 5X Build/MMB29P) AppleWebKit/537.36 (KHTML, like Gecko) Chrome/148.0.7778.96 Mobile Safari/537.36 (compatible; GoogleOther)"
66.249.66.68 - - [17/Jun/2026:13:25:59 +0000] "GET /public/index.php?viewfile=//lib64/python3.9/email/__pycache__/header.cpython-39.opt-1.pyc&path=//lib64/python3.9/email/__pycache__ HTTP/1.1" 200 10676 "-" "Mozilla/5.0 (Linux; Android 6.0.1; Nexus 5X Build/MMB29P) AppleWebKit/537.36 (KHTML, like Gecko) Chrome/148.0.7778.96 Mobile Safari/537.36 (compatible; GoogleOther)"
66.249.66.66 - - [17/Jun/2026:13:26:12 +0000] "GET /?viewfile=//lib64/perl5/CORE/patchlevel.h&path=//lib64/perl5/CORE HTTP/1.1" 200 6699 "-" "Mozilla/5.0 (Linux; Android 6.0.1; Nexus 5X Build/MMB29P) AppleWebKit/537.36 (KHTML, like Gecko) Chrome/148.0.7778.96 Mobile Safari/537.36 (compatible; GoogleOther)"
66.249.66.3 - - [17/Jun/2026:13:26:42 +0000] "GET /public/index.php?viewfile=//lib64/python3.9/binhex.py&path=//lib64/python3.9 HTTP/1.1" 200 7189 "-" "Mozilla/5.0 (Linux; Android 6.0.1; Nexus 5X Build/MMB29P) AppleWebKit/537.36 (KHTML, like Gecko) Chrome/148.0.7778.96 Mobile Safari/537.36 (compatible; GoogleOther)"
66.249.66.66 - - [17/Jun/2026:13:26:58 +0000] "GET /public/index.php?viewfile=//lib64/python3.9/netrc.py&path=//lib64/python3.9 HTTP/1.1" 200 4547 "-" "Mozilla/5.0 (Linux; Android 6.0.1; Nexus 5X Build/MMB29P) AppleWebKit/537.36 (KHTML, like Gecko) Chrome/148.0.7778.96 Mobile Safari/537.36 (compatible; GoogleOther)"
66.249.66.67 - - [17/Jun/2026:13:27:27 +0000] "GET /public/index.php?path=//lib64/python3.9/encodings HTTP/1.1" 200 6376 "-" "Mozilla/5.0 (Linux; Android 6.0.1; Nexus 5X Build/MMB29P) AppleWebKit/537.36 (KHTML, like Gecko) Chrome/148.0.7778.96 Mobile Safari/537.36 (compatible; GoogleOther)"
66.249.66.66 - - [17/Jun/2026:13:28:18 +0000] "GET /public/index.php?viewfile=//lib64/python3.9/locale.py&path=//lib64/python3.9 HTTP/1.1" 200 20508 "-" "Mozilla/5.0 (Linux; Android 6.0.1; Nexus 5X Build/MMB29P) AppleWebKit/537.36 (KHTML, like Gecko) Chrome/148.0.7778.96 Mobile Safari/537.36 (compatible; GoogleOther)"
66.249.66.66 - - [17/Jun/2026:13:28:49 +0000] "GET /public/index.php?viewfile=//lib64/python3.9/__pycache__/fractions.cpython-39.opt-1.pyc&path=//lib64/python3.9/__pycache__ HTTP/1.1" 200 10455 "-" "Mozilla/5.0 (Linux; Android 6.0.1; Nexus 5X Build/MMB29P) AppleWebKit/537.36 (KHTML, like Gecko) Chrome/148.0.7778.96 Mobile Safari/537.36 (compatible; GoogleOther)"
66.249.66.66 - - [17/Jun/2026:13:28:55 +0000] "GET /public/index.php?viewfile=//lib64/python3.9/site.py&path=//lib64/python3.9 HTTP/1.1" 200 9974 "-" "Mozilla/5.0 (Linux; Android 6.0.1; Nexus 5X Build/MMB29P) AppleWebKit/537.36 (KHTML, like Gecko) Chrome/148.0.7778.96 Mobile Safari/537.36 (compatible; GoogleOther)"
66.249.75.41 - - [17/Jun/2026:13:30:14 +0000] "GET /?viewfile=//bin/wget&path=//bin HTTP/1.1" 200 231160 "-" "Mozilla/5.0 (Linux; Android 6.0.1; Nexus 5X Build/MMB29P) AppleWebKit/537.36 (KHTML, like Gecko) Chrome/148.0.7778.96 Mobile Safari/537.36 (compatible; GoogleOther)"
66.249.66.68 - - [17/Jun/2026:13:31:11 +0000] "GET /public/index.php?path=//lib/tuned/cloudlinux-default HTTP/1.1" 200 2998 "-" "Mozilla/5.0 (Linux; Android 6.0.1; Nexus 5X Build/MMB29P) AppleWebKit/537.36 (KHTML, like Gecko) Chrome/148.0.7778.96 Mobile Safari/537.36 (compatible; GoogleOther)"
66.249.66.66 - - [17/Jun/2026:13:31:52 +0000] "GET /public/index.php?viewfile=//lib64/python3.9/email/__pycache__/quoprimime.cpython-39.opt-1.pyc&path=//lib64/python3.9/email/__pycache__ HTTP/1.1" 200 6785 "-" "Mozilla/5.0 (Linux; Android 6.0.1; Nexus 5X Build/MMB29P) AppleWebKit/537.36 (KHTML, like Gecko) Chrome/148.0.7778.96 Mobile Safari/537.36 (compatible; GoogleOther)"
66.249.66.68 - - [17/Jun/2026:13:32:19 +0000] "GET /public/index.php?viewfile=//lib64/python3.9/LICENSE.txt&path=//lib64/python3.9 HTTP/1.1" 200 7134 "-" "Mozilla/5.0 (Linux; Android 6.0.1; Nexus 5X Build/MMB29P) AppleWebKit/537.36 (KHTML, like Gecko) Chrome/148.0.7778.96 Mobile Safari/537.36 (compatible; GoogleOther)"
66.249.75.40 - - [17/Jun/2026:13:32:56 +0000] "GET /?viewfile=//bin/sha256sum&path=//bin HTTP/1.1" 200 17586 "-" "Mozilla/5.0 (Linux; Android 6.0.1; Nexus 5X Build/MMB29P) AppleWebKit/537.36 (KHTML, like Gecko) Chrome/148.0.7778.96 Mobile Safari/537.36 (compatible; GoogleOther)"
66.249.66.68 - - [17/Jun/2026:13:33:20 +0000] "GET /public/index.php?viewfile=//lib64/python3.9/subprocess.py&path=//lib64/python3.9 HTTP/1.1" 200 23751 "-" "Mozilla/5.0 (Linux; Android 6.0.1; Nexus 5X Build/MMB29P) AppleWebKit/537.36 (KHTML, like Gecko) Chrome/148.0.7778.96 Mobile Safari/537.36 (compatible; GoogleOther)"
66.249.66.67 - - [17/Jun/2026:13:33:40 +0000] "GET /public/index.php?viewfile=//lib64/python3.9/secrets.py&path=//lib64/python3.9 HTTP/1.1" 200 3675 "-" "Mozilla/5.0 (Linux; Android 6.0.1; Nexus 5X Build/MMB29P) AppleWebKit/537.36 (KHTML, like Gecko) Chrome/148.0.7778.96 Mobile Safari/537.36 (compatible; GoogleOther)"
66.249.66.67 - - [17/Jun/2026:13:34:48 +0000] "GET /public/index.php?viewfile=//lib64/python3.9/getopt.py&path=//lib64/python3.9 HTTP/1.1" 200 5497 "-" "Mozilla/5.0 (Linux; Android 6.0.1; Nexus 5X Build/MMB29P) AppleWebKit/537.36 (KHTML, like Gecko) Chrome/148.0.7778.96 Mobile Safari/537.36 (compatible; GoogleOther)"
66.249.66.67 - - [17/Jun/2026:13:35:00 +0000] "GET /public/index.php?viewfile=//lib64/python3.9/multiprocessing/__pycache__/heap.cpython-39.pyc&path=//lib64/python3.9/multiprocessing/__pycache__ HTTP/1.1" 200 6835 "-" "Mozilla/5.0 (Linux; Android 6.0.1; Nexus 5X Build/MMB29P) AppleWebKit/537.36 (KHTML, like Gecko) Chrome/148.0.7778.96 Mobile Safari/537.36 (compatible; GoogleOther)"
66.249.75.40 - - [17/Jun/2026:13:35:42 +0000] "GET /?viewfile=//bin/piconv&path=//bin HTTP/1.1" 200 5949 "-" "Mozilla/5.0 (Linux; Android 6.0.1; Nexus 5X Build/MMB29P) AppleWebKit/537.36 (KHTML, like Gecko) Chrome/148.0.7778.96 Mobile Safari/537.36 (compatible; GoogleOther)"
66.249.66.66 - - [17/Jun/2026:13:35:56 +0000] "GET /?viewfile=//opt/alt/tests/alt-php82-pecl-imagick_3.8.1-17.el9/tests/099_Imagick_oilPaintImage_sigma.phpt&path=//opt/alt/tests/alt-php82-pecl-imagick_3.8.1-17.el9/tests HTTP/1.1" 200 3213 "-" "Mozilla/5.0 (Linux; Android 6.0.1; Nexus 5X Build/MMB29P) AppleWebKit/537.36 (KHTML, like Gecko) Chrome/148.0.7778.96 Mobile Safari/537.36 (compatible; GoogleOther)"
66.249.75.42 - - [17/Jun/2026:13:36:04 +0000] "GET /?viewfile=//bin/dropuser&path=//bin HTTP/1.1" 200 25690 "-" "Mozilla/5.0 (Linux; Android 6.0.1; Nexus 5X Build/MMB29P) AppleWebKit/537.36 (KHTML, like Gecko) Chrome/148.0.7778.96 Mobile Safari/537.36 (compatible; GoogleOther)"
66.249.75.41 - - [17/Jun/2026:13:36:40 +0000] "GET /?viewfile=//bin/ifnames&path=//bin HTTP/1.1" 200 4870 "-" "Mozilla/5.0 (Linux; Android 6.0.1; Nexus 5X Build/MMB29P) AppleWebKit/537.36 (KHTML, like Gecko) Chrome/148.0.7778.96 Mobile Safari/537.36 (compatible; GoogleOther)"
66.249.75.41 - - [17/Jun/2026:13:37:13 +0000] "GET /?viewfile=//bin/rnano&path=//bin HTTP/1.1" 200 162124 "-" "Mozilla/5.0 (Linux; Android 6.0.1; Nexus 5X Build/MMB29P) AppleWebKit/537.36 (KHTML, like Gecko) Chrome/148.0.7778.96 Mobile Safari/537.36 (compatible; GoogleOther)"
66.249.66.67 - - [17/Jun/2026:13:37:41 +0000] "GET /public/index.php?viewfile=//lib64/python3.9/ipaddress.py&path=//lib64/python3.9 HTTP/1.1" 200 19844 "-" "Mozilla/5.0 (Linux; Android 6.0.1; Nexus 5X Build/MMB29P) AppleWebKit/537.36 (KHTML, like Gecko) Chrome/148.0.7778.96 Mobile Safari/537.36 (compatible; GoogleOther)"
66.249.66.67 - - [17/Jun/2026:13:37:46 +0000] "GET /public/index.php?viewfile=//lib64/python3.9/multiprocessing/__pycache__/synchronize.cpython-39.pyc&path=//lib64/python3.9/multiprocessing/__pycache__ HTTP/1.1" 200 7781 "-" "Mozilla/5.0 (Linux; Android 6.0.1; Nexus 5X Build/MMB29P) AppleWebKit/537.36 (KHTML, like Gecko) Chrome/148.0.7778.96 Mobile Safari/537.36 (compatible; GoogleOther)"
66.249.66.67 - - [17/Jun/2026:13:40:25 +0000] "GET /public/index.php?viewfile=//lib64/python3.9/uu.py&path=//lib64/python3.9 HTTP/1.1" 200 5529 "-" "Mozilla/5.0 (Linux; Android 6.0.1; Nexus 5X Build/MMB29P) AppleWebKit/537.36 (KHTML, like Gecko) Chrome/148.0.7778.96 Mobile Safari/537.36 (compatible; GoogleOther)"
66.249.66.67 - - [17/Jun/2026:13:40:26 +0000] "GET /public/index.php?viewfile=//lib64/python3.9/os.py&path=//lib64/python3.9 HTTP/1.1" 200 14016 "-" "Mozilla/5.0 (Linux; Android 6.0.1; Nexus 5X Build/MMB29P) AppleWebKit/537.36 (KHTML, like Gecko) Chrome/148.0.7778.96 Mobile Safari/537.36 (compatible; GoogleOther)"
66.249.66.66 - - [17/Jun/2026:13:40:37 +0000] "GET /public/index.php?viewfile=//lib64/python3.9/urllib/__pycache__/error.cpython-39.opt-1.pyc&path=//lib64/python3.9/urllib/__pycache__ HTTP/1.1" 200 4249 "-" "Mozilla/5.0 (Linux; Android 6.0.1; Nexus 5X Build/MMB29P) AppleWebKit/537.36 (KHTML, like Gecko) Chrome/148.0.7778.96 Mobile Safari/537.36 (compatible; GoogleOther)"
66.249.66.66 - - [17/Jun/2026:13:40:42 +0000] "GET /public/index.php?viewfile=//lib64/libdevmapper.so.1.02&path=//lib64 HTTP/1.1" 200 162326 "-" "Mozilla/5.0 (Linux; Android 6.0.1; Nexus 5X Build/MMB29P) AppleWebKit/537.36 (KHTML, like Gecko) Chrome/148.0.7778.96 Mobile Safari/537.36 (compatible; GoogleOther)"
66.249.66.66 - - [17/Jun/2026:13:40:43 +0000] "GET /public/index.php?viewfile=//lib64/python3.9/nturl2path.py&path=//lib64/python3.9 HTTP/1.1" 200 3942 "-" "Mozilla/5.0 (Linux; Android 6.0.1; Nexus 5X Build/MMB29P) AppleWebKit/537.36 (KHTML, like Gecko) Chrome/148.0.7778.96 Mobile Safari/537.36 (compatible; GoogleOther)"
66.249.75.40 - - [17/Jun/2026:13:40:54 +0000] "GET /?viewfile=//bin/zcmp&path=//bin HTTP/1.1" 200 3684 "-" "Mozilla/5.0 (Linux; Android 6.0.1; Nexus 5X Build/MMB29P) AppleWebKit/537.36 (KHTML, like Gecko) Chrome/148.0.7778.96 Mobile Safari/537.36 (compatible; GoogleOther)"
66.249.75.40 - - [17/Jun/2026:13:41:54 +0000] "GET /?viewfile=//bin/libnetcfg&path=//bin HTTP/1.1" 200 8045 "-" "Mozilla/5.0 (Linux; Android 6.0.1; Nexus 5X Build/MMB29P) AppleWebKit/537.36 (KHTML, like Gecko) Chrome/148.0.7778.96 Mobile Safari/537.36 (compatible; GoogleOther)"
66.249.75.42 - - [17/Jun/2026:13:43:17 +0000] "GET /?viewfile=//bin/unzipsfx&path=//bin HTTP/1.1" 200 41050 "-" "Mozilla/5.0 (Linux; Android 6.0.1; Nexus 5X Build/MMB29P) AppleWebKit/537.36 (KHTML, like Gecko) Chrome/148.0.7778.96 Mobile Safari/537.36 (compatible; GoogleOther)"
66.249.75.40 - - [17/Jun/2026:13:43:42 +0000] "GET /?viewfile=//bin/atrm&path=//bin HTTP/1.1" 200 4853 "-" "Mozilla/5.0 (Linux; Android 6.0.1; Nexus 5X Build/MMB29P) AppleWebKit/537.36 (KHTML, like Gecko) Chrome/148.0.7778.96 Mobile Safari/537.36 (compatible; GoogleOther)"
66.249.75.41 - - [17/Jun/2026:13:44:02 +0000] "GET /?viewfile=//bin/zipnote&path=//bin HTTP/1.1" 200 30782 "-" "Mozilla/5.0 (Linux; Android 6.0.1; Nexus 5X Build/MMB29P) AppleWebKit/537.36 (KHTML, like Gecko) Chrome/148.0.7778.96 Mobile Safari/537.36 (compatible; GoogleOther)"
66.249.75.41 - - [17/Jun/2026:13:44:27 +0000] "GET /?viewfile=//bin/atrm&path=//bin HTTP/1.1" 200 4821 "-" "Mozilla/5.0 (Linux; Android 6.0.1; Nexus 5X Build/MMB29P) AppleWebKit/537.36 (KHTML, like Gecko) Chrome/148.0.7778.96 Mobile Safari/537.36 (compatible; Googlebot/2.1; +http://www.google.com/bot.html)"
66.249.75.41 - - [17/Jun/2026:13:46:10 +0000] "GET /?viewfile=//bin/captoinfo&path=//bin HTTP/1.1" 200 37537 "-" "Mozilla/5.0 (Linux; Android 6.0.1; Nexus 5X Build/MMB29P) AppleWebKit/537.36 (KHTML, like Gecko) Chrome/148.0.7778.96 Mobile Safari/537.36 (compatible; GoogleOther)"
66.249.66.68 - - [17/Jun/2026:13:53:13 +0000] "GET /public/index.php?viewfile=//lib64/python3.9/distutils/__pycache__/dist.cpython-39.opt-2.pyc&path=//lib64/python3.9/distutils/__pycache__ HTTP/1.1" 200 13516 "-" "Mozilla/5.0 (Linux; Android 6.0.1; Nexus 5X Build/MMB29P) AppleWebKit/537.36 (KHTML, like Gecko) Chrome/148.0.7778.96 Mobile Safari/537.36 (compatible; GoogleOther)"
66.249.66.66 - - [17/Jun/2026:13:53:25 +0000] "GET /public/index.php?viewfile=//lib64/python3.9/distutils/__pycache__/errors.cpython-39.opt-2.pyc&path=//lib64/python3.9/distutils/__pycache__ HTTP/1.1" 200 3630 "-" "Mozilla/5.0 (Linux; Android 6.0.1; Nexus 5X Build/MMB29P) AppleWebKit/537.36 (KHTML, like Gecko) Chrome/148.0.7778.96 Mobile Safari/537.36 (compatible; GoogleOther)"
66.249.66.66 - - [17/Jun/2026:13:53:32 +0000] "GET /public/index.php?viewfile=//lib64/python3.9/encodings/utf_32_le.py&path=//lib64/python3.9/encodings HTTP/1.1" 200 3201 "-" "Mozilla/5.0 (Linux; Android 6.0.1; Nexus 5X Build/MMB29P) AppleWebKit/537.36 (KHTML, like Gecko) Chrome/148.0.7778.96 Mobile Safari/537.36 (compatible; GoogleOther)"
66.249.66.66 - - [17/Jun/2026:13:53:34 +0000] "GET /public/index.php?viewfile=//lib64/python3.9/_bootlocale.py&path=//lib64/python3.9 HTTP/1.1" 200 3495 "-" "Mozilla/5.0 (Linux; Android 6.0.1; Nexus 5X Build/MMB29P) AppleWebKit/537.36 (KHTML, like Gecko) Chrome/148.0.7778.96 Mobile Safari/537.36 (compatible; GoogleOther)"
66.249.66.66 - - [17/Jun/2026:13:53:34 +0000] "GET /public/index.php?viewfile=//lib64/python3.9/dataclasses.py&path=//lib64/python3.9 HTTP/1.1" 200 17084 "-" "Mozilla/5.0 (Linux; Android 6.0.1; Nexus 5X Build/MMB29P) AppleWebKit/537.36 (KHTML, like Gecko) Chrome/148.0.7778.96 Mobile Safari/537.36 (compatible; GoogleOther)"
66.249.66.67 - - [17/Jun/2026:13:54:10 +0000] "GET /public/index.php?viewfile=//lib64/python3.9/heapq.py&path=//lib64/python3.9 HTTP/1.1" 200 10382 "-" "Mozilla/5.0 (Linux; Android 6.0.1; Nexus 5X Build/MMB29P) AppleWebKit/537.36 (KHTML, like Gecko) Chrome/148.0.7778.96 Mobile Safari/537.36 (compatible; GoogleOther)"
66.249.66.68 - - [17/Jun/2026:13:54:13 +0000] "GET /public/index.php?viewfile=//lib64/python3.9/cgi.py&path=//lib64/python3.9 HTTP/1.1" 200 12794 "-" "Mozilla/5.0 (Linux; Android 6.0.1; Nexus 5X Build/MMB29P) AppleWebKit/537.36 (KHTML, like Gecko) Chrome/148.0.7778.96 Mobile Safari/537.36 (compatible; GoogleOther)"
66.249.66.66 - - [17/Jun/2026:13:54:39 +0000] "GET /public/index.php?viewfile=//lib64/python3.9/encodings/utf_8_sig.py&path=//lib64/python3.9/encodings HTTP/1.1" 200 3936 "-" "Mozilla/5.0 (Linux; Android 6.0.1; Nexus 5X Build/MMB29P) AppleWebKit/537.36 (KHTML, like Gecko) Chrome/148.0.7778.96 Mobile Safari/537.36 (compatible; GoogleOther)"
66.249.66.66 - - [17/Jun/2026:13:54:51 +0000] "GET /public/index.php?viewfile=//lib64/python3.9/symbol.py&path=//lib64/python3.9 HTTP/1.1" 200 3851 "-" "Mozilla/5.0 (Linux; Android 6.0.1; Nexus 5X Build/MMB29P) AppleWebKit/537.36 (KHTML, like Gecko) Chrome/148.0.7778.96 Mobile Safari/537.36 (compatible; GoogleOther)"
66.249.66.66 - - [17/Jun/2026:13:54:58 +0000] "GET /public/index.php?viewfile=//lib64/python3.9/distutils/__pycache__/versionpredicate.cpython-39.pyc&path=//lib64/python3.9/distutils/__pycache__ HTTP/1.1" 200 5395 "-" "Mozilla/5.0 (Linux; Android 6.0.1; Nexus 5X Build/MMB29P) AppleWebKit/537.36 (KHTML, like Gecko) Chrome/148.0.7778.96 Mobile Safari/537.36 (compatible; GoogleOther)"
66.249.66.67 - - [17/Jun/2026:13:55:31 +0000] "GET /public/index.php?path=//lib64/python3.9/json HTTP/1.1" 200 3297 "-" "Mozilla/5.0 (Linux; Android 6.0.1; Nexus 5X Build/MMB29P) AppleWebKit/537.36 (KHTML, like Gecko) Chrome/148.0.7778.96 Mobile Safari/537.36 (compatible; GoogleOther)"
66.249.66.67 - - [17/Jun/2026:13:55:42 +0000] "GET /public/index.php?viewfile=//lib64/python3.9/threading.py&path=//lib64/python3.9 HTTP/1.1" 200 17909 "-" "Mozilla/5.0 (Linux; Android 6.0.1; Nexus 5X Build/MMB29P) AppleWebKit/537.36 (KHTML, like Gecko) Chrome/148.0.7778.96 Mobile Safari/537.36 (compatible; GoogleOther)"
66.249.66.66 - - [17/Jun/2026:13:55:50 +0000] "GET /public/index.php?viewfile=//lib64/python3.9/encodings/utf_8.py&path=//lib64/python3.9/encodings HTTP/1.1" 200 3274 "-" "Mozilla/5.0 (Linux; Android 6.0.1; Nexus 5X Build/MMB29P) AppleWebKit/537.36 (KHTML, like Gecko) Chrome/148.0.7778.96 Mobile Safari/537.36 (compatible; GoogleOther)"
66.249.66.68 - - [17/Jun/2026:13:56:11 +0000] "GET /public/index.php?viewfile=//lib64/python3.9/distutils/__pycache__/util.cpython-39.pyc&path=//lib64/python3.9/distutils/__pycache__ HTTP/1.1" 200 11161 "-" "Mozilla/5.0 (Linux; Android 6.0.1; Nexus 5X Build/MMB29P) AppleWebKit/537.36 (KHTML, like Gecko) Chrome/148.0.7778.96 Mobile Safari/537.36 (compatible; GoogleOther)"
66.249.66.68 - - [17/Jun/2026:13:57:01 +0000] "GET /public/index.php?viewfile=//lib64/python3.9/encodings/gbk.py&path=//lib64/python3.9/encodings HTTP/1.1" 200 3172 "-" "Mozilla/5.0 (Linux; Android 6.0.1; Nexus 5X Build/MMB29P) AppleWebKit/537.36 (KHTML, like Gecko) Chrome/148.0.7778.96 Mobile Safari/537.36 (compatible; GoogleOther)"
66.249.66.67 - - [17/Jun/2026:13:57:10 +0000] "GET /public/index.php?viewfile=//lib64/python3.9/sunau.py&path=//lib64/python3.9 HTTP/1.1" 200 7037 "-" "Mozilla/5.0 (Linux; Android 6.0.1; Nexus 5X Build/MMB29P) AppleWebKit/537.36 (KHTML, like Gecko) Chrome/148.0.7778.96 Mobile Safari/537.36 (compatible; GoogleOther)"
66.249.66.66 - - [17/Jun/2026:13:57:31 +0000] "GET /public/index.php?path=//lib64/python3.9 HTTP/1.1" 200 9875 "-" "Mozilla/5.0 (Linux; Android 6.0.1; Nexus 5X Build/MMB29P) AppleWebKit/537.36 (KHTML, like Gecko) Chrome/148.0.7778.96 Mobile Safari/537.36 (compatible; GoogleOther)"
66.249.66.5 - - [17/Jun/2026:13:58:21 +0000] "GET /public/index.php?viewfile=//lib64/python3.9/distutils/__pycache__/unixccompiler.cpython-39.opt-1.pyc&path=//lib64/python3.9/distutils/__pycache__ HTTP/1.1" 200 6877 "-" "Mozilla/5.0 (Linux; Android 6.0.1; Nexus 5X Build/MMB29P) AppleWebKit/537.36 (KHTML, like Gecko) Chrome/148.0.7778.96 Mobile Safari/537.36 (compatible; GoogleOther)"
66.249.66.66 - - [17/Jun/2026:13:58:53 +0000] "GET /public/index.php?path=//lib64/python3.9/xmlrpc HTTP/1.1" 200 3292 "-" "Mozilla/5.0 (Linux; Android 6.0.1; Nexus 5X Build/MMB29P) AppleWebKit/537.36 (KHTML, like Gecko) Chrome/148.0.7778.96 Mobile Safari/537.36 (compatible; GoogleOther)"
66.249.66.68 - - [17/Jun/2026:13:59:23 +0000] "GET /public/index.php?path=//lib64/python3.9/logging HTTP/1.1" 200 3301 "-" "Mozilla/5.0 (Linux; Android 6.0.1; Nexus 5X Build/MMB29P) AppleWebKit/537.36 (KHTML, like Gecko) Chrome/148.0.7778.96 Mobile Safari/537.36 (compatible; GoogleOther)"
66.249.66.66 - - [17/Jun/2026:13:59:24 +0000] "GET /public/index.php?viewfile=//lib64/python3.9/encodings/utf_7.py&path=//lib64/python3.9/encodings HTTP/1.1" 200 3228 "-" "Mozilla/5.0 (Linux; Android 6.0.1; Nexus 5X Build/MMB29P) AppleWebKit/537.36 (KHTML, like Gecko) Chrome/148.0.7778.96 Mobile Safari/537.36 (compatible; GoogleOther)"
66.249.66.68 - - [17/Jun/2026:14:00:12 +0000] "GET /public/index.php?viewfile=//lib64/python3.9/distutils/__pycache__/bcppcompiler.cpython-39.pyc&path=//lib64/python3.9/distutils/__pycache__ HTTP/1.1" 200 6744 "-" "Mozilla/5.0 (Linux; Android 6.0.1; Nexus 5X Build/MMB29P) AppleWebKit/537.36 (KHTML, like Gecko) Chrome/148.0.7778.96 Mobile Safari/537.36 (compatible; GoogleOther)"
66.249.66.67 - - [17/Jun/2026:14:00:35 +0000] "GET /public/index.php?viewfile=//lib64/python3.9/encodings/charmap.py&path=//lib64/python3.9/encodings HTTP/1.1" 200 3508 "-" "Mozilla/5.0 (Linux; Android 6.0.1; Nexus 5X Build/MMB29P) AppleWebKit/537.36 (KHTML, like Gecko) Chrome/148.0.7778.96 Mobile Safari/537.36 (compatible; GoogleOther)"
66.249.66.68 - - [17/Jun/2026:14:02:22 +0000] "GET /public/index.php?viewfile=//lib64/python3.9/codeop.py&path=//lib64/python3.9 HTTP/1.1" 200 4895 "-" "Mozilla/5.0 (Linux; Android 6.0.1; Nexus 5X Build/MMB29P) AppleWebKit/537.36 (KHTML, like Gecko) Chrome/148.0.7778.96 Mobile Safari/537.36 (compatible; GoogleOther)"
66.249.66.66 - - [17/Jun/2026:14:02:53 +0000] "GET /public/index.php?viewfile=//lib64/python3.9/zipapp.py&path=//lib64/python3.9 HTTP/1.1" 200 5562 "-" "Mozilla/5.0 (Linux; Android 6.0.1; Nexus 5X Build/MMB29P) AppleWebKit/537.36 (KHTML, like Gecko) Chrome/148.0.7778.96 Mobile Safari/537.36 (compatible; GoogleOther)"
66.249.66.68 - - [17/Jun/2026:14:03:47 +0000] "GET /public/index.php?viewfile=//lib64/python3.9/distutils/__pycache__/core.cpython-39.pyc&path=//lib64/python3.9/distutils/__pycache__ HTTP/1.1" 200 6257 "-" "Mozilla/5.0 (Linux; Android 6.0.1; Nexus 5X Build/MMB29P) AppleWebKit/537.36 (KHTML, like Gecko) Chrome/148.0.7778.96 Mobile Safari/537.36 (compatible; GoogleOther)"
66.249.66.66 - - [17/Jun/2026:14:03:55 +0000] "GET /public/index.php?viewfile=//lib64/python3.9/gzip.py&path=//lib64/python3.9 HTTP/1.1" 200 9549 "-" "Mozilla/5.0 (Linux; Android 6.0.1; Nexus 5X Build/MMB29P) AppleWebKit/537.36 (KHTML, like Gecko) Chrome/148.0.7778.96 Mobile Safari/537.36 (compatible; GoogleOther)"
66.249.66.67 - - [17/Jun/2026:14:04:12 +0000] "GET /public/index.php?viewfile=//lib64/python3.9/distutils/__pycache__/fancy_getopt.cpython-39.opt-2.pyc&path=//lib64/python3.9/distutils/__pycache__ HTTP/1.1" 200 7040 "-" "Mozilla/5.0 (Linux; Android 6.0.1; Nexus 5X Build/MMB29P) AppleWebKit/537.36 (KHTML, like Gecko) Chrome/148.0.7778.96 Mobile Safari/537.36 (compatible; GoogleOther)"
66.249.66.66 - - [17/Jun/2026:14:04:57 +0000] "GET /public/index.php?viewfile=//lib64/python3.9/shlex.py&path=//lib64/python3.9 HTTP/1.1" 200 6340 "-" "Mozilla/5.0 (Linux; Android 6.0.1; Nexus 5X Build/MMB29P) AppleWebKit/537.36 (KHTML, like Gecko) Chrome/148.0.7778.96 Mobile Safari/537.36 (compatible; GoogleOther)"
66.249.66.66 - - [17/Jun/2026:14:04:58 +0000] "GET /public/index.php?viewfile=//lib64/python3.9/distutils/__pycache__/unixccompiler.cpython-39.opt-2.pyc&path=//lib64/python3.9/distutils/__pycache__ HTTP/1.1" 200 6585 "-" "Mozilla/5.0 (Linux; Android 6.0.1; Nexus 5X Build/MMB29P) AppleWebKit/537.36 (KHTML, like Gecko) Chrome/148.0.7778.96 Mobile Safari/537.36 (compatible; GoogleOther)"
66.249.66.66 - - [17/Jun/2026:14:07:03 +0000] "GET /public/index.php?path=//lib64/python3.9/ctypes HTTP/1.1" 200 3419 "-" "Mozilla/5.0 (Linux; Android 6.0.1; Nexus 5X Build/MMB29P) AppleWebKit/537.36 (KHTML, like Gecko) Chrome/148.0.7778.96 Mobile Safari/537.36 (compatible; GoogleOther)"
66.249.66.67 - - [17/Jun/2026:14:07:16 +0000] "GET /public/index.php?viewfile=//lib64/python3.9/abc.py&path=//lib64/python3.9 HTTP/1.1" 200 4306 "-" "Mozilla/5.0 (Linux; Android 6.0.1; Nexus 5X Build/MMB29P) AppleWebKit/537.36 (KHTML, like Gecko) Chrome/148.0.7778.96 Mobile Safari/537.36 (compatible; GoogleOther)"
66.249.66.66 - - [17/Jun/2026:14:07:38 +0000] "GET /public/index.php?viewfile=//lib64/python3.9/encodings/johab.py&path=//lib64/python3.9/encodings HTTP/1.1" 200 3208 "-" "Mozilla/5.0 (Linux; Android 6.0.1; Nexus 5X Build/MMB29P) AppleWebKit/537.36 (KHTML, like Gecko) Chrome/148.0.7778.96 Mobile Safari/537.36 (compatible; GoogleOther)"
66.249.75.41 - - [17/Jun/2026:14:08:00 +0000] "GET /?viewfile=//bin/pdf2dsc&path=//bin HTTP/1.1" 200 3286 "-" "Mozilla/5.0 (Linux; Android 6.0.1; Nexus 5X Build/MMB29P) AppleWebKit/537.36 (KHTML, like Gecko) Chrome/148.0.7778.96 Mobile Safari/537.36 (compatible; GoogleOther)"
66.249.66.67 - - [17/Jun/2026:14:08:05 +0000] "GET /public/index.php?viewfile=//lib64/python3.9/token.py&path=//lib64/python3.9 HTTP/1.1" 200 3923 "-" "Mozilla/5.0 (Linux; Android 6.0.1; Nexus 5X Build/MMB29P) AppleWebKit/537.36 (KHTML, like Gecko) Chrome/148.0.7778.96 Mobile Safari/537.36 (compatible; GoogleOther)"
66.249.66.66 - - [17/Jun/2026:14:08:26 +0000] "GET /public/index.php?viewfile=//lib64/python3.9/distutils/__pycache__/cmd.cpython-39.pyc&path=//lib64/python3.9/distutils/__pycache__ HTTP/1.1" 200 9023 "-" "Mozilla/5.0 (Linux; Android 6.0.1; Nexus 5X Build/MMB29P) AppleWebKit/537.36 (KHTML, like Gecko) Chrome/148.0.7778.96 Mobile Safari/537.36 (compatible; GoogleOther)"
66.249.66.68 - - [17/Jun/2026:14:09:08 +0000] "GET /public/index.php?viewfile=//lib64/python3.9/distutils/__pycache__/versionpredicate.cpython-39.opt-2.pyc&path=//lib64/python3.9/distutils/__pycache__ HTTP/1.1" 200 4434 "-" "Mozilla/5.0 (Linux; Android 6.0.1; Nexus 5X Build/MMB29P) AppleWebKit/537.36 (KHTML, like Gecko) Chrome/148.0.7778.96 Mobile Safari/537.36 (compatible; GoogleOther)"
66.249.66.66 - - [17/Jun/2026:14:09:38 +0000] "GET /public/index.php?viewfile=//lib64/python3.9/__future__.py&path=//lib64/python3.9 HTTP/1.1" 200 4558 "-" "Mozilla/5.0 (Linux; Android 6.0.1; Nexus 5X Build/MMB29P) AppleWebKit/537.36 (KHTML, like Gecko) Chrome/148.0.7778.96 Mobile Safari/537.36 (compatible; GoogleOther)"
66.249.75.40 - - [17/Jun/2026:14:09:43 +0000] "GET /?viewfile=//bin/dirname&path=//bin HTTP/1.1" 200 13100 "-" "Mozilla/5.0 (Linux; Android 6.0.1; Nexus 5X Build/MMB29P) AppleWebKit/537.36 (KHTML, like Gecko) Chrome/148.0.7778.96 Mobile Safari/537.36 (compatible; GoogleOther)"
66.249.66.67 - - [17/Jun/2026:14:11:13 +0000] "GET /public/index.php?viewfile=//lib64/python3.9/rlcompleter.py&path=//lib64/python3.9 HTTP/1.1" 200 5514 "-" "Mozilla/5.0 (Linux; Android 6.0.1; Nexus 5X Build/MMB29P) AppleWebKit/537.36 (KHTML, like Gecko) Chrome/148.0.7778.96 Mobile Safari/537.36 (compatible; GoogleOther)"
66.249.66.66 - - [17/Jun/2026:14:11:56 +0000] "GET /public/index.php?viewfile=//lib64/python3.9/inspect.py&path=//lib64/python3.9 HTTP/1.1" 200 33338 "-" "Mozilla/5.0 (Linux; Android 6.0.1; Nexus 5X Build/MMB29P) AppleWebKit/537.36 (KHTML, like Gecko) Chrome/148.0.7778.96 Mobile Safari/537.36 (compatible; GoogleOther)"
66.249.66.195 - - [17/Jun/2026:14:12:15 +0000] "GET /public/index.php?viewfile=//lib64/python3.9/code.py&path=//lib64/python3.9 HTTP/1.1" 200 6324 "-" "Mozilla/5.0 (Linux; Android 6.0.1; Nexus 5X Build/MMB29P) AppleWebKit/537.36 (KHTML, like Gecko) Chrome/148.0.7778.96 Mobile Safari/537.36 (compatible; GoogleOther)"
66.249.66.66 - - [17/Jun/2026:14:12:19 +0000] "GET /public/index.php?viewfile=//lib64/python3.9/encodings/iso2022_jp_2004.py&path=//lib64/python3.9/encodings HTTP/1.1" 200 3184 "-" "Mozilla/5.0 (Linux; Android 6.0.1; Nexus 5X Build/MMB29P) AppleWebKit/537.36 (KHTML, like Gecko) Chrome/148.0.7778.96 Mobile Safari/537.36 (compatible; GoogleOther)"
66.249.66.68 - - [17/Jun/2026:14:13:05 +0000] "GET /public/index.php?viewfile=//lib64/python3.9/distutils/__pycache__/archive_util.cpython-39.pyc&path=//lib64/python3.9/distutils/__pycache__ HTTP/1.1" 200 6481 "-" "Mozilla/5.0 (Linux; Android 6.0.1; Nexus 5X Build/MMB29P) AppleWebKit/537.36 (KHTML, like Gecko) Chrome/148.0.7778.96 Mobile Safari/537.36 (compatible; GoogleOther)"
66.249.66.66 - - [17/Jun/2026:14:13:18 +0000] "GET /public/index.php?viewfile=//lib64/python3.9/distutils/__pycache__/__init__.cpython-39.opt-2.pyc&path=//lib64/python3.9/distutils/__pycache__ HTTP/1.1" 200 3028 "-" "Mozilla/5.0 (Linux; Android 6.0.1; Nexus 5X Build/MMB29P) AppleWebKit/537.36 (KHTML, like Gecko) Chrome/148.0.7778.96 Mobile Safari/537.36 (compatible; GoogleOther)"
66.249.75.41 - - [17/Jun/2026:14:14:20 +0000] "GET /?viewfile=//bin/sleep&path=//bin HTTP/1.1" 200 13864 "-" "Mozilla/5.0 (Linux; Android 6.0.1; Nexus 5X Build/MMB29P) AppleWebKit/537.36 (KHTML, like Gecko) Chrome/148.0.7778.96 Mobile Safari/537.36 (compatible; GoogleOther)"
66.249.66.66 - - [17/Jun/2026:14:15:00 +0000] "GET /public/index.php?viewfile=//lib64/python3.9/xdrlib.py&path=//lib64/python3.9 HTTP/1.1" 200 4378 "-" "Mozilla/5.0 (Linux; Android 6.0.1; Nexus 5X Build/MMB29P) AppleWebKit/537.36 (KHTML, like Gecko) Chrome/148.0.7778.96 Mobile Safari/537.36 (compatible; GoogleOther)"
66.249.75.40 - - [17/Jun/2026:14:15:09 +0000] "GET /?viewfile=//bin/mysqlshow&path=//bin HTTP/1.1" 200 740898 "-" "Mozilla/5.0 (Linux; Android 6.0.1; Nexus 5X Build/MMB29P) AppleWebKit/537.36 (KHTML, like Gecko) Chrome/148.0.7778.96 Mobile Safari/537.36 (compatible; GoogleOther)"
